CRAN Package Check Results for Package ACDm

Last updated on 2022-07-02 07:06:52 CEST.

Flavor Version Tinstall Tcheck Ttotal Status Flags
r-devel-linux-x86_64-debian-clang 1.0.4 20.11 100.67 120.78 NOTE
r-devel-linux-x86_64-debian-gcc 1.0.4 15.19 73.28 88.47 NOTE
r-devel-linux-x86_64-fedora-clang 1.0.4 152.30 NOTE
r-devel-linux-x86_64-fedora-gcc 1.0.4 151.31 NOTE
r-devel-windows-x86_64 1.0.4 42.00 134.00 176.00 OK
r-patched-linux-x86_64 1.0.4 23.37 94.01 117.38 OK
r-release-linux-x86_64 1.0.4 18.66 93.52 112.18 OK
r-release-macos-arm64 1.0.4 44.00 OK
r-release-macos-x86_64 1.0.4 66.00 OK
r-release-windows-x86_64 1.0.4 49.00 134.00 183.00 OK
r-oldrel-macos-arm64 1.0.4 52.00 OK
r-oldrel-macos-x86_64 1.0.4 84.00 OK
r-oldrel-windows-ix86+x86_64 1.0.4 44.00 183.00 227.00 OK

Check Details

Version: 1.0.4
Check: HTML version of manual
Result: NOTE
    Found the following problems:
    diurnalAdj.Rd:93:38: Warning: nested emphasis <code>
    diurnalAdj.Rd:99:38: Warning: nested emphasis <code>
Flavors: r-devel-linux-x86_64-debian-clang, r-devel-linux-x86_64-debian-gcc

Version: 1.0.4
Check: compiled code
Result: NOTE
    File ‘ACDm/libs/ACDm.so’:
     Found no calls to: ‘R_registerRoutines’, ‘R_useDynamicSymbols’
    
    It is good practice to register native routines and to disable symbol
    search.
    
    See ‘Writing portable packages’ in the ‘Writing R Extensions’ manual.
Flavors: r-devel-linux-x86_64-fedora-clang, r-devel-linux-x86_64-fedora-gcc