Last updated on 2023-11-28 07:52:54 CET.
Flavor | Version | Tinstall | Tcheck | Ttotal | Status | Flags |
---|---|---|---|---|---|---|
r-devel-linux-x86_64-debian-clang | 1.9.0 | 125.05 | 269.93 | 394.98 | OK | |
r-devel-linux-x86_64-debian-gcc | 1.9.0 | 83.23 | 183.59 | 266.82 | OK | |
r-devel-linux-x86_64-fedora-clang | 1.9.0 | 517.29 | OK | |||
r-devel-linux-x86_64-fedora-gcc | 1.9.0 | 519.19 | OK | |||
r-devel-windows-x86_64 | 1.9.0 | 80.00 | 292.00 | 372.00 | OK | |
r-patched-linux-x86_64 | 1.9.0 | 96.05 | 256.47 | 352.52 | OK | |
r-release-linux-x86_64 | 1.9.0 | 102.61 | 254.20 | 356.81 | OK | |
r-release-macos-arm64 | 1.9.0 | 116.00 | NOTE | |||
r-release-macos-x86_64 | 1.9.0 | 358.00 | NOTE | |||
r-release-windows-x86_64 | 1.9.0 | 112.00 | 403.00 | 515.00 | OK | |
r-oldrel-macos-arm64 | 1.9.0 | 119.00 | NOTE | |||
r-oldrel-macos-x86_64 | 1.9.0 | 190.00 | NOTE | |||
r-oldrel-windows-x86_64 | 1.9.0 | 101.00 | 397.00 | 498.00 | OK |
Version: 1.9.0
Check: installed package size
Result: NOTE
installed size is 7.8Mb
sub-directories of 1Mb or more:
doc 1.7Mb
libs 5.8Mb
Flavors: r-release-macos-arm64, r-release-macos-x86_64, r-oldrel-macos-arm64, r-oldrel-macos-x86_64