CRAN Package Check Results for Package AMR

Last updated on 2022-01-18 06:52:38 CET.

Flavor Version Tinstall Tcheck Ttotal Status Flags
r-devel-linux-x86_64-debian-clang 1.8.0 27.36 224.59 251.95 OK
r-devel-linux-x86_64-debian-gcc 1.8.0 21.93 193.85 215.78 OK
r-devel-linux-x86_64-fedora-clang 1.8.0 314.74 NOTE
r-devel-linux-x86_64-fedora-gcc 1.8.0 314.76 OK
r-devel-windows-x86_64-new-UL 1.8.0 198.00 344.00 542.00 OK
r-devel-windows-x86_64-new-TK 1.8.0 OK
r-patched-linux-x86_64 1.8.0 30.09 228.16 258.25 OK
r-release-linux-x86_64 1.8.0 OK
r-release-macos-arm64 1.8.0 OK
r-release-macos-x86_64 1.8.0 OK
r-release-windows-ix86+x86_64 1.8.0 66.00 289.00 355.00 OK
r-oldrel-macos-x86_64 1.7.1 NOTE
r-oldrel-windows-ix86+x86_64 1.8.0 66.00 289.00 355.00 OK

Check Details

Version: 1.8.0
Check: Rd cross-references
Result: NOTE
    Undeclared package ‘tidyselect’ in Rd xrefs
Flavor: r-devel-linux-x86_64-fedora-clang

Version: 1.7.1
Check: installed package size
Result: NOTE
     installed size is 6.0Mb
     sub-directories of 1Mb or more:
     data 3.5Mb
Flavor: r-oldrel-macos-x86_64