CRAN Package Check Results for Package ANN2

Last updated on 2023-01-31 06:51:13 CET.

Flavor Version Tinstall Tcheck Ttotal Status Flags
r-devel-linux-x86_64-debian-clang 2.3.4 496.78 82.92 579.70 NOTE
r-devel-linux-x86_64-debian-gcc 2.3.4 370.00 71.54 441.54 NOTE
r-devel-linux-x86_64-fedora-clang 2.3.4 924.51 NOTE
r-devel-linux-x86_64-fedora-gcc 2.3.4 722.57 NOTE
r-devel-windows-x86_64 2.3.4 352.00 153.00 505.00 NOTE
r-patched-linux-x86_64 2.3.4 357.40 77.16 434.56 NOTE
r-release-linux-x86_64 2.3.4 333.56 81.63 415.19 NOTE
r-release-macos-arm64 2.3.4 229.00 NOTE
r-release-macos-x86_64 2.3.4 415.00 NOTE
r-release-windows-x86_64 2.3.4 322.00 150.00 472.00 NOTE
r-oldrel-macos-arm64 2.3.4 253.00 NOTE
r-oldrel-macos-x86_64 2.3.4 351.00 NOTE
r-oldrel-windows-ix86+x86_64 2.3.4 947.00 157.00 1104.00 NOTE

Check Details

Version: 2.3.4
Check: LazyData
Result: NOTE
     'LazyData' is specified without a 'data' directory
Flavors: r-devel-linux-x86_64-debian-clang, r-devel-linux-x86_64-debian-gcc, r-devel-linux-x86_64-fedora-clang, r-devel-linux-x86_64-fedora-gcc, r-devel-windows-x86_64, r-patched-linux-x86_64, r-release-linux-x86_64, r-release-macos-arm64, r-release-macos-x86_64, r-release-windows-x86_64, r-oldrel-macos-arm64, r-oldrel-macos-x86_64, r-oldrel-windows-ix86+x86_64

Version: 2.3.4
Check: C++ specification
Result: NOTE
     Specified C++11: please update to current default of C++17
Flavors: r-devel-linux-x86_64-debian-gcc, r-devel-linux-x86_64-fedora-clang, r-devel-linux-x86_64-fedora-gcc, r-devel-windows-x86_64

Version: 2.3.4
Check: installed package size
Result: NOTE
     installed size is 31.7Mb
     sub-directories of 1Mb or more:
     cereal 1.4Mb
     libs 30.2Mb
Flavors: r-release-macos-arm64, r-release-macos-x86_64, r-oldrel-macos-arm64, r-oldrel-macos-x86_64, r-oldrel-windows-ix86+x86_64