CRAN Package Check Results for Package ARPALData

Last updated on 2022-09-30 07:51:10 CEST.

Flavor Version Tinstall Tcheck Ttotal Status Flags
r-devel-linux-x86_64-debian-clang 1.2.3 15.22 127.10 142.32 OK
r-devel-linux-x86_64-debian-gcc 1.2.3 13.22 92.79 106.01 OK
r-devel-linux-x86_64-fedora-clang 1.2.3 195.09 NOTE
r-devel-linux-x86_64-fedora-gcc 1.2.3 168.47 OK
r-devel-windows-x86_64 1.2.3 32.00 159.00 191.00 OK
r-patched-linux-x86_64 1.2.3 12.36 119.76 132.12 OK
r-release-linux-x86_64 1.2.3 10.86 120.00 130.86 OK
r-release-macos-arm64 1.2.3 61.00 OK
r-release-macos-x86_64 1.2.3 98.00 OK
r-release-windows-x86_64 1.2.3 39.00 158.00 197.00 OK
r-oldrel-macos-arm64 1.2.3 58.00 OK
r-oldrel-macos-x86_64 1.2.3 73.00 OK
r-oldrel-windows-ix86+x86_64 1.2.3 41.00 151.00 192.00 OK

Check Details

Version: 1.2.3
Check: package dependencies
Result: NOTE
    Imports includes 22 non-default packages.
    Importing from so many packages makes the package vulnerable to any of
    them becoming unavailable. Move as many as possible to Suggests and
    use conditionally.
Flavor: r-devel-linux-x86_64-fedora-clang