Last updated on 2023-03-25 05:50:25 CET.
Flavor | Version | Tinstall | Tcheck | Ttotal | Status | Flags |
---|---|---|---|---|---|---|
r-devel-linux-x86_64-debian-clang | 0.9.45 | 27.25 | 78.70 | 105.95 | WARN | |
r-devel-linux-x86_64-debian-gcc | 0.9.45 | 20.65 | 58.60 | 79.25 | WARN | |
r-devel-linux-x86_64-fedora-clang | 0.9.45 | 143.43 | WARN | |||
r-devel-linux-x86_64-fedora-gcc | 0.9.45 | 124.26 | WARN | |||
r-devel-windows-x86_64 | 0.9.45 | 85.00 | 127.00 | 212.00 | NOTE | |
r-patched-linux-x86_64 | 0.9.45 | 24.14 | 73.78 | 97.92 | NOTE | |
r-release-linux-x86_64 | 0.9.45 | 24.03 | 74.11 | 98.14 | NOTE | |
r-release-macos-arm64 | 0.9.45 | 39.00 | NOTE | |||
r-release-macos-x86_64 | 0.9.45 | 59.00 | NOTE | |||
r-release-windows-x86_64 | 0.9.45 | 75.00 | 129.00 | 204.00 | NOTE | |
r-oldrel-macos-arm64 | 0.9.45 | 45.00 | NOTE | |||
r-oldrel-macos-x86_64 | 0.9.45 | 81.00 | NOTE | |||
r-oldrel-windows-ix86+x86_64 | 0.9.45 | 52.00 | 126.00 | 178.00 | NOTE |
Version: 0.9.45
Check: package dependencies
Result: NOTE
Package which this enhances but not available for checking: ‘ARTP’
Flavors: r-devel-linux-x86_64-debian-clang, r-devel-linux-x86_64-debian-gcc, r-devel-linux-x86_64-fedora-clang, r-devel-linux-x86_64-fedora-gcc, r-devel-windows-x86_64, r-patched-linux-x86_64, r-release-linux-x86_64, r-release-macos-arm64, r-release-macos-x86_64, r-release-windows-x86_64, r-oldrel-macos-arm64, r-oldrel-macos-x86_64
Version: 0.9.45
Check: whether package can be installed
Result: WARN
Found the following significant warnings:
ARTP2_init.c:17:19: warning: a function declaration without a prototype is deprecated in all versions of C [-Wstrict-prototypes]
See ‘/home/hornik/tmp/R.check/r-devel-clang/Work/PKGS/ARTP2.Rcheck/00install.out’ for details.
* used C compiler: ‘Debian clang version 15.0.6’
* used C++ compiler: ‘Debian clang version 15.0.6’
Flavor: r-devel-linux-x86_64-debian-clang
Version: 0.9.45
Check: C++ specification
Result: NOTE
Specified C++11: please drop specification unless essential
Flavors: r-devel-linux-x86_64-debian-clang, r-devel-linux-x86_64-debian-gcc, r-devel-linux-x86_64-fedora-clang, r-devel-linux-x86_64-fedora-gcc, r-devel-windows-x86_64
Version: 0.9.45
Check: whether package can be installed
Result: WARN
Found the following significant warnings:
ARTP2_init.c:17:1: warning: function declaration isn’t a prototype [-Wstrict-prototypes]
See ‘/home/hornik/tmp/R.check/r-devel-gcc/Work/PKGS/ARTP2.Rcheck/00install.out’ for details.
* used C compiler: ‘gcc-12 (Debian 12.2.0-14) 12.2.0’
* used C++ compiler: ‘g++-12 (Debian 12.2.0-14) 12.2.0’
Flavor: r-devel-linux-x86_64-debian-gcc
Version: 0.9.45
Check: whether package can be installed
Result: WARN
Found the following significant warnings:
ARTP2_init.c:17:19: warning: a function declaration without a prototype is deprecated in all versions of C [-Wstrict-prototypes]
See ‘/data/gannet/ripley/R/packages/tests-clang/ARTP2.Rcheck/00install.out’ for details.
* used C compiler: ‘clang version 16.0.0’
* used C++ compiler: ‘clang version 16.0.0’
Flavor: r-devel-linux-x86_64-fedora-clang
Version: 0.9.45
Check: installed package size
Result: NOTE
installed size is 5.1Mb
sub-directories of 1Mb or more:
extdata 3.7Mb
Flavors: r-devel-linux-x86_64-fedora-clang, r-devel-windows-x86_64, r-release-macos-arm64, r-release-macos-x86_64, r-release-windows-x86_64, r-oldrel-macos-arm64, r-oldrel-macos-x86_64, r-oldrel-windows-ix86+x86_64
Version: 0.9.45
Check: whether package can be installed
Result: WARN
Found the following significant warnings:
ARTP2_init.c:17:1: warning: function declaration isn’t a prototype [-Wstrict-prototypes]
See ‘/data/gannet/ripley/R/packages/tests-devel/ARTP2.Rcheck/00install.out’ for details.
* used C compiler: ‘gcc (GCC) 12.2.1 20221121 (Red Hat 12.2.1-4)’
* used C++ compiler: ‘g++ (GCC) 12.2.1 20221121 (Red Hat 12.2.1-4)’
Flavor: r-devel-linux-x86_64-fedora-gcc