CRAN Package Check Results for Package AUC

Last updated on 2020-08-13 06:47:19 CEST.

Flavor Version Tinstall Tcheck Ttotal Status Flags
r-devel-linux-x86_64-debian-clang 0.3.0 1.93 20.07 22.00 NOTE
r-devel-linux-x86_64-debian-gcc 0.3.0 1.57 16.06 17.63 NOTE
r-devel-linux-x86_64-fedora-clang 0.3.0 35.85 NOTE
r-devel-linux-x86_64-fedora-gcc 0.3.0 26.20 NOTE
r-devel-windows-ix86+x86_64 0.3.0 6.00 39.00 45.00 NOTE
r-patched-linux-x86_64 0.3.0 1.92 19.93 21.85 NOTE
r-patched-solaris-x86 0.3.0 40.80 NOTE
r-release-linux-x86_64 0.3.0 1.80 20.16 21.96 NOTE
r-release-macos-x86_64 0.3.0 NOTE
r-release-windows-ix86+x86_64 0.3.0 5.00 31.00 36.00 NOTE
r-oldrel-macos-x86_64 0.3.0 NOTE
r-oldrel-windows-ix86+x86_64 0.3.0 4.00 43.00 47.00 NOTE

Check Details

Version: 0.3.0
Check: DESCRIPTION meta-information
Result: NOTE
    Malformed Title field: should not end in a period.
Flavors: r-devel-linux-x86_64-debian-clang, r-devel-linux-x86_64-debian-gcc, r-devel-linux-x86_64-fedora-clang, r-devel-linux-x86_64-fedora-gcc, r-devel-windows-ix86+x86_64, r-patched-linux-x86_64, r-patched-solaris-x86, r-release-linux-x86_64, r-release-macos-x86_64, r-release-windows-ix86+x86_64, r-oldrel-macos-x86_64, r-oldrel-windows-ix86+x86_64

Version: 0.3.0
Check: R code for possible problems
Result: NOTE
    plot.AUC: no visible global function definition for 'lines'
    Undefined global functions or variables:
     lines
    Consider adding
     importFrom("graphics", "lines")
    to your NAMESPACE file.
Flavors: r-devel-linux-x86_64-debian-clang, r-devel-linux-x86_64-debian-gcc, r-devel-linux-x86_64-fedora-clang, r-devel-linux-x86_64-fedora-gcc, r-devel-windows-ix86+x86_64, r-patched-linux-x86_64, r-patched-solaris-x86, r-release-linux-x86_64, r-release-macos-x86_64, r-release-windows-ix86+x86_64

Version: 0.3.0
Check: R code for possible problems
Result: NOTE
    plot.AUC: no visible global function definition for ‘plot’
    plot.AUC: no visible global function definition for ‘lines’
    Undefined global functions or variables:
     lines plot
    Consider adding
     importFrom("graphics", "lines", "plot")
    to your NAMESPACE file.
Flavors: r-oldrel-macos-x86_64, r-oldrel-windows-ix86+x86_64