CRAN Package Check Results for Package AWR

Last updated on 2020-10-26 05:46:35 CET.

Flavor Version Tinstall Tcheck Ttotal Status Flags
r-devel-linux-x86_64-debian-clang 1.11.189 4.13 26.86 30.99 OK
r-devel-linux-x86_64-debian-gcc 1.11.189 3.67 20.36 24.03 OK
r-devel-linux-x86_64-fedora-clang 1.11.189 47.47 NOTE
r-devel-linux-x86_64-fedora-gcc 1.11.189 40.89 OK
r-devel-windows-ix86+x86_64 1.11.189 21.00 43.00 64.00 NOTE
r-patched-linux-x86_64 1.11.189 4.17 24.85 29.02 OK
r-patched-solaris-x86 1.11.189 51.80 NOTE
r-release-linux-x86_64 1.11.189 4.28 24.87 29.15 OK
r-release-macos-x86_64 1.11.189 NOTE
r-release-windows-ix86+x86_64 1.11.189 20.00 42.00 62.00 NOTE
r-oldrel-macos-x86_64 1.11.189 NOTE
r-oldrel-windows-ix86+x86_64 1.11.189 23.00 38.00 61.00 NOTE

Check Details

Version: 1.11.189
Check: installed package size
Result: NOTE
     installed size is 67.2Mb
     sub-directories of 1Mb or more:
     java 67.2Mb
Flavors: r-devel-linux-x86_64-fedora-clang, r-devel-windows-ix86+x86_64, r-patched-solaris-x86, r-release-macos-x86_64, r-release-windows-ix86+x86_64, r-oldrel-macos-x86_64, r-oldrel-windows-ix86+x86_64