CRAN Package Check Results for Package AbsFilterGSEA

Last updated on 2020-08-06 06:48:22 CEST.

Flavor Version Tinstall Tcheck Ttotal Status Flags
r-devel-linux-x86_64-debian-clang 1.5.1 52.04 169.07 221.11 NOTE
r-devel-linux-x86_64-debian-gcc 1.5.1 41.39 128.47 169.86 NOTE
r-devel-linux-x86_64-fedora-clang 1.5.1 279.81 NOTE
r-devel-linux-x86_64-fedora-gcc 1.5.1 278.93 NOTE
r-devel-windows-ix86+x86_64 1.5.1 123.00 231.00 354.00 OK
r-patched-linux-x86_64 1.5.1 46.60 164.56 211.16 NOTE
r-patched-solaris-x86 1.5.1 359.60 NOTE
r-release-linux-x86_64 1.5.1 44.76 164.65 209.41 NOTE
r-release-macos-x86_64 1.5.1 OK
r-release-windows-ix86+x86_64 1.5.1 128.00 324.00 452.00 OK
r-oldrel-macos-x86_64 1.5.1 OK
r-oldrel-windows-ix86+x86_64 1.5.1 78.00 277.00 355.00 OK

Check Details

Version: 1.5.1
Check: for non-standard things in the check directory
Result: NOTE
    Found the following files/directories:
     'geneset.txt'
Flavors: r-devel-linux-x86_64-debian-clang, r-devel-linux-x86_64-debian-gcc, r-devel-linux-x86_64-fedora-clang, r-devel-linux-x86_64-fedora-gcc, r-patched-linux-x86_64, r-patched-solaris-x86, r-release-linux-x86_64