CRAN Package Check Results for Package ActiveDriverWGS

Last updated on 2022-01-20 06:49:12 CET.

Flavor Version Tinstall Tcheck Ttotal Status Flags
r-devel-linux-x86_64-debian-clang 1.1.2 OK
r-devel-linux-x86_64-debian-gcc 1.1.2 2.51 139.16 141.67 OK
r-devel-linux-x86_64-fedora-clang 1.1.2 241.60 OK
r-devel-linux-x86_64-fedora-gcc 1.1.2 239.47 OK
r-devel-windows-x86_64-new-UL 1.1.2 138.00 235.00 373.00 OK
r-devel-windows-x86_64-new-TK 1.1.2 OK
r-patched-linux-x86_64 1.1.2 3.67 191.90 195.57 OK
r-release-linux-x86_64 1.1.2 OK
r-release-macos-arm64 1.1.2 ERROR
r-release-macos-x86_64 1.1.2 ERROR
r-release-windows-ix86+x86_64 1.1.2 10.00 226.00 236.00 OK
r-oldrel-macos-x86_64 1.1.2 ERROR
r-oldrel-windows-ix86+x86_64 1.1.2 9.00 217.00 226.00 OK

Check Details

Version: 1.1.2
Check: package dependencies
Result: ERROR
    Package required but not available: ‘BSgenome.Mmusculus.UCSC.mm10’
    
    See section ‘The DESCRIPTION file’ in the ‘Writing R Extensions’
    manual.
Flavors: r-release-macos-arm64, r-release-macos-x86_64

Version: 1.1.2
Check: package dependencies
Result: ERROR
    Packages required but not available:
     'BSgenome.Mmusculus.UCSC.mm9', 'BSgenome.Mmusculus.UCSC.mm10'
    
    See section ‘The DESCRIPTION file’ in the ‘Writing R Extensions’
    manual.
Flavor: r-oldrel-macos-x86_64