CRAN Package Check Results for Package AdhereR

Last updated on 2022-09-27 07:50:36 CEST.

Flavor Version Tinstall Tcheck Ttotal Status Flags
r-devel-linux-x86_64-debian-clang 0.8.1 20.18 129.67 149.85 OK
r-devel-linux-x86_64-debian-gcc 0.8.1 15.24 92.48 107.72 OK
r-devel-linux-x86_64-fedora-clang 0.8.1 209.20 NOTE
r-devel-linux-x86_64-fedora-gcc 0.8.1 182.79 OK
r-devel-windows-x86_64 0.8.1 65.00 164.00 229.00 NOTE
r-patched-linux-x86_64 0.8.1 21.62 114.08 135.70 OK
r-release-linux-x86_64 0.8.1 23.25 115.58 138.83 OK
r-release-macos-arm64 0.8.1 45.00 NOTE
r-release-macos-x86_64 0.8.1 63.00 NOTE
r-release-windows-x86_64 0.8.1 56.00 139.00 195.00 NOTE
r-oldrel-macos-arm64 0.8.1 44.00 NOTE
r-oldrel-macos-x86_64 0.8.1 65.00 NOTE
r-oldrel-windows-ix86+x86_64 0.8.1 35.00 136.00 171.00 NOTE

Check Details

Version: 0.8.1
Check: installed package size
Result: NOTE
     installed size is 6.2Mb
     sub-directories of 1Mb or more:
     doc 3.7Mb
Flavors: r-devel-linux-x86_64-fedora-clang, r-devel-windows-x86_64, r-release-macos-arm64, r-release-macos-x86_64, r-release-windows-x86_64, r-oldrel-macos-arm64, r-oldrel-macos-x86_64, r-oldrel-windows-ix86+x86_64