CRAN Package Check Results for Package AeRobiology

Last updated on 2021-11-29 06:48:21 CET.

Flavor Version Tinstall Tcheck Ttotal Status Flags
r-devel-linux-x86_64-debian-clang 2.0.1 NOTE
r-devel-linux-x86_64-debian-gcc 2.0.1 12.24 228.94 241.18 NOTE
r-devel-linux-x86_64-fedora-clang 2.0.1 388.63 NOTE
r-devel-linux-x86_64-fedora-gcc 2.0.1 382.25 NOTE
r-devel-windows-x86_64-new-UL 2.0.1 27.00 404.00 431.00 OK
r-devel-windows-x86_64-new-TK 2.0.1 OK
r-devel-windows-x86_64-old 2.0.1 20.00 333.00 353.00 OK
r-patched-linux-x86_64 2.0.1 13.33 294.03 307.36 NOTE
r-patched-solaris-x86 2.0.1 232.20 NOTE
r-release-linux-x86_64 2.0.1 12.94 302.05 314.99 NOTE
r-release-macos-arm64 2.0.1 OK
r-release-macos-x86_64 2.0.1 WARN
r-release-windows-ix86+x86_64 2.0.1 30.00 392.00 422.00 OK
r-oldrel-macos-x86_64 2.0.1 WARN
r-oldrel-windows-ix86+x86_64 2.0.1 30.00 386.00 416.00 OK

Check Details

Version: 2.0.1
Check: for non-standard things in the check directory
Result: NOTE
    Found the following files/directories:
     'table_AeRobiology'
Flavors: r-devel-linux-x86_64-debian-clang, r-devel-linux-x86_64-debian-gcc, r-devel-linux-x86_64-fedora-clang, r-devel-linux-x86_64-fedora-gcc, r-patched-linux-x86_64, r-patched-solaris-x86, r-release-linux-x86_64

Version: 2.0.1
Check: re-building of vignette outputs
Result: WARN
    Error(s) in re-building vignettes:
    --- re-building ‘my-vignette.Rmd’ using rmarkdown
    Warning in engine$weave(file, quiet = quiet, encoding = enc) :
     Pandoc (>= 1.12.3) not available. Falling back to R Markdown v1.
    Warning: Continuous limits supplied to discrete scale.
    Did you mean `limits = factor(...)` or `scale_*_continuous()`?
    Warning: Continuous limits supplied to discrete scale.
    Did you mean `limits = factor(...)` or `scale_*_continuous()`?
    Warning: Continuous limits supplied to discrete scale.
    Did you mean `limits = factor(...)` or `scale_*_continuous()`?
    Warning in interpollen(munich_pollen[, c(1, 6)], method = "lineal", plot = TRUE, :
     WARNING: Gaps with more than 30 missing data have not been interpolated
    Warning in interpollen(munich_pollen[, c(1, 6)], method = "lineal", plot = FALSE, :
     WARNING: Gaps with more than 30 missing data have not been interpolated
    Warning in doTryCatch(return(expr), name, parentenv, handler) :
     WARNING! moving average is calculated for n: 23
    Warning in doTryCatch(return(expr), name, parentenv, handler) :
     WARNING! moving average is calculated for n: 11
    Warning in doTryCatch(return(expr), name, parentenv, handler) :
     WARNING! moving average is calculated for n: 15
    Warning in doTryCatch(return(expr), name, parentenv, handler) :
     WARNING! moving average is calculated for n: 9
    Warning in doTryCatch(return(expr), name, parentenv, handler) :
     WARNING! moving average is calculated for n: 45
    Warning in interpollen(munich_pollen[, c(1, 6)], method = "movingmean", :
     WARNING: Gaps with more than 30 missing data have not been interpolated
    Warning in interpollen(munich_pollen[, c(1, 6)], method = "spline", ndays = 3, :
     WARNING: Gaps with more than 30 missing data have not been interpolated
    Warning in interpollen(munich_pollen[, c(1, 6)], method = "spline", ndays = 5, :
     WARNING: Gaps with more than 30 missing data have not been interpolated
    Warning in interpollen(munich_pollen, method = "tseries", plot = TRUE) :
     WARNING: 'maxdays' argument doesn't work with this method. All gaps will be interpolated.
    Warning in interpollen(data, method = int.method, maxdays = maxdays, plot = F) :
     WARNING: Gaps with more than 30 missing data have not been interpolated
    Warning in interpollen(data, method = int.method, maxdays = maxdays, plot = F) :
     WARNING: Gaps with more than 30 missing data have not been interpolated
    Warning in interpollen(data, method = int.method, maxdays = maxdays, plot = F) :
     WARNING: Gaps with more than 30 missing data have not been interpolated
    Warning in interpollen(data, method = int.method, maxdays = maxdays, plot = F) :
     WARNING: Gaps with more than 30 missing data have not been interpolated
    Warning in interpollen(data, method = int.method, maxdays = maxdays, plot = F) :
     WARNING: Gaps with more than 30 missing data have not been interpolated
    Warning in interpollen(data, method = int.method, maxdays = maxdays, plot = F) :
     WARNING: Gaps with more than 30 missing data have not been interpolated
    Warning in interpollen(data, method = int.method, maxdays = maxdays, plot = F) :
     WARNING: Gaps with more than 30 missing data have not been interpolated
    Warning in interpollen(data, method = int.method, maxdays = maxdays, plot = F) :
     WARNING: Gaps with more than 30 missing data have not been interpolated
    Warning in interpollen(data, method = int.method, maxdays = maxdays, plot = F) :
     WARNING: Gaps with more than 30 missing data have not been interpolated
    Warning in interpollen(data, method = int.method, maxdays = maxdays, plot = F) :
     WARNING: Gaps with more than 30 missing data have not been interpolated
    Warning in interpollen(data, method = int.method, maxdays = maxdays, plot = F) :
     WARNING: Gaps with more than 30 missing data have not been interpolated
    Warning in interpollen(munich_pollen, method = "spline", ndays = 3, spar = 0.7, :
     WARNING: Gaps with more than 3 missing data have not been interpolated
    Warning in interpollen(data, method = int.method, maxdays = maxdays, plot = F) :
     WARNING: Gaps with more than 30 missing data have not been interpolated
    Warning in interpollen(data = dataframe, method = int.method, plot = FALSE) :
     WARNING: Gaps with more than 30 missing data have not been interpolated
    Warning: Removed 21 rows containing missing values (position_stack).
    Warning: Removed 161 rows containing missing values (position_stack).
    Warning: Removed 89 rows containing missing values (position_stack).
    Warning: Removed 21 row(s) containing missing values (geom_path).
    Warning in pollen_calendar(munich_pollen, method = "heatplot", period = "daily", :
     WARNING: the number of columns is smaller than 'n.types' argument. 'n.types' adjusted to 8
    Warning in pollen_calendar(munich_pollen, method = "heatplot", period = "daily", :
     WARNING: the number of columns is smaller than 'n.types' argument. 'n.types' adjusted to 8
    Warning in pollen_calendar(data = munich_pollen, method = "heatplot", period = "daily", :
     WARNING: the number of columns is smaller than 'n.types' argument. 'n.types' adjusted to 8
    Warning in pollen_calendar(data = munich_pollen, method = "heatplot", period = "daily", :
     WARNING: the number of columns is smaller than 'n.types' argument. 'n.types' adjusted to 8
    Warning in pollen_calendar(data = munich_pollen, method = "phenological", :
     WARNING: the number of columns is smaller than 'n.types' argument. 'n.types' adjusted to 8
    Warning in pollen_calendar(data = munich_pollen, method = "violinplot", :
     WARNING: the number of columns is smaller than 'n.types' argument. 'n.types' adjusted to 8
    Warning in pollen_calendar(data = munich_pollen, method = "violinplot", :
     WARNING: the number of columns is smaller than 'n.types' argument. 'n.types' adjusted to 8
    Warning in interpollen(data, method = int.method) :
     WARNING: Gaps with more than 30 missing data have not been interpolated
    Warning: Removed 436 row(s) containing missing values (geom_path).
    Warning in interpollen(data, method = int.method) :
     WARNING: Gaps with more than 30 missing data have not been interpolated
    Warning: Removed 416 row(s) containing missing values (geom_path).
    Warning in interpollen(data, method = int.method) :
     WARNING: Gaps with more than 30 missing data have not been interpolated
    Warning: Removed 416 row(s) containing missing values (geom_path).
    Warning in interpollen(data, method = int.method) :
     WARNING: Gaps with more than 30 missing data have not been interpolated
    Warning in FUN(X[[i]], ...) :
     no non-missing arguments to min; returning Inf
    Warning in FUN(X[[i]], ...) :
     no non-missing arguments to min; returning Inf
    Warning in FUN(X[[i]], ...) :
     no non-missing arguments to min; returning Inf
    Warning in FUN(X[[i]], ...) :
     no non-missing arguments to min; returning Inf
    Warning in FUN(X[[i]], ...) :
     no non-missing arguments to min; returning Inf
    Warning in FUN(X[[i]], ...) :
     no non-missing arguments to min; returning Inf
    Warning in FUN(X[[i]], ...) :
     no non-missing arguments to min; returning Inf
    Warning in FUN(X[[i]], ...) :
     no non-missing arguments to min; returning Inf
    Warning in FUN(X[[i]], ...) :
     no non-missing arguments to min; returning Inf
    Warning in FUN(X[[i]], ...) :
     no non-missing arguments to min; returning Inf
    Warning in FUN(X[[i]], ...) :
     no non-missing arguments to min; returning Inf
    Warning in FUN(X[[i]], ...) :
     no non-missing arguments to min; returning Inf
    Warning in FUN(X[[i]], ...) :
     no non-missing arguments to min; returning Inf
    Warning in FUN(X[[i]], ...) :
     no non-missing arguments to min; returning Inf
    Warning in FUN(X[[i]], ...) :
     no non-missing arguments to min; returning Inf
    Warning in FUN(X[[i]], ...) :
     no non-missing arguments to min; returning Inf
    Warning in FUN(X[[i]], ...) :
     no non-missing arguments to min; returning Inf
    Warning in FUN(X[[i]], ...) :
     no non-missing arguments to min; returning Inf
    Warning in FUN(X[[i]], ...) :
     no non-missing arguments to min; returning Inf
    Warning in FUN(X[[i]], ...) :
     no non-missing arguments to min; returning Inf
    Warning in FUN(X[[i]], ...) :
     no non-missing arguments to min; returning Inf
    Warning in FUN(X[[i]], ...) :
     no non-missing arguments to min; returning Inf
    Warning in FUN(X[[i]], ...) :
     no non-missing arguments to min; returning Inf
    Warning in FUN(X[[i]], ...) :
     no non-missing arguments to min; returning Inf
    Warning in FUN(X[[i]], ...) :
     no non-missing arguments to min; returning Inf
    Warning in FUN(X[[i]], ...) :
     no non-missing arguments to min; returning Inf
    Warning in FUN(X[[i]], ...) :
     no non-missing arguments to min; returning Inf
    Warning in FUN(X[[i]], ...) :
     no non-missing arguments to min; returning Inf
    Warning in FUN(X[[i]], ...) :
     no non-missing arguments to min; returning Inf
    Warning in FUN(X[[i]], ...) :
     no non-missing arguments to min; returning Inf
    Warning in FUN(X[[i]], ...) :
     no non-missing arguments to min; returning Inf
    Warning in FUN(X[[i]], ...) :
     no non-missing arguments to min; returning Inf
    Warning in FUN(X[[i]], ...) :
     no non-missing arguments to min; returning Inf
    Warning in FUN(X[[i]], ...) :
     no non-missing arguments to min; returning Inf
    Warning in FUN(X[[i]], ...) :
     no non-missing arguments to min; returning Inf
    Warning in FUN(X[[i]], ...) :
     no non-missing arguments to min; returning Inf
    Warning in FUN(X[[i]], ...) :
     no non-missing arguments to min; returning Inf
    Warning in FUN(X[[i]], ...) :
     no non-missing arguments to min; returning Inf
    Warning in FUN(X[[i]], ...) :
     no non-missing arguments to min; returning Inf
    Warning in FUN(X[[i]], ...) :
     no non-missing arguments to min; returning Inf
    Warning in FUN(X[[i]], ...) :
     no non-missing arguments to min; returning Inf
    Warning in FUN(X[[i]], ...) :
     no non-missing arguments to min; returning Inf
    Warning in FUN(X[[i]], ...) :
     no non-missing arguments to min; returning Inf
    Warning in FUN(X[[i]], ...) :
     no non-missing arguments to min; returning Inf
    Warning in FUN(X[[i]], ...) :
     no non-missing arguments to min; returning Inf
    Warning in FUN(X[[i]], ...) :
     no non-missing arguments to min; returning Inf
    Warning in FUN(X[[i]], ...) :
     no non-missing arguments to min; returning Inf
    Warning in FUN(X[[i]], ...) :
     no non-missing arguments to min; returning Inf
    Warning in FUN(X[[i]], ...) :
     no non-missing arguments to min; returning Inf
    Warning in FUN(X[[i]], ...) :
     no non-missing arguments to min; returning Inf
    Warning in FUN(X[[i]], ...) :
     no non-missing arguments to min; returning Inf
    Warning in FUN(X[[i]], ...) :
     no non-missing arguments to min; returning Inf
    Warning in FUN(X[[i]], ...) :
     no non-missing arguments to min; returning Inf
    Warning in FUN(X[[i]], ...) :
     no non-missing arguments to min; returning Inf
    Warning in FUN(X[[i]], ...) :
     no non-missing arguments to min; returning Inf
    Warning in FUN(X[[i]], ...) :
     no non-missing arguments to min; returning Inf
    Warning in FUN(X[[i]], ...) :
     no non-missing arguments to min; returning Inf
    Warning in FUN(X[[i]], ...) :
     no non-missing arguments to min; returning Inf
    Warning in FUN(X[[i]], ...) :
     no non-missing arguments to min; returning Inf
    Warning in FUN(X[[i]], ...) :
     no non-missing arguments to min; returning Inf
    Warning in FUN(X[[i]], ...) :
     no non-missing arguments to min; returning Inf
    Warning in FUN(X[[i]], ...) :
     no non-missing arguments to min; returning Inf
    Warning in FUN(X[[i]], ...) :
     no non-missing arguments to min; returning Inf
    Warning in FUN(X[[i]], ...) :
     no non-missing arguments to min; returning Inf
    Warning in FUN(X[[i]], ...) :
     no non-missing arguments to min; returning Inf
    Warning in FUN(X[[i]], ...) :
     no non-missing arguments to min; returning Inf
    Warning in FUN(X[[i]], ...) :
     no non-missing arguments to min; returning Inf
    Warning in FUN(X[[i]], ...) :
     no non-missing arguments to min; returning Inf
    Warning in FUN(X[[i]], ...) :
     no non-missing arguments to min; returning Inf
    Warning in FUN(X[[i]], ...) :
     no non-missing arguments to min; returning Inf
    Warning in FUN(X[[i]], ...) :
     no non-missing arguments to min; returning Inf
    Warning in FUN(X[[i]], ...) :
     no non-missing arguments to min; returning Inf
    Warning in FUN(X[[i]], ...) :
     no non-missing arguments to min; returning Inf
    Warning in FUN(X[[i]], ...) :
     no non-missing arguments to min; returning Inf
    Warning in FUN(X[[i]], ...) :
     no non-missing arguments to min; returning Inf
    Warning in FUN(X[[i]], ...) :
     no non-missing arguments to min; returning Inf
    Warning in FUN(X[[i]], ...) :
     no non-missing arguments to min; returning Inf
    Warning in FUN(X[[i]], ...) :
     no non-missing arguments to min; returning Inf
    Warning in FUN(X[[i]], ...) :
     no non-missing arguments to min; returning Inf
    Warning in FUN(X[[i]], ...) :
     no non-missing arguments to min; returning Inf
    Warning in FUN(X[[i]], ...) :
     no non-missing arguments to min; returning Inf
    Warning in FUN(X[[i]], ...) :
     no non-missing arguments to min; returning Inf
    Warning in FUN(X[[i]], ...) :
     no non-missing arguments to min; returning Inf
    Warning in FUN(X[[i]], ...) :
     no non-missing arguments to min; returning Inf
    Warning in FUN(X[[i]], ...) :
     no non-missing arguments to min; returning Inf
    Warning in FUN(X[[i]], ...) :
     no non-missing arguments to min; returning Inf
    Warning in FUN(X[[i]], ...) :
     no non-missing arguments to min; returning Inf
    Warning in FUN(X[[i]], ...) :
     no non-missing arguments to min; returning Inf
    Warning in FUN(X[[i]], ...) :
     no non-missing arguments to max; returning -Inf
    Warning in FUN(X[[i]], ...) :
     no non-missing arguments to max; returning -Inf
    Warning in FUN(X[[i]], ...) :
     no non-missing arguments to max; returning -Inf
    Warning in FUN(X[[i]], ...) :
     no non-missing arguments to max; returning -Inf
    Warning in FUN(X[[i]], ...) :
     no non-missing arguments to max; returning -Inf
    Warning in FUN(X[[i]], ...) :
     no non-missing arguments to max; returning -Inf
    Warning in FUN(X[[i]], ...) :
     no non-missing arguments to max; returning -Inf
    Warning in FUN(X[[i]], ...) :
     no non-missing arguments to max; returning -Inf
    Warning in FUN(X[[i]], ...) :
     no non-missing arguments to max; returning -Inf
    Warning in FUN(X[[i]], ...) :
     no non-missing arguments to max; returning -Inf
    Warning in FUN(X[[i]], ...) :
     no non-missing arguments to max; returning -Inf
    Warning in FUN(X[[i]], ...) :
     no non-missing arguments to max; returning -Inf
    Warning in FUN(X[[i]], ...) :
     no non-missing arguments to max; returning -Inf
    Warning in FUN(X[[i]], ...) :
     no non-missing arguments to max; returning -Inf
    Warning in FUN(X[[i]], ...) :
     no non-missing arguments to max; returning -Inf
    Warning in FUN(X[[i]], ...) :
     no non-missing arguments to max; returning -Inf
    Warning in FUN(X[[i]], ...) :
     no non-missing arguments to max; returning -Inf
    Warning in FUN(X[[i]], ...) :
     no non-missing arguments to max; returning -Inf
    Warning in FUN(X[[i]], ...) :
     no non-missing arguments to max; returning -Inf
    Warning in FUN(X[[i]], ...) :
     no non-missing arguments to max; returning -Inf
    Warning in FUN(X[[i]], ...) :
     no non-missing arguments to max; returning -Inf
    Warning in FUN(X[[i]], ...) :
     no non-missing arguments to max; returning -Inf
    Warning in FUN(X[[i]], ...) :
     no non-missing arguments to max; returning -Inf
    Warning in FUN(X[[i]], ...) :
     no non-missing arguments to max; returning -Inf
    Warning in FUN(X[[i]], ...) :
     no non-missing arguments to max; returning -Inf
    Warning in FUN(X[[i]], ...) :
     no non-missing arguments to max; returning -Inf
    Warning in FUN(X[[i]], ...) :
     no non-missing arguments to max; returning -Inf
    Warning in FUN(X[[i]], ...) :
     no non-missing arguments to max; returning -Inf
    Warning in FUN(X[[i]], ...) :
     no non-missing arguments to max; returning -Inf
    Warning in FUN(X[[i]], ...) :
     no non-missing arguments to max; returning -Inf
    Warning in FUN(X[[i]], ...) :
     no non-missing arguments to max; returning -Inf
    Warning in FUN(X[[i]], ...) :
     no non-missing arguments to max; returning -Inf
    Warning in FUN(X[[i]], ...) :
     no non-missing arguments to max; returning -Inf
    Warning in FUN(X[[i]], ...) :
     no non-missing arguments to max; returning -Inf
    Warning in FUN(X[[i]], ...) :
     no non-missing arguments to max; returning -Inf
    Warning in FUN(X[[i]], ...) :
     no non-missing arguments to max; returning -Inf
    Warning in FUN(X[[i]], ...) :
     no non-missing arguments to max; returning -Inf
    Warning in FUN(X[[i]], ...) :
     no non-missing arguments to max; returning -Inf
    Warning in FUN(X[[i]], ...) :
     no non-missing arguments to max; returning -Inf
    Warning in FUN(X[[i]], ...) :
     no non-missing arguments to max; returning -Inf
    Warning in FUN(X[[i]], ...) :
     no non-missing arguments to max; returning -Inf
    Warning in FUN(X[[i]], ...) :
     no non-missing arguments to max; returning -Inf
    Warning in FUN(X[[i]], ...) :
     no non-missing arguments to max; returning -Inf
    Warning in FUN(X[[i]], ...) :
     no non-missing arguments to max; returning -Inf
    Warning in FUN(X[[i]], ...) :
     no non-missing arguments to max; returning -Inf
    Warning in FUN(X[[i]], ...) :
     no non-missing arguments to max; returning -Inf
    Warning in FUN(X[[i]], ...) :
     no non-missing arguments to max; returning -Inf
    Warning in FUN(X[[i]], ...) :
     no non-missing arguments to max; returning -Inf
    Warning in FUN(X[[i]], ...) :
     no non-missing arguments to max; returning -Inf
    Warning in FUN(X[[i]], ...) :
     no non-missing arguments to max; returning -Inf
    Warning in FUN(X[[i]], ...) :
     no non-missing arguments to max; returning -Inf
    Warning in FUN(X[[i]], ...) :
     no non-missing arguments to max; returning -Inf
    Warning in FUN(X[[i]], ...) :
     no non-missing arguments to max; returning -Inf
    Warning in FUN(X[[i]], ...) :
     no non-missing arguments to max; returning -Inf
    Warning in FUN(X[[i]], ...) :
     no non-missing arguments to max; returning -Inf
    Warning in FUN(X[[i]], ...) :
     no non-missing arguments to max; returning -Inf
    Warning in FUN(X[[i]], ...) :
     no non-missing arguments to max; returning -Inf
    Warning in FUN(X[[i]], ...) :
     no non-missing arguments to max; returning -Inf
    Warning in FUN(X[[i]], ...) :
     no non-missing arguments to max; returning -Inf
    Warning in FUN(X[[i]], ...) :
     no non-missing arguments to max; returning -Inf
    Warning in FUN(X[[i]], ...) :
     no non-missing arguments to max; returning -Inf
    Warning in FUN(X[[i]], ...) :
     no non-missing arguments to max; returning -Inf
    Warning in FUN(X[[i]], ...) :
     no non-missing arguments to max; returning -Inf
    Warning in FUN(X[[i]], ...) :
     no non-missing arguments to max; returning -Inf
    Warning in FUN(X[[i]], ...) :
     no non-missing arguments to max; returning -Inf
    Warning in FUN(X[[i]], ...) :
     no non-missing arguments to max; returning -Inf
    Warning in FUN(X[[i]], ...) :
     no non-missing arguments to max; returning -Inf
    Warning in FUN(X[[i]], ...) :
     no non-missing arguments to max; returning -Inf
    Warning in FUN(X[[i]], ...) :
     no non-missing arguments to max; returning -Inf
    Warning in FUN(X[[i]], ...) :
     no non-missing arguments to max; returning -Inf
    Warning in FUN(X[[i]], ...) :
     no non-missing arguments to max; returning -Inf
    Warning in FUN(X[[i]], ...) :
     no non-missing arguments to max; returning -Inf
    Warning in FUN(X[[i]], ...) :
     no non-missing arguments to max; returning -Inf
    Warning in FUN(X[[i]], ...) :
     no non-missing arguments to max; returning -Inf
    Warning in FUN(X[[i]], ...) :
     no non-missing arguments to max; returning -Inf
    Warning in FUN(X[[i]], ...) :
     no non-missing arguments to max; returning -Inf
    Warning in FUN(X[[i]], ...) :
     no non-missing arguments to max; returning -Inf
    Warning in FUN(X[[i]], ...) :
     no non-missing arguments to max; returning -Inf
    Warning in FUN(X[[i]], ...) :
     no non-missing arguments to max; returning -Inf
    Warning in FUN(X[[i]], ...) :
     no non-missing arguments to max; returning -Inf
    Warning in FUN(X[[i]], ...) :
     no non-missing arguments to max; returning -Inf
    Warning in FUN(X[[i]], ...) :
     no non-missing arguments to max; returning -Inf
    Warning in FUN(X[[i]], ...) :
     no non-missing arguments to max; returning -Inf
    Warning in FUN(X[[i]], ...) :
     no non-missing arguments to max; returning -Inf
    Warning in FUN(X[[i]], ...) :
     no non-missing arguments to max; returning -Inf
    Warning in FUN(X[[i]], ...) :
     no non-missing arguments to max; returning -Inf
    Warning in FUN(X[[i]], ...) :
     no non-missing arguments to max; returning -Inf
    Warning in FUN(X[[i]], ...) :
     no non-missing arguments to max; returning -Inf
    Warning in interpollen(data, method = int.method) :
     WARNING: Gaps with more than 30 missing data have not been interpolated
    Warning in FUN(X[[i]], ...) :
     no non-missing arguments to min; returning Inf
    Warning in FUN(X[[i]], ...) :
     no non-missing arguments to min; returning Inf
    Warning in FUN(X[[i]], ...) :
     no non-missing arguments to min; returning Inf
    Warning in FUN(X[[i]], ...) :
     no non-missing arguments to min; returning Inf
    Warning in FUN(X[[i]], ...) :
     no non-missing arguments to min; returning Inf
    Warning in FUN(X[[i]], ...) :
     no non-missing arguments to min; returning Inf
    Warning in FUN(X[[i]], ...) :
     no non-missing arguments to min; returning Inf
    Warning in FUN(X[[i]], ...) :
     no non-missing arguments to min; returning Inf
    Warning in FUN(X[[i]], ...) :
     no non-missing arguments to min; returning Inf
    Warning in FUN(X[[i]], ...) :
     no non-missing arguments to min; returning Inf
    Warning in FUN(X[[i]], ...) :
     no non-missing arguments to min; returning Inf
    Warning in FUN(X[[i]], ...) :
     no non-missing arguments to min; returning Inf
    Warning in FUN(X[[i]], ...) :
     no non-missing arguments to min; returning Inf
    Warning in FUN(X[[i]], ...) :
     no non-missing arguments to min; returning Inf
    Warning in FUN(X[[i]], ...) :
     no non-missing arguments to min; returning Inf
    Warning in FUN(X[[i]], ...) :
     no non-missing arguments to min; returning Inf
    Warning in FUN(X[[i]], ...) :
     no non-missing arguments to min; returning Inf
    Warning in FUN(X[[i]], ...) :
     no non-missing arguments to min; returning Inf
    Warning in FUN(X[[i]], ...) :
     no non-missing arguments to min; returning Inf
    Warning in FUN(X[[i]], ...) :
     no non-missing arguments to min; returning Inf
    Warning in FUN(X[[i]], ...) :
     no non-missing arguments to min; returning Inf
    Warning in FUN(X[[i]], ...) :
     no non-missing arguments to min; returning Inf
    Warning in FUN(X[[i]], ...) :
     no non-missing arguments to min; returning Inf
    Warning in FUN(X[[i]], ...) :
     no non-missing arguments to min; returning Inf
    Warning in FUN(X[[i]], ...) :
     no non-missing arguments to min; returning Inf
    Warning in FUN(X[[i]], ...) :
     no non-missing arguments to min; returning Inf
    Warning in FUN(X[[i]], ...) :
     no non-missing arguments to min; returning Inf
    Warning in FUN(X[[i]], ...) :
     no non-missing arguments to min; returning Inf
    Warning in FUN(X[[i]], ...) :
     no non-missing arguments to min; returning Inf
    Warning in FUN(X[[i]], ...) :
     no non-missing arguments to min; returning Inf
    Warning in FUN(X[[i]], ...) :
     no non-missing arguments to min; returning Inf
    Warning in FUN(X[[i]], ...) :
     no non-missing arguments to min; returning Inf
    Warning in FUN(X[[i]], ...) :
     no non-missing arguments to min; returning Inf
    Warning in FUN(X[[i]], ...) :
     no non-missing arguments to min; returning Inf
    Warning in FUN(X[[i]], ...) :
     no non-missing arguments to min; returning Inf
    Warning in FUN(X[[i]], ...) :
     no non-missing arguments to min; returning Inf
    Warning in FUN(X[[i]], ...) :
     no non-missing arguments to min; returning Inf
    Warning in FUN(X[[i]], ...) :
     no non-missing arguments to min; returning Inf
    Warning in FUN(X[[i]], ...) :
     no non-missing arguments to min; returning Inf
    Warning in FUN(X[[i]], ...) :
     no non-missing arguments to min; returning Inf
    Warning in FUN(X[[i]], ...) :
     no non-missing arguments to min; returning Inf
    Warning in FUN(X[[i]], ...) :
     no non-missing arguments to min; returning Inf
    Warning in FUN(X[[i]], ...) :
     no non-missing arguments to min; returning Inf
    Warning in FUN(X[[i]], ...) :
     no non-missing arguments to min; returning Inf
    Warning in FUN(X[[i]], ...) :
     no non-missing arguments to min; returning Inf
    Warning in FUN(X[[i]], ...) :
     no non-missing arguments to min; returning Inf
    Warning in FUN(X[[i]], ...) :
     no non-missing arguments to min; returning Inf
    Warning in FUN(X[[i]], ...) :
     no non-missing arguments to min; returning Inf
    Warning in FUN(X[[i]], ...) :
     no non-missing arguments to min; returning Inf
    Warning in FUN(X[[i]], ...) :
     no non-missing arguments to min; returning Inf
    Warning in FUN(X[[i]], ...) :
     no non-missing arguments to min; returning Inf
    Warning in FUN(X[[i]], ...) :
     no non-missing arguments to min; returning Inf
    Warning in FUN(X[[i]], ...) :
     no non-missing arguments to min; returning Inf
    Warning in FUN(X[[i]], ...) :
     no non-missing arguments to min; returning Inf
    Warning in FUN(X[[i]], ...) :
     no non-missing arguments to min; returning Inf
    Warning in FUN(X[[i]], ...) :
     no non-missing arguments to min; returning Inf
    Warning in FUN(X[[i]], ...) :
     no non-missing arguments to min; returning Inf
    Warning in FUN(X[[i]], ...) :
     no non-missing arguments to min; returning Inf
    Warning in FUN(X[[i]], ...) :
     no non-missing arguments to min; returning Inf
    Warning in FUN(X[[i]], ...) :
     no non-missing arguments to min; returning Inf
    Warning in FUN(X[[i]], ...) :
     no non-missing arguments to min; returning Inf
    Warning in FUN(X[[i]], ...) :
     no non-missing arguments to min; returning Inf
    Warning in FUN(X[[i]], ...) :
     no non-missing arguments to min; returning Inf
    Warning in FUN(X[[i]], ...) :
     no non-missing arguments to min; returning Inf
    Warning in FUN(X[[i]], ...) :
     no non-missing arguments to min; returning Inf
    Warning in FUN(X[[i]], ...) :
     no non-missing arguments to min; returning Inf
    Warning in FUN(X[[i]], ...) :
     no non-missing arguments to min; returning Inf
    Warning in FUN(X[[i]], ...) :
     no non-missing arguments to min; returning Inf
    Warning in FUN(X[[i]], ...) :
     no non-missing arguments to min; returning Inf
    Warning in FUN(X[[i]], ...) :
     no non-missing arguments to min; returning Inf
    Warning in FUN(X[[i]], ...) :
     no non-missing arguments to min; returning Inf
    Warning in FUN(X[[i]], ...) :
     no non-missing arguments to min; returning Inf
    Warning in FUN(X[[i]], ...) :
     no non-missing arguments to min; returning Inf
    Warning in FUN(X[[i]], ...) :
     no non-missing arguments to min; returning Inf
    Warning in FUN(X[[i]], ...) :
     no non-missing arguments to min; returning Inf
    Warning in FUN(X[[i]], ...) :
     no non-missing arguments to min; returning Inf
    Warning in FUN(X[[i]], ...) :
     no non-missing arguments to min; returning Inf
    Warning in FUN(X[[i]], ...) :
     no non-missing arguments to min; returning Inf
    Warning in FUN(X[[i]], ...) :
     no non-missing arguments to min; returning Inf
    Warning in FUN(X[[i]], ...) :
     no non-missing arguments to min; returning Inf
    Warning in FUN(X[[i]], ...) :
     no non-missing arguments to min; returning Inf
    Warning in FUN(X[[i]], ...) :
     no non-missing arguments to min; returning Inf
    Warning in FUN(X[[i]], ...) :
     no non-missing arguments to min; returning Inf
    Warning in FUN(X[[i]], ...) :
     no non-missing arguments to min; returning Inf
    Warning in FUN(X[[i]], ...) :
     no non-missing arguments to min; returning Inf
    Warning in FUN(X[[i]], ...) :
     no non-missing arguments to min; returning Inf
    Warning in FUN(X[[i]], ...) :
     no non-missing arguments to min; returning Inf
    Warning in FUN(X[[i]], ...) :
     no non-missing arguments to min; returning Inf
    Warning in FUN(X[[i]], ...) :
     no non-missing arguments to max; returning -Inf
    Warning in FUN(X[[i]], ...) :
     no non-missing arguments to max; returning -Inf
    Warning in FUN(X[[i]], ...) :
     no non-missing arguments to max; returning -Inf
    Warning in FUN(X[[i]], ...) :
     no non-missing arguments to max; returning -Inf
    Warning in FUN(X[[i]], ...) :
     no non-missing arguments to max; returning -Inf
    Warning in FUN(X[[i]], ...) :
     no non-missing arguments to max; returning -Inf
    Warning in FUN(X[[i]], ...) :
     no non-missing arguments to max; returning -Inf
    Warning in FUN(X[[i]], ...) :
     no non-missing arguments to max; returning -Inf
    Warning in FUN(X[[i]], ...) :
     no non-missing arguments to max; returning -Inf
    Warning in FUN(X[[i]], ...) :
     no non-missing arguments to max; returning -Inf
    Warning in FUN(X[[i]], ...) :
     no non-missing arguments to max; returning -Inf
    Warning in FUN(X[[i]], ...) :
     no non-missing arguments to max; returning -Inf
    Warning in FUN(X[[i]], ...) :
     no non-missing arguments to max; returning -Inf
    Warning in FUN(X[[i]], ...) :
     no non-missing arguments to max; returning -Inf
    Warning in FUN(X[[i]], ...) :
     no non-missing arguments to max; returning -Inf
    Warning in FUN(X[[i]], ...) :
     no non-missing arguments to max; returning -Inf
    Warning in FUN(X[[i]], ...) :
     no non-missing arguments to max; returning -Inf
    Warning in FUN(X[[i]], ...) :
     no non-missing arguments to max; returning -Inf
    Warning in FUN(X[[i]], ...) :
     no non-missing arguments to max; returning -Inf
    Warning in FUN(X[[i]], ...) :
     no non-missing arguments to max; returning -Inf
    Warning in FUN(X[[i]], ...) :
     no non-missing arguments to max; returning -Inf
    Warning in FUN(X[[i]], ...) :
     no non-missing arguments to max; returning -Inf
    Warning in FUN(X[[i]], ...) :
     no non-missing arguments to max; returning -Inf
    Warning in FUN(X[[i]], ...) :
     no non-missing arguments to max; returning -Inf
    Warning in FUN(X[[i]], ...) :
     no non-missing arguments to max; returning -Inf
    Warning in FUN(X[[i]], ...) :
     no non-missing arguments to max; returning -Inf
    Warning in FUN(X[[i]], ...) :
     no non-missing arguments to max; returning -Inf
    Warning in FUN(X[[i]], ...) :
     no non-missing arguments to max; returning -Inf
    Warning in FUN(X[[i]], ...) :
     no non-missing arguments to max; returning -Inf
    Warning in FUN(X[[i]], ...) :
     no non-missing arguments to max; returning -Inf
    Warning in FUN(X[[i]], ...) :
     no non-missing arguments to max; returning -Inf
    Warning in FUN(X[[i]], ...) :
     no non-missing arguments to max; returning -Inf
    Warning in FUN(X[[i]], ...) :
     no non-missing arguments to max; returning -Inf
    Warning in FUN(X[[i]], ...) :
     no non-missing arguments to max; returning -Inf
    Warning in FUN(X[[i]], ...) :
     no non-missing arguments to max; returning -Inf
    Warning in FUN(X[[i]], ...) :
     no non-missing arguments to max; returning -Inf
    Warning in FUN(X[[i]], ...) :
     no non-missing arguments to max; returning -Inf
    Warning in FUN(X[[i]], ...) :
     no non-missing arguments to max; returning -Inf
    Warning in FUN(X[[i]], ...) :
     no non-missing arguments to max; returning -Inf
    Warning in FUN(X[[i]], ...) :
     no non-missing arguments to max; returning -Inf
    Warning in FUN(X[[i]], ...) :
     no non-missing arguments to max; returning -Inf
    Warning in FUN(X[[i]], ...) :
     no non-missing arguments to max; returning -Inf
    Warning in FUN(X[[i]], ...) :
     no non-missing arguments to max; returning -Inf
    Warning in FUN(X[[i]], ...) :
     no non-missing arguments to max; returning -Inf
    Warning in FUN(X[[i]], ...) :
     no non-missing arguments to max; returning -Inf
    Warning in FUN(X[[i]], ...) :
     no non-missing arguments to max; returning -Inf
    Warning in FUN(X[[i]], ...) :
     no non-missing arguments to max; returning -Inf
    Warning in FUN(X[[i]], ...) :
     no non-missing arguments to max; returning -Inf
    Warning in FUN(X[[i]], ...) :
     no non-missing arguments to max; returning -Inf
    Warning in FUN(X[[i]], ...) :
     no non-missing arguments to max; returning -Inf
    Warning in FUN(X[[i]], ...) :
     no non-missing arguments to max; returning -Inf
    Warning in FUN(X[[i]], ...) :
     no non-missing arguments to max; returning -Inf
    Warning in FUN(X[[i]], ...) :
     no non-missing arguments to max; returning -Inf
    Warning in FUN(X[[i]], ...) :
     no non-missing arguments to max; returning -Inf
    Warning in FUN(X[[i]], ...) :
     no non-missing arguments to max; returning -Inf
    Warning in FUN(X[[i]], ...) :
     no non-missing arguments to max; returning -Inf
    Warning in FUN(X[[i]], ...) :
     no non-missing arguments to max; returning -Inf
    Warning in FUN(X[[i]], ...) :
     no non-missing arguments to max; returning -Inf
    Warning in FUN(X[[i]], ...) :
     no non-missing arguments to max; returning -Inf
    Warning in FUN(X[[i]], ...) :
     no non-missing arguments to max; returning -Inf
    Warning in FUN(X[[i]], ...) :
     no non-missing arguments to max; returning -Inf
    Warning in FUN(X[[i]], ...) :
     no non-missing arguments to max; returning -Inf
    Warning in FUN(X[[i]], ...) :
     no non-missing arguments to max; returning -Inf
    Warning in FUN(X[[i]], ...) :
     no non-missing arguments to max; returning -Inf
    Warning in FUN(X[[i]], ...) :
     no non-missing arguments to max; returning -Inf
    Warning in FUN(X[[i]], ...) :
     no non-missing arguments to max; returning -Inf
    Warning in FUN(X[[i]], ...) :
     no non-missing arguments to max; returning -Inf
    Warning in FUN(X[[i]], ...) :
     no non-missing arguments to max; returning -Inf
    Warning in FUN(X[[i]], ...) :
     no non-missing arguments to max; returning -Inf
    Warning in FUN(X[[i]], ...) :
     no non-missing arguments to max; returning -Inf
    Warning in FUN(X[[i]], ...) :
     no non-missing arguments to max; returning -Inf
    Warning in FUN(X[[i]], ...) :
     no non-missing arguments to max; returning -Inf
    Warning in FUN(X[[i]], ...) :
     no non-missing arguments to max; returning -Inf
    Warning in FUN(X[[i]], ...) :
     no non-missing arguments to max; returning -Inf
    Warning in FUN(X[[i]], ...) :
     no non-missing arguments to max; returning -Inf
    Warning in FUN(X[[i]], ...) :
     no non-missing arguments to max; returning -Inf
    Warning in FUN(X[[i]], ...) :
     no non-missing arguments to max; returning -Inf
    Warning in FUN(X[[i]], ...) :
     no non-missing arguments to max; returning -Inf
    Warning in FUN(X[[i]], ...) :
     no non-missing arguments to max; returning -Inf
    Warning in FUN(X[[i]], ...) :
     no non-missing arguments to max; returning -Inf
    Warning in FUN(X[[i]], ...) :
     no non-missing arguments to max; returning -Inf
    Warning in FUN(X[[i]], ...) :
     no non-missing arguments to max; returning -Inf
    Warning in FUN(X[[i]], ...) :
     no non-missing arguments to max; returning -Inf
    Warning in FUN(X[[i]], ...) :
     no non-missing arguments to max; returning -Inf
    Warning in FUN(X[[i]], ...) :
     no non-missing arguments to max; returning -Inf
    Warning in FUN(X[[i]], ...) :
     no non-missing arguments to max; returning -Inf
    Warning in FUN(X[[i]], ...) :
     no non-missing arguments to max; returning -Inf
    Warning in FUN(X[[i]], ...) :
     no non-missing arguments to max; returning -Inf
    Warning: Use of `filtertrend$variable` is discouraged. Use `variable` instead.
    Warning: Use of `filtertrend$significant` is discouraged. Use `significant` instead.
    Warning: Use of `filtertrend$p` is discouraged. Use `p` instead.
    Warning: Use of `filtertrend2$significant` is discouraged. Use `significant` instead.
    Warning: Use of `filtertrend2$p` is discouraged. Use `p` instead.
    Warning: Use of `trendtime2$significant` is discouraged. Use `significant` instead.
    Warning: Use of `trendtime2$p` is discouraged. Use `p` instead.
    Warning: Use of `trendtime2$significant` is discouraged. Use `significant` instead.
    Warning: Use of `trendtime2$p` is discouraged. Use `p` instead.
    Warning: Removed 16 rows containing missing values (geom_point).
    Warning: Use of `filtertrend$variable` is discouraged. Use `variable` instead.
    Warning: Use of `filtertrend$significant` is discouraged. Use `significant` instead.
    Warning: Use of `filtertrend$p` is discouraged. Use `p` instead.
    Warning: Use of `filtertrend2$significant` is discouraged. Use `significant` instead.
    Warning: Use of `filtertrend2$p` is discouraged. Use `p` instead.
    Quitting from lines 782-783 (my-vignette.Rmd)
    Error: processing vignette 'my-vignette.Rmd' failed with diagnostics:
    invalid 'path' argument
    --- failed re-building ‘my-vignette.Rmd’
    
    SUMMARY: processing the following file failed:
     ‘my-vignette.Rmd’
    
    Error: Vignette re-building failed.
    Execution halted
Flavor: r-release-macos-x86_64

Version: 2.0.1
Check: re-building of vignette outputs
Result: WARN
    Error(s) in re-building vignettes:
    --- re-building ‘my-vignette.Rmd’ using rmarkdown
    Warning in engine$weave(file, quiet = quiet, encoding = enc) :
     Pandoc (>= 1.12.3) and/or pandoc-citeproc not available. Falling back to R Markdown v1.
    Warning: Continuous limits supplied to discrete scale.
    Did you mean `limits = factor(...)` or `scale_*_continuous()`?
    Warning: Continuous limits supplied to discrete scale.
    Did you mean `limits = factor(...)` or `scale_*_continuous()`?
    Warning: Continuous limits supplied to discrete scale.
    Did you mean `limits = factor(...)` or `scale_*_continuous()`?
    Warning in interpollen(munich_pollen[, c(1, 6)], method = "lineal", plot = TRUE, :
     WARNING: Gaps with more than 30 missing data have not been interpolated
    Warning in interpollen(munich_pollen[, c(1, 6)], method = "lineal", plot = FALSE, :
     WARNING: Gaps with more than 30 missing data have not been interpolated
    Warning in doTryCatch(return(expr), name, parentenv, handler) :
     WARNING! moving average is calculated for n: 23
    Warning in doTryCatch(return(expr), name, parentenv, handler) :
     WARNING! moving average is calculated for n: 11
    Warning in doTryCatch(return(expr), name, parentenv, handler) :
     WARNING! moving average is calculated for n: 15
    Warning in doTryCatch(return(expr), name, parentenv, handler) :
     WARNING! moving average is calculated for n: 9
    Warning in doTryCatch(return(expr), name, parentenv, handler) :
     WARNING! moving average is calculated for n: 45
    Warning in interpollen(munich_pollen[, c(1, 6)], method = "movingmean", :
     WARNING: Gaps with more than 30 missing data have not been interpolated
    Warning in interpollen(munich_pollen[, c(1, 6)], method = "spline", ndays = 3, :
     WARNING: Gaps with more than 30 missing data have not been interpolated
    Warning in interpollen(munich_pollen[, c(1, 6)], method = "spline", ndays = 5, :
     WARNING: Gaps with more than 30 missing data have not been interpolated
    Warning in interpollen(munich_pollen, method = "tseries", plot = TRUE) :
     WARNING: 'maxdays' argument doesn't work with this method. All gaps will be interpolated.
    Warning in interpollen(data, method = int.method, maxdays = maxdays, plot = F) :
     WARNING: Gaps with more than 30 missing data have not been interpolated
    Warning in interpollen(data, method = int.method, maxdays = maxdays, plot = F) :
     WARNING: Gaps with more than 30 missing data have not been interpolated
    Warning in interpollen(data, method = int.method, maxdays = maxdays, plot = F) :
     WARNING: Gaps with more than 30 missing data have not been interpolated
    Warning in interpollen(data, method = int.method, maxdays = maxdays, plot = F) :
     WARNING: Gaps with more than 30 missing data have not been interpolated
    Warning in interpollen(data, method = int.method, maxdays = maxdays, plot = F) :
     WARNING: Gaps with more than 30 missing data have not been interpolated
    Warning in interpollen(data, method = int.method, maxdays = maxdays, plot = F) :
     WARNING: Gaps with more than 30 missing data have not been interpolated
    Warning in interpollen(data, method = int.method, maxdays = maxdays, plot = F) :
     WARNING: Gaps with more than 30 missing data have not been interpolated
    Warning in interpollen(data, method = int.method, maxdays = maxdays, plot = F) :
     WARNING: Gaps with more than 30 missing data have not been interpolated
    Warning in interpollen(data, method = int.method, maxdays = maxdays, plot = F) :
     WARNING: Gaps with more than 30 missing data have not been interpolated
    Warning in interpollen(data, method = int.method, maxdays = maxdays, plot = F) :
     WARNING: Gaps with more than 30 missing data have not been interpolated
    Warning in interpollen(data, method = int.method, maxdays = maxdays, plot = F) :
     WARNING: Gaps with more than 30 missing data have not been interpolated
    Warning in interpollen(munich_pollen, method = "spline", ndays = 3, spar = 0.7, :
     WARNING: Gaps with more than 3 missing data have not been interpolated
    Warning in interpollen(data, method = int.method, maxdays = maxdays, plot = F) :
     WARNING: Gaps with more than 30 missing data have not been interpolated
    Warning in interpollen(data = dataframe, method = int.method, plot = FALSE) :
     WARNING: Gaps with more than 30 missing data have not been interpolated
    Warning: Removed 21 rows containing missing values (position_stack).
    Warning: Removed 161 rows containing missing values (position_stack).
    Warning: Removed 89 rows containing missing values (position_stack).
    Warning: Removed 21 row(s) containing missing values (geom_path).
    Warning in pollen_calendar(munich_pollen, method = "heatplot", period = "daily", :
     WARNING: the number of columns is smaller than 'n.types' argument. 'n.types' adjusted to 8
    Warning in pollen_calendar(munich_pollen, method = "heatplot", period = "daily", :
     WARNING: the number of columns is smaller than 'n.types' argument. 'n.types' adjusted to 8
    Warning in pollen_calendar(data = munich_pollen, method = "heatplot", period = "daily", :
     WARNING: the number of columns is smaller than 'n.types' argument. 'n.types' adjusted to 8
    Warning in pollen_calendar(data = munich_pollen, method = "heatplot", period = "daily", :
     WARNING: the number of columns is smaller than 'n.types' argument. 'n.types' adjusted to 8
    Warning in pollen_calendar(data = munich_pollen, method = "phenological", :
     WARNING: the number of columns is smaller than 'n.types' argument. 'n.types' adjusted to 8
    Warning in pollen_calendar(data = munich_pollen, method = "violinplot", :
     WARNING: the number of columns is smaller than 'n.types' argument. 'n.types' adjusted to 8
    Warning in pollen_calendar(data = munich_pollen, method = "violinplot", :
     WARNING: the number of columns is smaller than 'n.types' argument. 'n.types' adjusted to 8
    Warning in interpollen(data, method = int.method) :
     WARNING: Gaps with more than 30 missing data have not been interpolated
    Warning: Removed 436 row(s) containing missing values (geom_path).
    Warning in interpollen(data, method = int.method) :
     WARNING: Gaps with more than 30 missing data have not been interpolated
    Warning: Removed 416 row(s) containing missing values (geom_path).
    Warning in interpollen(data, method = int.method) :
     WARNING: Gaps with more than 30 missing data have not been interpolated
    Warning: Removed 416 row(s) containing missing values (geom_path).
    Warning in interpollen(data, method = int.method) :
     WARNING: Gaps with more than 30 missing data have not been interpolated
    Warning in FUN(X[[i]], ...) :
     no non-missing arguments to min; returning Inf
    Warning in FUN(X[[i]], ...) :
     no non-missing arguments to min; returning Inf
    Warning in FUN(X[[i]], ...) :
     no non-missing arguments to min; returning Inf
    Warning in FUN(X[[i]], ...) :
     no non-missing arguments to min; returning Inf
    Warning in FUN(X[[i]], ...) :
     no non-missing arguments to min; returning Inf
    Warning in FUN(X[[i]], ...) :
     no non-missing arguments to min; returning Inf
    Warning in FUN(X[[i]], ...) :
     no non-missing arguments to min; returning Inf
    Warning in FUN(X[[i]], ...) :
     no non-missing arguments to min; returning Inf
    Warning in FUN(X[[i]], ...) :
     no non-missing arguments to min; returning Inf
    Warning in FUN(X[[i]], ...) :
     no non-missing arguments to min; returning Inf
    Warning in FUN(X[[i]], ...) :
     no non-missing arguments to min; returning Inf
    Warning in FUN(X[[i]], ...) :
     no non-missing arguments to min; returning Inf
    Warning in FUN(X[[i]], ...) :
     no non-missing arguments to min; returning Inf
    Warning in FUN(X[[i]], ...) :
     no non-missing arguments to min; returning Inf
    Warning in FUN(X[[i]], ...) :
     no non-missing arguments to min; returning Inf
    Warning in FUN(X[[i]], ...) :
     no non-missing arguments to min; returning Inf
    Warning in FUN(X[[i]], ...) :
     no non-missing arguments to min; returning Inf
    Warning in FUN(X[[i]], ...) :
     no non-missing arguments to min; returning Inf
    Warning in FUN(X[[i]], ...) :
     no non-missing arguments to min; returning Inf
    Warning in FUN(X[[i]], ...) :
     no non-missing arguments to min; returning Inf
    Warning in FUN(X[[i]], ...) :
     no non-missing arguments to min; returning Inf
    Warning in FUN(X[[i]], ...) :
     no non-missing arguments to min; returning Inf
    Warning in FUN(X[[i]], ...) :
     no non-missing arguments to min; returning Inf
    Warning in FUN(X[[i]], ...) :
     no non-missing arguments to min; returning Inf
    Warning in FUN(X[[i]], ...) :
     no non-missing arguments to min; returning Inf
    Warning in FUN(X[[i]], ...) :
     no non-missing arguments to min; returning Inf
    Warning in FUN(X[[i]], ...) :
     no non-missing arguments to min; returning Inf
    Warning in FUN(X[[i]], ...) :
     no non-missing arguments to min; returning Inf
    Warning in FUN(X[[i]], ...) :
     no non-missing arguments to min; returning Inf
    Warning in FUN(X[[i]], ...) :
     no non-missing arguments to min; returning Inf
    Warning in FUN(X[[i]], ...) :
     no non-missing arguments to min; returning Inf
    Warning in FUN(X[[i]], ...) :
     no non-missing arguments to min; returning Inf
    Warning in FUN(X[[i]], ...) :
     no non-missing arguments to min; returning Inf
    Warning in FUN(X[[i]], ...) :
     no non-missing arguments to min; returning Inf
    Warning in FUN(X[[i]], ...) :
     no non-missing arguments to min; returning Inf
    Warning in FUN(X[[i]], ...) :
     no non-missing arguments to min; returning Inf
    Warning in FUN(X[[i]], ...) :
     no non-missing arguments to min; returning Inf
    Warning in FUN(X[[i]], ...) :
     no non-missing arguments to min; returning Inf
    Warning in FUN(X[[i]], ...) :
     no non-missing arguments to min; returning Inf
    Warning in FUN(X[[i]], ...) :
     no non-missing arguments to min; returning Inf
    Warning in FUN(X[[i]], ...) :
     no non-missing arguments to min; returning Inf
    Warning in FUN(X[[i]], ...) :
     no non-missing arguments to min; returning Inf
    Warning in FUN(X[[i]], ...) :
     no non-missing arguments to min; returning Inf
    Warning in FUN(X[[i]], ...) :
     no non-missing arguments to min; returning Inf
    Warning in FUN(X[[i]], ...) :
     no non-missing arguments to min; returning Inf
    Warning in FUN(X[[i]], ...) :
     no non-missing arguments to min; returning Inf
    Warning in FUN(X[[i]], ...) :
     no non-missing arguments to min; returning Inf
    Warning in FUN(X[[i]], ...) :
     no non-missing arguments to min; returning Inf
    Warning in FUN(X[[i]], ...) :
     no non-missing arguments to min; returning Inf
    Warning in FUN(X[[i]], ...) :
     no non-missing arguments to min; returning Inf
    Warning in FUN(X[[i]], ...) :
     no non-missing arguments to min; returning Inf
    Warning in FUN(X[[i]], ...) :
     no non-missing arguments to min; returning Inf
    Warning in FUN(X[[i]], ...) :
     no non-missing arguments to min; returning Inf
    Warning in FUN(X[[i]], ...) :
     no non-missing arguments to min; returning Inf
    Warning in FUN(X[[i]], ...) :
     no non-missing arguments to min; returning Inf
    Warning in FUN(X[[i]], ...) :
     no non-missing arguments to min; returning Inf
    Warning in FUN(X[[i]], ...) :
     no non-missing arguments to min; returning Inf
    Warning in FUN(X[[i]], ...) :
     no non-missing arguments to min; returning Inf
    Warning in FUN(X[[i]], ...) :
     no non-missing arguments to min; returning Inf
    Warning in FUN(X[[i]], ...) :
     no non-missing arguments to min; returning Inf
    Warning in FUN(X[[i]], ...) :
     no non-missing arguments to min; returning Inf
    Warning in FUN(X[[i]], ...) :
     no non-missing arguments to min; returning Inf
    Warning in FUN(X[[i]], ...) :
     no non-missing arguments to min; returning Inf
    Warning in FUN(X[[i]], ...) :
     no non-missing arguments to min; returning Inf
    Warning in FUN(X[[i]], ...) :
     no non-missing arguments to min; returning Inf
    Warning in FUN(X[[i]], ...) :
     no non-missing arguments to min; returning Inf
    Warning in FUN(X[[i]], ...) :
     no non-missing arguments to min; returning Inf
    Warning in FUN(X[[i]], ...) :
     no non-missing arguments to min; returning Inf
    Warning in FUN(X[[i]], ...) :
     no non-missing arguments to min; returning Inf
    Warning in FUN(X[[i]], ...) :
     no non-missing arguments to min; returning Inf
    Warning in FUN(X[[i]], ...) :
     no non-missing arguments to min; returning Inf
    Warning in FUN(X[[i]], ...) :
     no non-missing arguments to min; returning Inf
    Warning in FUN(X[[i]], ...) :
     no non-missing arguments to min; returning Inf
    Warning in FUN(X[[i]], ...) :
     no non-missing arguments to min; returning Inf
    Warning in FUN(X[[i]], ...) :
     no non-missing arguments to min; returning Inf
    Warning in FUN(X[[i]], ...) :
     no non-missing arguments to min; returning Inf
    Warning in FUN(X[[i]], ...) :
     no non-missing arguments to min; returning Inf
    Warning in FUN(X[[i]], ...) :
     no non-missing arguments to min; returning Inf
    Warning in FUN(X[[i]], ...) :
     no non-missing arguments to min; returning Inf
    Warning in FUN(X[[i]], ...) :
     no non-missing arguments to min; returning Inf
    Warning in FUN(X[[i]], ...) :
     no non-missing arguments to min; returning Inf
    Warning in FUN(X[[i]], ...) :
     no non-missing arguments to min; returning Inf
    Warning in FUN(X[[i]], ...) :
     no non-missing arguments to min; returning Inf
    Warning in FUN(X[[i]], ...) :
     no non-missing arguments to min; returning Inf
    Warning in FUN(X[[i]], ...) :
     no non-missing arguments to min; returning Inf
    Warning in FUN(X[[i]], ...) :
     no non-missing arguments to min; returning Inf
    Warning in FUN(X[[i]], ...) :
     no non-missing arguments to min; returning Inf
    Warning in FUN(X[[i]], ...) :
     no non-missing arguments to min; returning Inf
    Warning in FUN(X[[i]], ...) :
     no non-missing arguments to max; returning -Inf
    Warning in FUN(X[[i]], ...) :
     no non-missing arguments to max; returning -Inf
    Warning in FUN(X[[i]], ...) :
     no non-missing arguments to max; returning -Inf
    Warning in FUN(X[[i]], ...) :
     no non-missing arguments to max; returning -Inf
    Warning in FUN(X[[i]], ...) :
     no non-missing arguments to max; returning -Inf
    Warning in FUN(X[[i]], ...) :
     no non-missing arguments to max; returning -Inf
    Warning in FUN(X[[i]], ...) :
     no non-missing arguments to max; returning -Inf
    Warning in FUN(X[[i]], ...) :
     no non-missing arguments to max; returning -Inf
    Warning in FUN(X[[i]], ...) :
     no non-missing arguments to max; returning -Inf
    Warning in FUN(X[[i]], ...) :
     no non-missing arguments to max; returning -Inf
    Warning in FUN(X[[i]], ...) :
     no non-missing arguments to max; returning -Inf
    Warning in FUN(X[[i]], ...) :
     no non-missing arguments to max; returning -Inf
    Warning in FUN(X[[i]], ...) :
     no non-missing arguments to max; returning -Inf
    Warning in FUN(X[[i]], ...) :
     no non-missing arguments to max; returning -Inf
    Warning in FUN(X[[i]], ...) :
     no non-missing arguments to max; returning -Inf
    Warning in FUN(X[[i]], ...) :
     no non-missing arguments to max; returning -Inf
    Warning in FUN(X[[i]], ...) :
     no non-missing arguments to max; returning -Inf
    Warning in FUN(X[[i]], ...) :
     no non-missing arguments to max; returning -Inf
    Warning in FUN(X[[i]], ...) :
     no non-missing arguments to max; returning -Inf
    Warning in FUN(X[[i]], ...) :
     no non-missing arguments to max; returning -Inf
    Warning in FUN(X[[i]], ...) :
     no non-missing arguments to max; returning -Inf
    Warning in FUN(X[[i]], ...) :
     no non-missing arguments to max; returning -Inf
    Warning in FUN(X[[i]], ...) :
     no non-missing arguments to max; returning -Inf
    Warning in FUN(X[[i]], ...) :
     no non-missing arguments to max; returning -Inf
    Warning in FUN(X[[i]], ...) :
     no non-missing arguments to max; returning -Inf
    Warning in FUN(X[[i]], ...) :
     no non-missing arguments to max; returning -Inf
    Warning in FUN(X[[i]], ...) :
     no non-missing arguments to max; returning -Inf
    Warning in FUN(X[[i]], ...) :
     no non-missing arguments to max; returning -Inf
    Warning in FUN(X[[i]], ...) :
     no non-missing arguments to max; returning -Inf
    Warning in FUN(X[[i]], ...) :
     no non-missing arguments to max; returning -Inf
    Warning in FUN(X[[i]], ...) :
     no non-missing arguments to max; returning -Inf
    Warning in FUN(X[[i]], ...) :
     no non-missing arguments to max; returning -Inf
    Warning in FUN(X[[i]], ...) :
     no non-missing arguments to max; returning -Inf
    Warning in FUN(X[[i]], ...) :
     no non-missing arguments to max; returning -Inf
    Warning in FUN(X[[i]], ...) :
     no non-missing arguments to max; returning -Inf
    Warning in FUN(X[[i]], ...) :
     no non-missing arguments to max; returning -Inf
    Warning in FUN(X[[i]], ...) :
     no non-missing arguments to max; returning -Inf
    Warning in FUN(X[[i]], ...) :
     no non-missing arguments to max; returning -Inf
    Warning in FUN(X[[i]], ...) :
     no non-missing arguments to max; returning -Inf
    Warning in FUN(X[[i]], ...) :
     no non-missing arguments to max; returning -Inf
    Warning in FUN(X[[i]], ...) :
     no non-missing arguments to max; returning -Inf
    Warning in FUN(X[[i]], ...) :
     no non-missing arguments to max; returning -Inf
    Warning in FUN(X[[i]], ...) :
     no non-missing arguments to max; returning -Inf
    Warning in FUN(X[[i]], ...) :
     no non-missing arguments to max; returning -Inf
    Warning in FUN(X[[i]], ...) :
     no non-missing arguments to max; returning -Inf
    Warning in FUN(X[[i]], ...) :
     no non-missing arguments to max; returning -Inf
    Warning in FUN(X[[i]], ...) :
     no non-missing arguments to max; returning -Inf
    Warning in FUN(X[[i]], ...) :
     no non-missing arguments to max; returning -Inf
    Warning in FUN(X[[i]], ...) :
     no non-missing arguments to max; returning -Inf
    Warning in FUN(X[[i]], ...) :
     no non-missing arguments to max; returning -Inf
    Warning in FUN(X[[i]], ...) :
     no non-missing arguments to max; returning -Inf
    Warning in FUN(X[[i]], ...) :
     no non-missing arguments to max; returning -Inf
    Warning in FUN(X[[i]], ...) :
     no non-missing arguments to max; returning -Inf
    Warning in FUN(X[[i]], ...) :
     no non-missing arguments to max; returning -Inf
    Warning in FUN(X[[i]], ...) :
     no non-missing arguments to max; returning -Inf
    Warning in FUN(X[[i]], ...) :
     no non-missing arguments to max; returning -Inf
    Warning in FUN(X[[i]], ...) :
     no non-missing arguments to max; returning -Inf
    Warning in FUN(X[[i]], ...) :
     no non-missing arguments to max; returning -Inf
    Warning in FUN(X[[i]], ...) :
     no non-missing arguments to max; returning -Inf
    Warning in FUN(X[[i]], ...) :
     no non-missing arguments to max; returning -Inf
    Warning in FUN(X[[i]], ...) :
     no non-missing arguments to max; returning -Inf
    Warning in FUN(X[[i]], ...) :
     no non-missing arguments to max; returning -Inf
    Warning in FUN(X[[i]], ...) :
     no non-missing arguments to max; returning -Inf
    Warning in FUN(X[[i]], ...) :
     no non-missing arguments to max; returning -Inf
    Warning in FUN(X[[i]], ...) :
     no non-missing arguments to max; returning -Inf
    Warning in FUN(X[[i]], ...) :
     no non-missing arguments to max; returning -Inf
    Warning in FUN(X[[i]], ...) :
     no non-missing arguments to max; returning -Inf
    Warning in FUN(X[[i]], ...) :
     no non-missing arguments to max; returning -Inf
    Warning in FUN(X[[i]], ...) :
     no non-missing arguments to max; returning -Inf
    Warning in FUN(X[[i]], ...) :
     no non-missing arguments to max; returning -Inf
    Warning in FUN(X[[i]], ...) :
     no non-missing arguments to max; returning -Inf
    Warning in FUN(X[[i]], ...) :
     no non-missing arguments to max; returning -Inf
    Warning in FUN(X[[i]], ...) :
     no non-missing arguments to max; returning -Inf
    Warning in FUN(X[[i]], ...) :
     no non-missing arguments to max; returning -Inf
    Warning in FUN(X[[i]], ...) :
     no non-missing arguments to max; returning -Inf
    Warning in FUN(X[[i]], ...) :
     no non-missing arguments to max; returning -Inf
    Warning in FUN(X[[i]], ...) :
     no non-missing arguments to max; returning -Inf
    Warning in FUN(X[[i]], ...) :
     no non-missing arguments to max; returning -Inf
    Warning in FUN(X[[i]], ...) :
     no non-missing arguments to max; returning -Inf
    Warning in FUN(X[[i]], ...) :
     no non-missing arguments to max; returning -Inf
    Warning in FUN(X[[i]], ...) :
     no non-missing arguments to max; returning -Inf
    Warning in FUN(X[[i]], ...) :
     no non-missing arguments to max; returning -Inf
    Warning in FUN(X[[i]], ...) :
     no non-missing arguments to max; returning -Inf
    Warning in FUN(X[[i]], ...) :
     no non-missing arguments to max; returning -Inf
    Warning in FUN(X[[i]], ...) :
     no non-missing arguments to max; returning -Inf
    Warning in FUN(X[[i]], ...) :
     no non-missing arguments to max; returning -Inf
    Warning in FUN(X[[i]], ...) :
     no non-missing arguments to max; returning -Inf
    Warning in FUN(X[[i]], ...) :
     no non-missing arguments to max; returning -Inf
    Warning in interpollen(data, method = int.method) :
     WARNING: Gaps with more than 30 missing data have not been interpolated
    Warning in FUN(X[[i]], ...) :
     no non-missing arguments to min; returning Inf
    Warning in FUN(X[[i]], ...) :
     no non-missing arguments to min; returning Inf
    Warning in FUN(X[[i]], ...) :
     no non-missing arguments to min; returning Inf
    Warning in FUN(X[[i]], ...) :
     no non-missing arguments to min; returning Inf
    Warning in FUN(X[[i]], ...) :
     no non-missing arguments to min; returning Inf
    Warning in FUN(X[[i]], ...) :
     no non-missing arguments to min; returning Inf
    Warning in FUN(X[[i]], ...) :
     no non-missing arguments to min; returning Inf
    Warning in FUN(X[[i]], ...) :
     no non-missing arguments to min; returning Inf
    Warning in FUN(X[[i]], ...) :
     no non-missing arguments to min; returning Inf
    Warning in FUN(X[[i]], ...) :
     no non-missing arguments to min; returning Inf
    Warning in FUN(X[[i]], ...) :
     no non-missing arguments to min; returning Inf
    Warning in FUN(X[[i]], ...) :
     no non-missing arguments to min; returning Inf
    Warning in FUN(X[[i]], ...) :
     no non-missing arguments to min; returning Inf
    Warning in FUN(X[[i]], ...) :
     no non-missing arguments to min; returning Inf
    Warning in FUN(X[[i]], ...) :
     no non-missing arguments to min; returning Inf
    Warning in FUN(X[[i]], ...) :
     no non-missing arguments to min; returning Inf
    Warning in FUN(X[[i]], ...) :
     no non-missing arguments to min; returning Inf
    Warning in FUN(X[[i]], ...) :
     no non-missing arguments to min; returning Inf
    Warning in FUN(X[[i]], ...) :
     no non-missing arguments to min; returning Inf
    Warning in FUN(X[[i]], ...) :
     no non-missing arguments to min; returning Inf
    Warning in FUN(X[[i]], ...) :
     no non-missing arguments to min; returning Inf
    Warning in FUN(X[[i]], ...) :
     no non-missing arguments to min; returning Inf
    Warning in FUN(X[[i]], ...) :
     no non-missing arguments to min; returning Inf
    Warning in FUN(X[[i]], ...) :
     no non-missing arguments to min; returning Inf
    Warning in FUN(X[[i]], ...) :
     no non-missing arguments to min; returning Inf
    Warning in FUN(X[[i]], ...) :
     no non-missing arguments to min; returning Inf
    Warning in FUN(X[[i]], ...) :
     no non-missing arguments to min; returning Inf
    Warning in FUN(X[[i]], ...) :
     no non-missing arguments to min; returning Inf
    Warning in FUN(X[[i]], ...) :
     no non-missing arguments to min; returning Inf
    Warning in FUN(X[[i]], ...) :
     no non-missing arguments to min; returning Inf
    Warning in FUN(X[[i]], ...) :
     no non-missing arguments to min; returning Inf
    Warning in FUN(X[[i]], ...) :
     no non-missing arguments to min; returning Inf
    Warning in FUN(X[[i]], ...) :
     no non-missing arguments to min; returning Inf
    Warning in FUN(X[[i]], ...) :
     no non-missing arguments to min; returning Inf
    Warning in FUN(X[[i]], ...) :
     no non-missing arguments to min; returning Inf
    Warning in FUN(X[[i]], ...) :
     no non-missing arguments to min; returning Inf
    Warning in FUN(X[[i]], ...) :
     no non-missing arguments to min; returning Inf
    Warning in FUN(X[[i]], ...) :
     no non-missing arguments to min; returning Inf
    Warning in FUN(X[[i]], ...) :
     no non-missing arguments to min; returning Inf
    Warning in FUN(X[[i]], ...) :
     no non-missing arguments to min; returning Inf
    Warning in FUN(X[[i]], ...) :
     no non-missing arguments to min; returning Inf
    Warning in FUN(X[[i]], ...) :
     no non-missing arguments to min; returning Inf
    Warning in FUN(X[[i]], ...) :
     no non-missing arguments to min; returning Inf
    Warning in FUN(X[[i]], ...) :
     no non-missing arguments to min; returning Inf
    Warning in FUN(X[[i]], ...) :
     no non-missing arguments to min; returning Inf
    Warning in FUN(X[[i]], ...) :
     no non-missing arguments to min; returning Inf
    Warning in FUN(X[[i]], ...) :
     no non-missing arguments to min; returning Inf
    Warning in FUN(X[[i]], ...) :
     no non-missing arguments to min; returning Inf
    Warning in FUN(X[[i]], ...) :
     no non-missing arguments to min; returning Inf
    Warning in FUN(X[[i]], ...) :
     no non-missing arguments to min; returning Inf
    Warning in FUN(X[[i]], ...) :
     no non-missing arguments to min; returning Inf
    Warning in FUN(X[[i]], ...) :
     no non-missing arguments to min; returning Inf
    Warning in FUN(X[[i]], ...) :
     no non-missing arguments to min; returning Inf
    Warning in FUN(X[[i]], ...) :
     no non-missing arguments to min; returning Inf
    Warning in FUN(X[[i]], ...) :
     no non-missing arguments to min; returning Inf
    Warning in FUN(X[[i]], ...) :
     no non-missing arguments to min; returning Inf
    Warning in FUN(X[[i]], ...) :
     no non-missing arguments to min; returning Inf
    Warning in FUN(X[[i]], ...) :
     no non-missing arguments to min; returning Inf
    Warning in FUN(X[[i]], ...) :
     no non-missing arguments to min; returning Inf
    Warning in FUN(X[[i]], ...) :
     no non-missing arguments to min; returning Inf
    Warning in FUN(X[[i]], ...) :
     no non-missing arguments to min; returning Inf
    Warning in FUN(X[[i]], ...) :
     no non-missing arguments to min; returning Inf
    Warning in FUN(X[[i]], ...) :
     no non-missing arguments to min; returning Inf
    Warning in FUN(X[[i]], ...) :
     no non-missing arguments to min; returning Inf
    Warning in FUN(X[[i]], ...) :
     no non-missing arguments to min; returning Inf
    Warning in FUN(X[[i]], ...) :
     no non-missing arguments to min; returning Inf
    Warning in FUN(X[[i]], ...) :
     no non-missing arguments to min; returning Inf
    Warning in FUN(X[[i]], ...) :
     no non-missing arguments to min; returning Inf
    Warning in FUN(X[[i]], ...) :
     no non-missing arguments to min; returning Inf
    Warning in FUN(X[[i]], ...) :
     no non-missing arguments to min; returning Inf
    Warning in FUN(X[[i]], ...) :
     no non-missing arguments to min; returning Inf
    Warning in FUN(X[[i]], ...) :
     no non-missing arguments to min; returning Inf
    Warning in FUN(X[[i]], ...) :
     no non-missing arguments to min; returning Inf
    Warning in FUN(X[[i]], ...) :
     no non-missing arguments to min; returning Inf
    Warning in FUN(X[[i]], ...) :
     no non-missing arguments to min; returning Inf
    Warning in FUN(X[[i]], ...) :
     no non-missing arguments to min; returning Inf
    Warning in FUN(X[[i]], ...) :
     no non-missing arguments to min; returning Inf
    Warning in FUN(X[[i]], ...) :
     no non-missing arguments to min; returning Inf
    Warning in FUN(X[[i]], ...) :
     no non-missing arguments to min; returning Inf
    Warning in FUN(X[[i]], ...) :
     no non-missing arguments to min; returning Inf
    Warning in FUN(X[[i]], ...) :
     no non-missing arguments to min; returning Inf
    Warning in FUN(X[[i]], ...) :
     no non-missing arguments to min; returning Inf
    Warning in FUN(X[[i]], ...) :
     no non-missing arguments to min; returning Inf
    Warning in FUN(X[[i]], ...) :
     no non-missing arguments to min; returning Inf
    Warning in FUN(X[[i]], ...) :
     no non-missing arguments to min; returning Inf
    Warning in FUN(X[[i]], ...) :
     no non-missing arguments to min; returning Inf
    Warning in FUN(X[[i]], ...) :
     no non-missing arguments to min; returning Inf
    Warning in FUN(X[[i]], ...) :
     no non-missing arguments to min; returning Inf
    Warning in FUN(X[[i]], ...) :
     no non-missing arguments to max; returning -Inf
    Warning in FUN(X[[i]], ...) :
     no non-missing arguments to max; returning -Inf
    Warning in FUN(X[[i]], ...) :
     no non-missing arguments to max; returning -Inf
    Warning in FUN(X[[i]], ...) :
     no non-missing arguments to max; returning -Inf
    Warning in FUN(X[[i]], ...) :
     no non-missing arguments to max; returning -Inf
    Warning in FUN(X[[i]], ...) :
     no non-missing arguments to max; returning -Inf
    Warning in FUN(X[[i]], ...) :
     no non-missing arguments to max; returning -Inf
    Warning in FUN(X[[i]], ...) :
     no non-missing arguments to max; returning -Inf
    Warning in FUN(X[[i]], ...) :
     no non-missing arguments to max; returning -Inf
    Warning in FUN(X[[i]], ...) :
     no non-missing arguments to max; returning -Inf
    Warning in FUN(X[[i]], ...) :
     no non-missing arguments to max; returning -Inf
    Warning in FUN(X[[i]], ...) :
     no non-missing arguments to max; returning -Inf
    Warning in FUN(X[[i]], ...) :
     no non-missing arguments to max; returning -Inf
    Warning in FUN(X[[i]], ...) :
     no non-missing arguments to max; returning -Inf
    Warning in FUN(X[[i]], ...) :
     no non-missing arguments to max; returning -Inf
    Warning in FUN(X[[i]], ...) :
     no non-missing arguments to max; returning -Inf
    Warning in FUN(X[[i]], ...) :
     no non-missing arguments to max; returning -Inf
    Warning in FUN(X[[i]], ...) :
     no non-missing arguments to max; returning -Inf
    Warning in FUN(X[[i]], ...) :
     no non-missing arguments to max; returning -Inf
    Warning in FUN(X[[i]], ...) :
     no non-missing arguments to max; returning -Inf
    Warning in FUN(X[[i]], ...) :
     no non-missing arguments to max; returning -Inf
    Warning in FUN(X[[i]], ...) :
     no non-missing arguments to max; returning -Inf
    Warning in FUN(X[[i]], ...) :
     no non-missing arguments to max; returning -Inf
    Warning in FUN(X[[i]], ...) :
     no non-missing arguments to max; returning -Inf
    Warning in FUN(X[[i]], ...) :
     no non-missing arguments to max; returning -Inf
    Warning in FUN(X[[i]], ...) :
     no non-missing arguments to max; returning -Inf
    Warning in FUN(X[[i]], ...) :
     no non-missing arguments to max; returning -Inf
    Warning in FUN(X[[i]], ...) :
     no non-missing arguments to max; returning -Inf
    Warning in FUN(X[[i]], ...) :
     no non-missing arguments to max; returning -Inf
    Warning in FUN(X[[i]], ...) :
     no non-missing arguments to max; returning -Inf
    Warning in FUN(X[[i]], ...) :
     no non-missing arguments to max; returning -Inf
    Warning in FUN(X[[i]], ...) :
     no non-missing arguments to max; returning -Inf
    Warning in FUN(X[[i]], ...) :
     no non-missing arguments to max; returning -Inf
    Warning in FUN(X[[i]], ...) :
     no non-missing arguments to max; returning -Inf
    Warning in FUN(X[[i]], ...) :
     no non-missing arguments to max; returning -Inf
    Warning in FUN(X[[i]], ...) :
     no non-missing arguments to max; returning -Inf
    Warning in FUN(X[[i]], ...) :
     no non-missing arguments to max; returning -Inf
    Warning in FUN(X[[i]], ...) :
     no non-missing arguments to max; returning -Inf
    Warning in FUN(X[[i]], ...) :
     no non-missing arguments to max; returning -Inf
    Warning in FUN(X[[i]], ...) :
     no non-missing arguments to max; returning -Inf
    Warning in FUN(X[[i]], ...) :
     no non-missing arguments to max; returning -Inf
    Warning in FUN(X[[i]], ...) :
     no non-missing arguments to max; returning -Inf
    Warning in FUN(X[[i]], ...) :
     no non-missing arguments to max; returning -Inf
    Warning in FUN(X[[i]], ...) :
     no non-missing arguments to max; returning -Inf
    Warning in FUN(X[[i]], ...) :
     no non-missing arguments to max; returning -Inf
    Warning in FUN(X[[i]], ...) :
     no non-missing arguments to max; returning -Inf
    Warning in FUN(X[[i]], ...) :
     no non-missing arguments to max; returning -Inf
    Warning in FUN(X[[i]], ...) :
     no non-missing arguments to max; returning -Inf
    Warning in FUN(X[[i]], ...) :
     no non-missing arguments to max; returning -Inf
    Warning in FUN(X[[i]], ...) :
     no non-missing arguments to max; returning -Inf
    Warning in FUN(X[[i]], ...) :
     no non-missing arguments to max; returning -Inf
    Warning in FUN(X[[i]], ...) :
     no non-missing arguments to max; returning -Inf
    Warning in FUN(X[[i]], ...) :
     no non-missing arguments to max; returning -Inf
    Warning in FUN(X[[i]], ...) :
     no non-missing arguments to max; returning -Inf
    Warning in FUN(X[[i]], ...) :
     no non-missing arguments to max; returning -Inf
    Warning in FUN(X[[i]], ...) :
     no non-missing arguments to max; returning -Inf
    Warning in FUN(X[[i]], ...) :
     no non-missing arguments to max; returning -Inf
    Warning in FUN(X[[i]], ...) :
     no non-missing arguments to max; returning -Inf
    Warning in FUN(X[[i]], ...) :
     no non-missing arguments to max; returning -Inf
    Warning in FUN(X[[i]], ...) :
     no non-missing arguments to max; returning -Inf
    Warning in FUN(X[[i]], ...) :
     no non-missing arguments to max; returning -Inf
    Warning in FUN(X[[i]], ...) :
     no non-missing arguments to max; returning -Inf
    Warning in FUN(X[[i]], ...) :
     no non-missing arguments to max; returning -Inf
    Warning in FUN(X[[i]], ...) :
     no non-missing arguments to max; returning -Inf
    Warning in FUN(X[[i]], ...) :
     no non-missing arguments to max; returning -Inf
    Warning in FUN(X[[i]], ...) :
     no non-missing arguments to max; returning -Inf
    Warning in FUN(X[[i]], ...) :
     no non-missing arguments to max; returning -Inf
    Warning in FUN(X[[i]], ...) :
     no non-missing arguments to max; returning -Inf
    Warning in FUN(X[[i]], ...) :
     no non-missing arguments to max; returning -Inf
    Warning in FUN(X[[i]], ...) :
     no non-missing arguments to max; returning -Inf
    Warning in FUN(X[[i]], ...) :
     no non-missing arguments to max; returning -Inf
    Warning in FUN(X[[i]], ...) :
     no non-missing arguments to max; returning -Inf
    Warning in FUN(X[[i]], ...) :
     no non-missing arguments to max; returning -Inf
    Warning in FUN(X[[i]], ...) :
     no non-missing arguments to max; returning -Inf
    Warning in FUN(X[[i]], ...) :
     no non-missing arguments to max; returning -Inf
    Warning in FUN(X[[i]], ...) :
     no non-missing arguments to max; returning -Inf
    Warning in FUN(X[[i]], ...) :
     no non-missing arguments to max; returning -Inf
    Warning in FUN(X[[i]], ...) :
     no non-missing arguments to max; returning -Inf
    Warning in FUN(X[[i]], ...) :
     no non-missing arguments to max; returning -Inf
    Warning in FUN(X[[i]], ...) :
     no non-missing arguments to max; returning -Inf
    Warning in FUN(X[[i]], ...) :
     no non-missing arguments to max; returning -Inf
    Warning in FUN(X[[i]], ...) :
     no non-missing arguments to max; returning -Inf
    Warning in FUN(X[[i]], ...) :
     no non-missing arguments to max; returning -Inf
    Warning in FUN(X[[i]], ...) :
     no non-missing arguments to max; returning -Inf
    Warning in FUN(X[[i]], ...) :
     no non-missing arguments to max; returning -Inf
    Warning in FUN(X[[i]], ...) :
     no non-missing arguments to max; returning -Inf
    Warning in FUN(X[[i]], ...) :
     no non-missing arguments to max; returning -Inf
    Warning in FUN(X[[i]], ...) :
     no non-missing arguments to max; returning -Inf
    Warning: Use of `filtertrend$variable` is discouraged. Use `variable` instead.
    Warning: Use of `filtertrend$significant` is discouraged. Use `significant` instead.
    Warning: Use of `filtertrend$p` is discouraged. Use `p` instead.
    Warning: Use of `filtertrend2$significant` is discouraged. Use `significant` instead.
    Warning: Use of `filtertrend2$p` is discouraged. Use `p` instead.
    Warning: Use of `trendtime2$significant` is discouraged. Use `significant` instead.
    Warning: Use of `trendtime2$p` is discouraged. Use `p` instead.
    Warning: Use of `trendtime2$significant` is discouraged. Use `significant` instead.
    Warning: Use of `trendtime2$p` is discouraged. Use `p` instead.
    Warning: Removed 16 rows containing missing values (geom_point).
    Warning: Use of `filtertrend$variable` is discouraged. Use `variable` instead.
    Warning: Use of `filtertrend$significant` is discouraged. Use `significant` instead.
    Warning: Use of `filtertrend$p` is discouraged. Use `p` instead.
    Warning: Use of `filtertrend2$significant` is discouraged. Use `significant` instead.
    Warning: Use of `filtertrend2$p` is discouraged. Use `p` instead.
    Warning in normalizePath(f2) :
     path[1]="webshot6ec7b5ecd5b.png": No such file or directory
    Warning in file(con, "rb") :
     cannot open file 'webshot6ec7b5ecd5b.png': No such file or directory
    Quitting from lines 782-783 (my-vignette.Rmd)
    Error: processing vignette 'my-vignette.Rmd' failed with diagnostics:
    cannot open the connection
    --- failed re-building ‘my-vignette.Rmd’
    
    SUMMARY: processing the following file failed:
     ‘my-vignette.Rmd’
    
    Error: Vignette re-building failed.
    Execution halted
Flavor: r-oldrel-macos-x86_64