CRAN Package Check Results for Package Andromeda

Last updated on 2024-02-23 06:50:22 CET.

Flavor Version Tinstall Tcheck Ttotal Status Flags
r-devel-linux-x86_64-debian-clang 0.6.5 NOTE
r-devel-linux-x86_64-debian-gcc 0.6.5 6.56 66.14 72.70 OK
r-devel-linux-x86_64-fedora-clang 0.6.5 117.83 NOTE
r-devel-linux-x86_64-fedora-gcc 0.6.5 123.82 OK
r-devel-windows-x86_64 0.6.5 8.00 112.00 120.00 OK
r-patched-linux-x86_64 0.6.5 12.05 83.83 95.88 OK
r-release-linux-x86_64 0.6.5 8.39 83.91 92.30 OK
r-release-macos-arm64 0.6.5 50.00 OK
r-release-macos-x86_64 0.6.5 97.00 OK
r-release-windows-x86_64 0.6.5 11.00 104.00 115.00 OK
r-oldrel-macos-arm64 0.6.5 48.00 OK
r-oldrel-windows-x86_64 0.6.5 11.00 114.00 125.00 OK

Check Details

Version: 0.6.5
Check: package dependencies
Result: NOTE Package suggested but not available for checking: ‘arrow’ Flavors: r-devel-linux-x86_64-debian-clang, r-devel-linux-x86_64-fedora-clang