CRAN Package Check Results for Package AntAngioCOOL

Last updated on 2022-10-04 06:56:18 CEST.

Flavor Version Tinstall Tcheck Ttotal Status Flags
r-devel-linux-x86_64-debian-clang 1.2 65.57 270.28 335.85 OK
r-devel-linux-x86_64-debian-gcc 1.2 53.88 197.85 251.73 OK
r-devel-linux-x86_64-fedora-clang 1.2 451.45 NOTE
r-devel-linux-x86_64-fedora-gcc 1.2 421.58 OK
r-devel-windows-x86_64 1.2 62.00 237.00 299.00 NOTE
r-patched-linux-x86_64 1.2 60.64 258.48 319.12 OK
r-release-linux-x86_64 1.2 53.96 258.82 312.78 OK
r-release-macos-arm64 1.2 103.00 NOTE
r-release-macos-x86_64 1.2 227.00 NOTE
r-release-windows-x86_64 1.2 73.00 239.00 312.00 NOTE
r-oldrel-macos-arm64 1.2 139.00 NOTE
r-oldrel-macos-x86_64 1.2 244.00 NOTE
r-oldrel-windows-ix86+x86_64 1.2 131.00 250.00 381.00 NOTE

Check Details

Version: 1.2
Check: installed package size
Result: NOTE
     installed size is 35.4Mb
     sub-directories of 1Mb or more:
     R 35.3Mb
Flavors: r-devel-linux-x86_64-fedora-clang, r-devel-windows-x86_64, r-release-macos-arm64, r-release-macos-x86_64, r-release-windows-x86_64, r-oldrel-macos-arm64, r-oldrel-macos-x86_64, r-oldrel-windows-ix86+x86_64