Last updated on 2022-05-22 06:51:53 CEST.
Flavor | Version | Tinstall | Tcheck | Ttotal | Status | Flags |
---|---|---|---|---|---|---|
r-devel-linux-x86_64-debian-clang | 1.1.0 | 74.98 | 351.09 | 426.07 | OK | |
r-devel-linux-x86_64-debian-gcc | 1.1.0 | 64.28 | 317.72 | 382.00 | OK | |
r-devel-linux-x86_64-fedora-clang | 1.1.0 | 483.06 | NOTE | |||
r-devel-linux-x86_64-fedora-gcc | 1.1.0 | 491.09 | NOTE | |||
r-devel-windows-x86_64 | 1.1.0 | 81.00 | 371.00 | 452.00 | OK | |
r-patched-linux-x86_64 | 1.1.0 | 56.86 | 349.63 | 406.49 | OK | |
r-release-linux-x86_64 | 1.1.0 | 49.80 | 325.32 | 375.12 | OK | |
r-release-macos-arm64 | 1.1.0 | 119.00 | NOTE | |||
r-release-macos-x86_64 | 1.1.0 | 203.00 | NOTE | |||
r-release-windows-x86_64 | 1.1.0 | 84.00 | 369.00 | 453.00 | OK | |
r-oldrel-macos-arm64 | 1.1.0 | 136.00 | NOTE | |||
r-oldrel-macos-x86_64 | 1.1.0 | 148.00 | NOTE | |||
r-oldrel-windows-ix86+x86_64 | 1.1.0 | 173.00 | 685.00 | 858.00 | OK |
Version: 1.1.0
Check: dependencies in R code
Result: NOTE
Namespaces in Imports field not imported from:
‘Rdpack’ ‘mcclust’
All declared Imports should be used.
Flavors: r-devel-linux-x86_64-fedora-clang, r-devel-linux-x86_64-fedora-gcc, r-release-macos-arm64, r-release-macos-x86_64, r-oldrel-macos-arm64, r-oldrel-macos-x86_64
Version: 1.1.0
Check: installed package size
Result: NOTE
installed size is 5.7Mb
sub-directories of 1Mb or more:
libs 5.4Mb
Flavors: r-release-macos-arm64, r-release-macos-x86_64, r-oldrel-macos-arm64, r-oldrel-macos-x86_64