Last updated on 2023-03-22 05:52:20 CET.
Flavor | Version | Tinstall | Tcheck | Ttotal | Status | Flags |
---|---|---|---|---|---|---|
r-devel-linux-x86_64-debian-clang | 2.0.5 | 15.36 | 126.57 | 141.93 | OK | |
r-devel-linux-x86_64-debian-gcc | 2.0.5 | 11.95 | 97.87 | 109.82 | OK | |
r-devel-linux-x86_64-fedora-clang | 2.0.5 | 179.94 | NOTE | |||
r-devel-linux-x86_64-fedora-gcc | 2.0.5 | 169.24 | OK | |||
r-devel-windows-x86_64 | 2.0.5 | 49.00 | 160.00 | 209.00 | NOTE | |
r-patched-linux-x86_64 | 2.0.5 | 14.95 | 122.13 | 137.08 | OK | |
r-release-linux-x86_64 | 2.0.5 | 10.76 | 122.85 | 133.61 | OK | |
r-release-macos-arm64 | 2.0.5 | 49.00 | NOTE | |||
r-release-macos-x86_64 | 2.0.5 | 74.00 | NOTE | |||
r-release-windows-x86_64 | 2.0.5 | 44.00 | 156.00 | 200.00 | NOTE | |
r-oldrel-macos-arm64 | 2.0.5 | 43.00 | NOTE | |||
r-oldrel-macos-x86_64 | 2.0.5 | 77.00 | NOTE | |||
r-oldrel-windows-ix86+x86_64 | 2.0.5 | 32.00 | 148.00 | 180.00 | NOTE |
Version: 2.0.5
Check: installed package size
Result: NOTE
installed size is 5.4Mb
sub-directories of 1Mb or more:
data 5.1Mb
Flavors: r-devel-linux-x86_64-fedora-clang, r-devel-windows-x86_64, r-release-macos-arm64, r-release-macos-x86_64, r-release-windows-x86_64, r-oldrel-macos-arm64, r-oldrel-macos-x86_64, r-oldrel-windows-ix86+x86_64