CRAN Package Check Results for Package AutoStepwiseGLM

Last updated on 2022-08-13 07:11:29 CEST.

Flavor Version Tinstall Tcheck Ttotal Status Flags
r-devel-linux-x86_64-debian-clang 0.2.0 17.16 133.01 150.17 NOTE
r-devel-linux-x86_64-debian-gcc 0.2.0 13.93 99.02 112.95 NOTE
r-devel-linux-x86_64-fedora-clang 0.2.0 202.21 NOTE
r-devel-linux-x86_64-fedora-gcc 0.2.0 194.58 NOTE
r-devel-windows-x86_64 0.2.0 19.00 147.00 166.00 NOTE
r-patched-linux-x86_64 0.2.0 13.79 128.16 141.95 NOTE
r-release-linux-x86_64 0.2.0 12.93 125.49 138.42 NOTE
r-release-macos-arm64 0.2.0 50.00 NOTE
r-release-macos-x86_64 0.2.0 84.00 NOTE
r-release-windows-x86_64 0.2.0 22.00 165.00 187.00 NOTE
r-oldrel-macos-arm64 0.2.0 55.00 NOTE
r-oldrel-macos-x86_64 0.2.0 95.00 NOTE
r-oldrel-windows-ix86+x86_64 0.2.0 3.00 26.00 29.00 ERROR

Check Details

Version: 0.2.0
Check: LazyData
Result: NOTE
     'LazyData' is specified without a 'data' directory
Flavors: r-devel-linux-x86_64-debian-clang, r-devel-linux-x86_64-debian-gcc, r-devel-linux-x86_64-fedora-clang, r-devel-linux-x86_64-fedora-gcc, r-devel-windows-x86_64, r-patched-linux-x86_64, r-release-linux-x86_64, r-release-macos-arm64, r-release-macos-x86_64, r-release-windows-x86_64, r-oldrel-macos-arm64, r-oldrel-macos-x86_64

Version: 0.2.0
Check: whether package can be installed
Result: ERROR
    Installation failed.
Flavor: r-oldrel-windows-ix86+x86_64