CRAN Package Check Results for Package AzureContainers

Last updated on 2020-11-27 06:46:40 CET.

Flavor Version Tinstall Tcheck Ttotal Status Flags
r-devel-linux-x86_64-debian-clang 1.3.1 10.15 35.90 46.05 OK
r-devel-linux-x86_64-debian-gcc 1.3.1 6.48 29.50 35.98 OK
r-devel-linux-x86_64-fedora-clang 1.3.1 61.64 NOTE
r-devel-linux-x86_64-fedora-gcc 1.3.1 52.70 NOTE
r-devel-windows-ix86+x86_64 1.3.1 15.00 52.00 67.00 OK
r-patched-linux-x86_64 1.3.1 8.51 36.26 44.77 OK
r-patched-solaris-x86 1.3.1 74.80 NOTE
r-release-linux-x86_64 1.3.1 8.21 35.15 43.36 OK
r-release-macos-x86_64 1.3.1 NOTE
r-release-windows-ix86+x86_64 1.3.1 14.00 62.00 76.00 OK
r-oldrel-macos-x86_64 1.3.1 NOTE
r-oldrel-windows-ix86+x86_64 1.3.1 11.00 48.00 59.00 OK

Check Details

Version: 1.3.1
Check: dependencies in R code
Result: NOTE
    Namespace in Imports field not imported from: ‘openssl’
     All declared Imports should be used.
Flavors: r-devel-linux-x86_64-fedora-clang, r-devel-linux-x86_64-fedora-gcc, r-patched-solaris-x86, r-release-macos-x86_64, r-oldrel-macos-x86_64

Version: 1.3.1
Check: Rd cross-references
Result: NOTE
    Undeclared package ‘AzureAuth’ in Rd xrefs
Flavor: r-devel-linux-x86_64-fedora-clang

Version: 1.3.1
Check: package dependencies
Result: NOTE
    Package suggested but not available for checking: ‘RestRserve’
Flavor: r-patched-solaris-x86