CRAN Package Check Results for Package AzureGraph

Last updated on 2021-11-29 06:48:22 CET.

Flavor Version Tinstall Tcheck Ttotal Status Flags
r-devel-linux-x86_64-debian-clang 1.3.1 OK
r-devel-linux-x86_64-debian-gcc 1.3.2 7.27 24.68 31.95 OK
r-devel-linux-x86_64-fedora-clang 1.3.2 68.44 NOTE
r-devel-linux-x86_64-fedora-gcc 1.3.1 53.43 NOTE
r-devel-windows-x86_64-new-UL 1.3.1 21.00 83.00 104.00 OK
r-devel-windows-x86_64-new-TK 1.3.1 NOTE
r-devel-windows-x86_64-old 1.3.1 15.00 47.00 62.00 OK
r-patched-linux-x86_64 1.3.1 15.98 31.89 47.87 OK
r-patched-solaris-x86 1.3.2 74.00 NOTE
r-release-linux-x86_64 1.3.1 8.64 32.43 41.07 OK
r-release-macos-arm64 1.3.2 NOTE
r-release-macos-x86_64 1.3.1 NOTE
r-release-windows-ix86+x86_64 1.3.1 18.00 52.00 70.00 OK
r-oldrel-macos-x86_64 1.3.1 NOTE
r-oldrel-windows-ix86+x86_64 1.3.1 14.00 50.00 64.00 OK

Check Details

Version: 1.3.2
Check: dependencies in R code
Result: NOTE
    Namespace in Imports field not imported from: ‘curl’
     All declared Imports should be used.
Flavors: r-devel-linux-x86_64-fedora-clang, r-patched-solaris-x86, r-release-macos-arm64

Version: 1.3.1
Check: dependencies in R code
Result: NOTE
    Namespace in Imports field not imported from: ‘curl’
     All declared Imports should be used.
Flavors: r-devel-linux-x86_64-fedora-gcc, r-devel-windows-x86_64-new-TK, r-release-macos-x86_64, r-oldrel-macos-x86_64