CRAN Package Check Results for Package AzureKusto

Last updated on 2021-12-03 06:48:55 CET.

Flavor Version Tinstall Tcheck Ttotal Status Flags
r-devel-linux-x86_64-debian-clang 1.0.6 9.67 64.03 73.70 OK
r-devel-linux-x86_64-debian-gcc 1.0.6 8.82 47.61 56.43 OK
r-devel-linux-x86_64-fedora-clang 1.0.6 106.51 NOTE
r-devel-linux-x86_64-fedora-gcc 1.0.6 87.43 NOTE
r-devel-windows-x86_64-new-UL 1.0.6 31.00 108.00 139.00 OK
r-devel-windows-x86_64-new-TK 1.0.6 NOTE
r-devel-windows-x86_64-old 1.0.6 18.00 66.00 84.00 OK
r-patched-linux-x86_64 1.0.6 15.22 61.47 76.69 OK
r-patched-solaris-x86 1.0.6 116.10 NOTE
r-release-linux-x86_64 1.0.6 11.21 59.29 70.50 OK
r-release-macos-arm64 1.0.6 NOTE
r-release-macos-x86_64 1.0.6 NOTE
r-release-windows-ix86+x86_64 1.0.6 23.00 90.00 113.00 OK
r-oldrel-macos-x86_64 1.0.6 NOTE
r-oldrel-windows-ix86+x86_64 1.0.6 23.00 89.00 112.00 OK

Check Details

Version: 1.0.6
Check: dependencies in R code
Result: NOTE
    Namespace in Imports field not imported from: ‘tibble’
     All declared Imports should be used.
Flavors: r-devel-linux-x86_64-fedora-clang, r-devel-linux-x86_64-fedora-gcc, r-devel-windows-x86_64-new-TK, r-patched-solaris-x86, r-release-macos-arm64, r-release-macos-x86_64, r-oldrel-macos-x86_64