CRAN Package Check Results for Package AzureStor

Last updated on 2020-11-27 06:46:40 CET.

Flavor Version Tinstall Tcheck Ttotal Status Flags
r-devel-linux-x86_64-debian-clang 3.3.0 8.85 42.56 51.41 OK
r-devel-linux-x86_64-debian-gcc 3.3.0 5.37 32.85 38.22 OK
r-devel-linux-x86_64-fedora-clang 3.3.0 66.35 NOTE
r-devel-linux-x86_64-fedora-gcc 3.3.0 58.36 NOTE
r-devel-windows-ix86+x86_64 3.3.0 12.00 60.00 72.00 OK
r-patched-linux-x86_64 3.3.0 7.73 40.72 48.45 OK
r-patched-solaris-x86 3.3.0 79.30 NOTE
r-release-linux-x86_64 3.3.0 8.17 40.38 48.55 OK
r-release-macos-x86_64 3.3.0 NOTE
r-release-windows-ix86+x86_64 3.3.0 13.00 70.00 83.00 OK
r-oldrel-macos-x86_64 3.3.0 NOTE
r-oldrel-windows-ix86+x86_64 3.3.0 7.00 57.00 64.00 OK

Check Details

Version: 3.3.0
Check: dependencies in R code
Result: NOTE
    Namespace in Imports field not imported from: ‘R6’
     All declared Imports should be used.
Flavors: r-devel-linux-x86_64-fedora-clang, r-devel-linux-x86_64-fedora-gcc, r-patched-solaris-x86, r-release-macos-x86_64, r-oldrel-macos-x86_64