CRAN Package Check Results for Package BART

Last updated on 2024-02-29 06:54:01 CET.

Flavor Version Tinstall Tcheck Ttotal Status Flags
r-devel-linux-x86_64-debian-clang 2.9.6 205.01 182.33 387.34 OK
r-devel-linux-x86_64-debian-gcc 2.9.6 134.11 131.88 265.99 OK
r-devel-linux-x86_64-fedora-clang 2.9.6 516.65 OK
r-devel-linux-x86_64-fedora-gcc 2.9.6 494.38 OK
r-devel-windows-x86_64 2.9.6 133.00 190.00 323.00 NOTE
r-patched-linux-x86_64 2.9.6 186.91 177.42 364.33 OK
r-release-linux-x86_64 2.9.6 167.07 178.21 345.28 OK
r-release-macos-arm64 2.9.6 113.00 NOTE
r-release-macos-x86_64 2.9.6 202.00 NOTE
r-release-windows-x86_64 2.9.6 170.00 209.00 379.00 NOTE
r-oldrel-macos-arm64 2.9.6 112.00 NOTE
r-oldrel-windows-x86_64 2.9.6 160.00 193.00 353.00 NOTE

Check Details

Version: 2.9.6
Check: installed package size
Result: NOTE installed size is 6.0Mb sub-directories of 1Mb or more: data 3.1Mb libs 1.4Mb Flavors: r-devel-windows-x86_64, r-release-macos-arm64, r-release-macos-x86_64, r-release-windows-x86_64, r-oldrel-macos-arm64, r-oldrel-windows-x86_64