Last updated on 2023-01-28 07:14:48 CET.
Flavor | Version | Tinstall | Tcheck | Ttotal | Status | Flags |
---|---|---|---|---|---|---|
r-devel-linux-x86_64-debian-clang | 2.9 | 154.09 | 184.54 | 338.63 | WARN | |
r-devel-linux-x86_64-debian-gcc | 2.9 | 123.40 | 133.21 | 256.61 | WARN | |
r-devel-linux-x86_64-fedora-clang | 2.9 | 521.50 | WARN | |||
r-devel-linux-x86_64-fedora-gcc | 2.9 | 441.28 | WARN | |||
r-devel-windows-x86_64 | 2.9 | 149.00 | 240.00 | 389.00 | NOTE | |
r-patched-linux-x86_64 | 2.9 | 128.38 | 169.23 | 297.61 | OK | |
r-release-linux-x86_64 | 2.9 | 147.12 | 169.93 | 317.05 | OK | |
r-release-macos-arm64 | 2.9 | 112.00 | NOTE | |||
r-release-macos-x86_64 | 2.9 | 141.00 | NOTE | |||
r-release-windows-x86_64 | 2.9 | 152.00 | 244.00 | 396.00 | NOTE | |
r-oldrel-macos-arm64 | 2.9 | 157.00 | NOTE | |||
r-oldrel-macos-x86_64 | 2.9 | 210.00 | NOTE | |||
r-oldrel-windows-ix86+x86_64 | 2.9 | 370.00 | 236.00 | 606.00 | NOTE |
Version: 2.9
Check: whether package can be installed
Result: WARN
Found the following significant warnings:
init.c:16:28: warning: a function declaration without a prototype is deprecated in all versions of C [-Wstrict-prototypes]
See ‘/home/hornik/tmp/R.check/r-devel-clang/Work/PKGS/BART.Rcheck/00install.out’ for details.
* used C compiler: ‘Debian clang version 15.0.6’
* used C++ compiler: ‘Debian clang version 15.0.6’
Flavor: r-devel-linux-x86_64-debian-clang
Version: 2.9
Check: whether package can be installed
Result: WARN
Found the following significant warnings:
init.c:16:1: warning: function declaration isn’t a prototype [-Wstrict-prototypes]
See ‘/home/hornik/tmp/R.check/r-devel-gcc/Work/PKGS/BART.Rcheck/00install.out’ for details.
* used C compiler: ‘gcc-12 (Debian 12.2.0-14) 12.2.0’
* used C++ compiler: ‘g++-12 (Debian 12.2.0-14) 12.2.0’
Flavor: r-devel-linux-x86_64-debian-gcc
Version: 2.9
Check: C++ specification
Result: NOTE
Specified C++11: please update to current default of C++17
Flavors: r-devel-linux-x86_64-debian-gcc, r-devel-linux-x86_64-fedora-gcc
Version: 2.9
Check: whether package can be installed
Result: WARN
Found the following significant warnings:
init.c:16:28: warning: a function declaration without a prototype is deprecated in all versions of C [-Wstrict-prototypes]
See ‘/data/gannet/ripley/R/packages/tests-clang/BART.Rcheck/00install.out’ for details.
* used C compiler: ‘clang version 15.0.7’
* used C++ compiler: ‘clang version 15.0.7’
Flavor: r-devel-linux-x86_64-fedora-clang
Version: 2.9
Check: whether package can be installed
Result: WARN
Found the following significant warnings:
init.c:16:1: warning: function declaration isn’t a prototype [-Wstrict-prototypes]
See ‘/data/gannet/ripley/R/packages/tests-devel/BART.Rcheck/00install.out’ for details.
* used C compiler: ‘gcc (GCC) 12.2.1 20221121 (Red Hat 12.2.1-4)’
* used C++ compiler: ‘g++ (GCC) 12.2.1 20221121 (Red Hat 12.2.1-4)’
Flavor: r-devel-linux-x86_64-fedora-gcc
Version: 2.9
Check: installed package size
Result: NOTE
installed size is 5.8Mb
sub-directories of 1Mb or more:
data 3.1Mb
libs 1.2Mb
Flavors: r-devel-windows-x86_64, r-release-macos-arm64, r-release-macos-x86_64, r-release-windows-x86_64, r-oldrel-macos-arm64, r-oldrel-macos-x86_64, r-oldrel-windows-ix86+x86_64