CRAN Package Check Results for Package BDgraph

Last updated on 2020-08-14 06:48:48 CEST.

Flavor Version Tinstall Tcheck Ttotal Status Flags
r-devel-linux-x86_64-debian-clang 2.62 45.19 44.95 90.14 OK
r-devel-linux-x86_64-debian-gcc 2.62 35.10 34.37 69.47 OK
r-devel-linux-x86_64-fedora-clang 2.62 128.27 NOTE
r-devel-linux-x86_64-fedora-gcc 2.62 116.20 OK
r-devel-windows-ix86+x86_64 2.62 98.00 93.00 191.00 OK
r-patched-linux-x86_64 2.62 43.16 45.96 89.12 OK
r-patched-solaris-x86 2.62 140.30 OK
r-release-linux-x86_64 2.62 44.70 43.89 88.59 OK
r-release-macos-x86_64 2.62 OK
r-release-windows-ix86+x86_64 2.62 94.00 70.00 164.00 OK
r-oldrel-macos-x86_64 2.62 OK
r-oldrel-windows-ix86+x86_64 2.62 78.00 80.00 158.00 OK

Check Details

Version: 2.62
Check: installed package size
Result: NOTE
     installed size is 5.8Mb
     sub-directories of 1Mb or more:
     libs 4.6Mb
Flavor: r-devel-linux-x86_64-fedora-clang

Version: 2.62
Check: Rd cross-references
Result: NOTE
    Undeclared packages ‘ssgraph’, ‘huge’ in Rd xrefs
Flavor: r-devel-linux-x86_64-fedora-clang