Last updated on 2022-08-08 06:52:59 CEST.
Flavor | Version | Tinstall | Tcheck | Ttotal | Status | Flags |
---|---|---|---|---|---|---|
r-devel-linux-x86_64-debian-clang | 2.67 | 54.12 | 67.54 | 121.66 | OK | |
r-devel-linux-x86_64-debian-gcc | 2.67 | 49.87 | 52.69 | 102.56 | OK | |
r-devel-linux-x86_64-fedora-clang | 2.67 | 167.48 | NOTE | |||
r-devel-linux-x86_64-fedora-gcc | 2.67 | 167.03 | OK | |||
r-devel-windows-x86_64 | 2.67 | 83.00 | 120.00 | 203.00 | OK | |
r-patched-linux-x86_64 | 2.67 | 52.94 | 62.76 | 115.70 | OK | |
r-release-linux-x86_64 | 2.67 | OK | ||||
r-release-macos-arm64 | 2.67 | 42.00 | NOTE | |||
r-release-macos-x86_64 | 2.67 | 63.00 | NOTE | |||
r-release-windows-x86_64 | 2.67 | 51.00 | 118.00 | 169.00 | OK | |
r-oldrel-macos-arm64 | 2.67 | 44.00 | NOTE | |||
r-oldrel-macos-x86_64 | 2.67 | 59.00 | NOTE | |||
r-oldrel-windows-ix86+x86_64 | 2.67 | 108.00 | 104.00 | 212.00 | OK |
Version: 2.67
Check: installed package size
Result: NOTE
installed size is 5.3Mb
sub-directories of 1Mb or more:
doc 1.8Mb
libs 2.8Mb
Flavors: r-devel-linux-x86_64-fedora-clang, r-release-macos-arm64, r-release-macos-x86_64, r-oldrel-macos-arm64, r-oldrel-macos-x86_64