CRAN Package Check Results for Package BEKKs

Last updated on 2022-09-28 06:54:02 CEST.

Flavor Version Tinstall Tcheck Ttotal Status Flags
r-devel-linux-x86_64-debian-clang 1.3.0 170.81 728.09 898.90 OK
r-devel-linux-x86_64-debian-gcc 1.3.0 131.79 341.57 473.36 OK
r-devel-linux-x86_64-fedora-clang 1.3.0 962.08 NOTE
r-devel-linux-x86_64-fedora-gcc 1.3.0 773.60 NOTE
r-devel-windows-x86_64 1.3.0 123.00 439.00 562.00 OK
r-patched-linux-x86_64 1.3.0 145.80 447.34 593.14 OK
r-release-linux-x86_64 1.3.0 145.27 457.43 602.70 OK
r-release-macos-arm64 1.3.0 181.00 NOTE
r-release-macos-x86_64 1.3.0 242.00 NOTE
r-release-windows-x86_64 1.3.0 122.00 457.00 579.00 OK
r-oldrel-macos-arm64 1.3.0 167.00 NOTE
r-oldrel-macos-x86_64 1.3.0 228.00 NOTE
r-oldrel-windows-ix86+x86_64 1.3.0 364.00 877.00 1241.00 OK

Check Details

Version: 1.3.0
Check: dependencies in R code
Result: NOTE
    Namespace in Imports field not imported from: ‘forecast’
     All declared Imports should be used.
Flavors: r-devel-linux-x86_64-fedora-clang, r-devel-linux-x86_64-fedora-gcc, r-release-macos-arm64, r-release-macos-x86_64, r-oldrel-macos-arm64, r-oldrel-macos-x86_64

Version: 1.3.0
Check: installed package size
Result: NOTE
     installed size is 15.3Mb
     sub-directories of 1Mb or more:
     libs 14.3Mb
Flavors: r-release-macos-arm64, r-release-macos-x86_64, r-oldrel-macos-arm64, r-oldrel-macos-x86_64