CRAN Package Check Results for Package BHSBVAR

Last updated on 2021-06-17 06:48:01 CEST.

Flavor Version Tinstall Tcheck Ttotal Status Flags
r-devel-linux-x86_64-debian-clang 3.0.1 57.80 63.22 121.02 OK
r-devel-linux-x86_64-debian-gcc 3.0.1 37.65 47.62 85.27 OK
r-devel-linux-x86_64-fedora-clang 3.0.1 172.46 OK
r-devel-linux-x86_64-fedora-gcc 3.0.1 147.31 OK
r-devel-windows-x86_64 3.0.1 64.00 82.00 146.00 OK
r-devel-windows-x86_64-gcc10-UCRT 3.0.1 ERROR
r-patched-linux-x86_64 3.0.1 43.85 60.74 104.59 OK
r-patched-solaris-x86 3.0.1 156.30 OK
r-release-linux-x86_64 3.0.1 46.66 60.18 106.84 OK
r-release-macos-arm64 3.0.0 NOTE
r-release-macos-x86_64 3.0.1 NOTE
r-release-windows-ix86+x86_64 3.0.1 97.00 135.00 232.00 OK
r-oldrel-macos-x86_64 3.0.1 NOTE
r-oldrel-windows-ix86+x86_64 3.0.1 92.00 126.00 218.00 OK

Check Details

Version: 3.0.1
Check: whether package can be installed
Result: ERROR
    Installation failed.
Flavor: r-devel-windows-x86_64-gcc10-UCRT

Version: 3.0.0
Check: installed package size
Result: NOTE
     installed size is 6.4Mb
     sub-directories of 1Mb or more:
     libs 5.8Mb
Flavor: r-release-macos-arm64

Version: 3.0.1
Check: installed package size
Result: NOTE
     installed size is 5.4Mb
     sub-directories of 1Mb or more:
     libs 4.8Mb
Flavors: r-release-macos-x86_64, r-oldrel-macos-x86_64