Last updated on 2023-04-01 07:10:33 CEST.
Flavor | Version | Tinstall | Tcheck | Ttotal | Status | Flags |
---|---|---|---|---|---|---|
r-devel-linux-x86_64-debian-clang | 3.4-15 | 175.43 | 108.21 | 283.64 | OK | |
r-devel-linux-x86_64-debian-gcc | 3.4-15 | 126.16 | 78.32 | 204.48 | OK | |
r-devel-linux-x86_64-fedora-clang | 3.4-15 | 409.61 | OK | |||
r-devel-linux-x86_64-fedora-gcc | 3.4-15 | 374.96 | OK | |||
r-devel-windows-x86_64 | 3.4-15 | 361.00 | 0.00 | 361.00 | OK | |
r-patched-linux-x86_64 | 3.4-15 | 139.79 | 99.70 | 239.49 | OK | |
r-release-linux-x86_64 | 3.4-15 | 126.23 | 99.47 | 225.70 | OK | |
r-release-macos-arm64 | 3.4-15 | 89.00 | NOTE | |||
r-release-macos-x86_64 | 3.4-15 | 138.00 | NOTE | |||
r-release-windows-x86_64 | 3.4-15 | 217.00 | 175.00 | 392.00 | OK | |
r-oldrel-macos-arm64 | 3.4-15 | 87.00 | NOTE | |||
r-oldrel-macos-x86_64 | 3.4-15 | 107.00 | NOTE | |||
r-oldrel-windows-ix86+x86_64 | 3.4-15 | 371.00 | 171.00 | 542.00 | OK |
Version: 3.4-15
Check: installed package size
Result: NOTE
installed size is 9.8Mb
sub-directories of 1Mb or more:
data 1.4Mb
libs 7.9Mb
Flavors: r-release-macos-arm64, r-release-macos-x86_64, r-oldrel-macos-arm64, r-oldrel-macos-x86_64