CRAN Package Check Results for Package BLModel

Last updated on 2024-03-02 06:51:48 CET.

Flavor Version Tinstall Tcheck Ttotal Status Flags
r-devel-linux-x86_64-debian-clang 1.0.2 1.95 25.60 27.55 NOTE
r-devel-linux-x86_64-debian-gcc 1.0.2 1.89 20.18 22.07 NOTE
r-devel-linux-x86_64-fedora-clang 1.0.2 35.04 NOTE
r-devel-linux-x86_64-fedora-gcc 1.0.2 34.19 NOTE
r-devel-windows-x86_64 1.0.2 3.00 47.00 50.00 NOTE
r-patched-linux-x86_64 1.0.2 2.09 25.41 27.50 NOTE
r-release-linux-x86_64 1.0.2 1.72 25.91 27.63 NOTE
r-release-macos-arm64 1.0.2 19.00 NOTE
r-release-macos-x86_64 1.0.2 22.00 NOTE
r-release-windows-x86_64 1.0.2 3.00 47.00 50.00 NOTE
r-oldrel-macos-arm64 1.0.2 19.00 NOTE
r-oldrel-windows-x86_64 1.0.2 5.00 50.00 55.00 NOTE

Check Details

Version: 1.0.2
Check: LazyData
Result: NOTE 'LazyData' is specified without a 'data' directory Flavors: r-devel-linux-x86_64-debian-clang, r-devel-linux-x86_64-debian-gcc, r-devel-linux-x86_64-fedora-clang, r-devel-linux-x86_64-fedora-gcc, r-devel-windows-x86_64, r-patched-linux-x86_64, r-release-linux-x86_64, r-release-macos-arm64, r-release-macos-x86_64, r-release-windows-x86_64, r-oldrel-macos-arm64, r-oldrel-windows-x86_64