CRAN Package Check Results for Package BLModel

Last updated on 2023-03-25 05:50:27 CET.

Flavor Version Tinstall Tcheck Ttotal Status Flags
r-devel-linux-x86_64-debian-clang 1.0.2 2.19 25.10 27.29 NOTE
r-devel-linux-x86_64-debian-gcc 1.0.2 1.78 20.13 21.91 NOTE
r-devel-linux-x86_64-fedora-clang 1.0.2 36.27 NOTE
r-devel-linux-x86_64-fedora-gcc 1.0.2 35.85 NOTE
r-devel-windows-x86_64 1.0.2 16.00 62.00 78.00 NOTE
r-patched-linux-x86_64 1.0.2 2.04 25.18 27.22 NOTE
r-release-linux-x86_64 1.0.2 1.54 25.73 27.27 NOTE
r-release-macos-arm64 1.0.2 18.00 NOTE
r-release-macos-x86_64 1.0.2 23.00 NOTE
r-release-windows-x86_64 1.0.2 14.00 58.00 72.00 NOTE
r-oldrel-macos-arm64 1.0.2 22.00 NOTE
r-oldrel-macos-x86_64 1.0.2 29.00 NOTE
r-oldrel-windows-ix86+x86_64 1.0.2 4.00 50.00 54.00 NOTE

Check Details

Version: 1.0.2
Check: LazyData
Result: NOTE
     'LazyData' is specified without a 'data' directory
Flavors: r-devel-linux-x86_64-debian-clang, r-devel-linux-x86_64-debian-gcc, r-devel-linux-x86_64-fedora-clang, r-devel-linux-x86_64-fedora-gcc, r-devel-windows-x86_64, r-patched-linux-x86_64, r-release-linux-x86_64, r-release-macos-arm64, r-release-macos-x86_64, r-release-windows-x86_64, r-oldrel-macos-arm64, r-oldrel-macos-x86_64, r-oldrel-windows-ix86+x86_64