CRAN Package Check Results for Package BSGS

Last updated on 2021-04-17 06:46:37 CEST.

Flavor Version Tinstall Tcheck Ttotal Status Flags
r-devel-linux-x86_64-debian-clang 2.0 2.97 32.93 35.90 NOTE
r-devel-linux-x86_64-debian-gcc 2.0 2.87 26.16 29.03 NOTE
r-devel-linux-x86_64-fedora-clang 2.0 53.82 NOTE
r-devel-linux-x86_64-fedora-gcc 2.0 44.46 NOTE
r-devel-windows-ix86+x86_64 2.0 9.00 53.00 62.00 NOTE
r-devel-windows-x86_64-gcc10-UCRT 2.0 NOTE
r-patched-linux-x86_64 2.0 3.94 31.68 35.62 NOTE
r-patched-solaris-x86 2.0 68.10 NOTE
r-release-linux-x86_64 2.0 3.63 31.62 35.25 NOTE
r-release-macos-x86_64 2.0 NOTE
r-release-windows-ix86+x86_64 2.0 7.00 52.00 59.00 NOTE
r-oldrel-macos-x86_64 2.0 NOTE
r-oldrel-windows-ix86+x86_64 2.0 5.00 50.00 55.00 NOTE

Check Details

Version: 2.0
Check: R code for possible problems
Result: NOTE
    BSGS.Sample: no visible global function definition for 'rgamma'
    BSGS.Simple: no visible global function definition for 'rgamma'
    CompWiseGibbs: no visible global function definition for 'runif'
    CompWiseGibbs: no visible global function definition for 'rnorm'
    CompWiseGibbsSMP: no visible global function definition for 'rbinom'
    CompWiseGibbsSMP: no visible global function definition for 'runif'
    CompWiseGibbsSMP: no visible global function definition for 'rnorm'
    CompWiseGibbsSimple: no visible global function definition for 'runif'
    CompWiseGibbsSimple: no visible global function definition for 'rnorm'
    CompWiseGibbsSimple: no visible global function definition for 'rgamma'
    GroupMH: no visible global function definition for 'runif'
    GroupZ.MH: no visible global function definition for 'runif'
    Undefined global functions or variables:
     rbinom rgamma rnorm runif
    Consider adding
     importFrom("stats", "rbinom", "rgamma", "rnorm", "runif")
    to your NAMESPACE file.
Flavors: r-devel-linux-x86_64-debian-clang, r-devel-linux-x86_64-debian-gcc, r-devel-linux-x86_64-fedora-clang, r-devel-linux-x86_64-fedora-gcc, r-devel-windows-ix86+x86_64, r-devel-windows-x86_64-gcc10-UCRT, r-patched-linux-x86_64, r-patched-solaris-x86, r-release-linux-x86_64, r-release-macos-x86_64, r-release-windows-ix86+x86_64, r-oldrel-macos-x86_64, r-oldrel-windows-ix86+x86_64