CRAN Package Check Results for Package BSS

Last updated on 2024-06-22 07:49:23 CEST.

Flavor Version Tinstall Tcheck Ttotal Status Flags
r-devel-linux-x86_64-debian-clang 0.1.0 3.46 32.39 35.85 NOTE
r-devel-linux-x86_64-debian-gcc 0.1.0 2.65 24.52 27.17 NOTE
r-devel-linux-x86_64-fedora-clang 0.1.0 43.76 NOTE
r-devel-linux-x86_64-fedora-gcc 0.1.0 41.85 NOTE
r-devel-windows-x86_64 0.1.0 4.00 66.00 70.00 NOTE
r-patched-linux-x86_64 0.1.0 3.10 31.12 34.22 NOTE
r-release-linux-x86_64 0.1.0 3.19 30.72 33.91 NOTE
r-release-macos-arm64 0.1.0 19.00 NOTE
r-release-macos-x86_64 0.1.0 25.00 NOTE
r-release-windows-x86_64 0.1.0 4.00 47.00 51.00 NOTE
r-oldrel-macos-arm64 0.1.0 20.00 NOTE
r-oldrel-macos-x86_64 0.1.0 26.00 NOTE
r-oldrel-windows-x86_64 0.1.0 5.00 53.00 58.00 NOTE

Check Details

Version: 0.1.0
Check: LazyData
Result: NOTE 'LazyData' is specified without a 'data' directory Flavors: r-devel-linux-x86_64-debian-clang, r-devel-linux-x86_64-debian-gcc, r-devel-linux-x86_64-fedora-clang, r-devel-linux-x86_64-fedora-gcc, r-devel-windows-x86_64, r-patched-linux-x86_64, r-release-linux-x86_64, r-release-macos-arm64, r-release-macos-x86_64, r-release-windows-x86_64, r-oldrel-macos-arm64, r-oldrel-macos-x86_64, r-oldrel-windows-x86_64