Last updated on 2023-03-30 06:53:10 CEST.
Flavor | Version | Tinstall | Tcheck | Ttotal | Status | Flags |
---|---|---|---|---|---|---|
r-devel-linux-x86_64-debian-clang | 0.0.1 | 6.20 | 54.03 | 60.23 | NOTE | |
r-devel-linux-x86_64-debian-gcc | 0.0.1 | 4.50 | 40.53 | 45.03 | NOTE | |
r-devel-linux-x86_64-fedora-clang | 0.0.1 | 80.93 | NOTE | |||
r-devel-linux-x86_64-fedora-gcc | 0.0.1 | 70.26 | NOTE | |||
r-devel-windows-x86_64 | 0.0.1 | 14.00 | 0.00 | 14.00 | NOTE | |
r-patched-linux-x86_64 | 0.0.1 | 5.59 | 50.19 | 55.78 | NOTE | |
r-release-linux-x86_64 | 0.0.1 | 6.19 | 54.06 | 60.25 | NOTE | |
r-release-macos-arm64 | 0.0.1 | 28.00 | NOTE | |||
r-release-macos-x86_64 | 0.0.1 | 55.00 | NOTE | |||
r-release-windows-x86_64 | 0.0.1 | 16.00 | 81.00 | 97.00 | NOTE | |
r-oldrel-macos-arm64 | 0.0.1 | 30.00 | NOTE | |||
r-oldrel-macos-x86_64 | 0.0.1 | 36.00 | NOTE | |||
r-oldrel-windows-ix86+x86_64 | 0.0.1 | 15.00 | 80.00 | 95.00 | NOTE |
Version: 0.0.1
Check: LazyData
Result: NOTE
'LazyData' is specified without a 'data' directory
Flavors: r-devel-linux-x86_64-debian-clang, r-devel-linux-x86_64-debian-gcc, r-devel-linux-x86_64-fedora-clang, r-devel-linux-x86_64-fedora-gcc, r-devel-windows-x86_64, r-patched-linux-x86_64, r-release-linux-x86_64, r-release-macos-arm64, r-release-macos-x86_64, r-release-windows-x86_64, r-oldrel-macos-arm64, r-oldrel-macos-x86_64, r-oldrel-windows-ix86+x86_64
Version: 0.0.1
Check: Rd cross-references
Result: NOTE
Undeclared package ‘tibble’ in Rd xrefs
Flavor: r-devel-linux-x86_64-fedora-clang