CRAN Package Check Results for Package BallMapper

Last updated on 2024-02-23 06:50:23 CET.

Flavor Version Tinstall Tcheck Ttotal Status Flags
r-devel-linux-x86_64-debian-clang 0.2.0 NOTE
r-devel-linux-x86_64-debian-gcc 0.2.0 5.00 26.70 31.70 NOTE
r-devel-linux-x86_64-fedora-clang 0.2.0 52.46 NOTE
r-devel-linux-x86_64-fedora-gcc 0.2.0 50.09 NOTE
r-devel-windows-x86_64 0.2.0 7.00 66.00 73.00 NOTE
r-patched-linux-x86_64 0.2.0 7.88 33.09 40.97 NOTE
r-release-linux-x86_64 0.2.0 4.67 33.42 38.09 NOTE
r-release-macos-arm64 0.2.0 22.00 NOTE
r-release-macos-x86_64 0.2.0 29.00 NOTE
r-release-windows-x86_64 0.2.0 9.00 51.00 60.00 NOTE
r-oldrel-macos-arm64 0.2.0 20.00 NOTE
r-oldrel-windows-x86_64 0.2.0 10.00 52.00 62.00 NOTE

Check Details

Version: 0.2.0
Check: LazyData
Result: NOTE 'LazyData' is specified without a 'data' directory Flavors: r-devel-linux-x86_64-debian-clang, r-devel-linux-x86_64-debian-gcc, r-devel-linux-x86_64-fedora-clang, r-devel-linux-x86_64-fedora-gcc, r-devel-windows-x86_64, r-patched-linux-x86_64, r-release-linux-x86_64, r-release-macos-arm64, r-release-macos-x86_64, r-release-windows-x86_64, r-oldrel-macos-arm64, r-oldrel-windows-x86_64

Version: 0.2.0
Check: dependencies in R code
Result: NOTE Namespace in Imports field not imported from: ‘testthat’ All declared Imports should be used. Flavors: r-devel-linux-x86_64-fedora-clang, r-devel-linux-x86_64-fedora-gcc, r-oldrel-macos-arm64