CRAN Package Check Results for Package BallMapper

Last updated on 2023-03-30 06:53:08 CEST.

Flavor Version Tinstall Tcheck Ttotal Status Flags
r-devel-linux-x86_64-debian-clang 0.2.0 7.19 34.60 41.79 NOTE
r-devel-linux-x86_64-debian-gcc 0.2.0 5.10 26.65 31.75 NOTE
r-devel-linux-x86_64-fedora-clang 0.2.0 56.17 NOTE
r-devel-linux-x86_64-fedora-gcc 0.2.0 49.89 NOTE
r-devel-windows-x86_64 0.2.0 23.00 0.00 23.00 NOTE
r-patched-linux-x86_64 0.2.0 6.04 32.46 38.50 NOTE
r-release-linux-x86_64 0.2.0 5.73 33.47 39.20 NOTE
r-release-macos-arm64 0.2.0 20.00 NOTE
r-release-macos-x86_64 0.2.0 37.00 NOTE
r-release-windows-x86_64 0.2.0 23.00 64.00 87.00 NOTE
r-oldrel-macos-arm64 0.2.0 26.00 NOTE
r-oldrel-macos-x86_64 0.2.0 36.00 NOTE
r-oldrel-windows-ix86+x86_64 0.2.0 13.00 59.00 72.00 NOTE

Check Details

Version: 0.2.0
Check: LazyData
Result: NOTE
     'LazyData' is specified without a 'data' directory
Flavors: r-devel-linux-x86_64-debian-clang, r-devel-linux-x86_64-debian-gcc, r-devel-linux-x86_64-fedora-clang, r-devel-linux-x86_64-fedora-gcc, r-devel-windows-x86_64, r-patched-linux-x86_64, r-release-linux-x86_64, r-release-macos-arm64, r-release-macos-x86_64, r-release-windows-x86_64, r-oldrel-macos-arm64, r-oldrel-macos-x86_64, r-oldrel-windows-ix86+x86_64

Version: 0.2.0
Check: dependencies in R code
Result: NOTE
    Namespace in Imports field not imported from: ‘testthat’
     All declared Imports should be used.
Flavors: r-devel-linux-x86_64-fedora-clang, r-devel-linux-x86_64-fedora-gcc, r-release-macos-arm64, r-release-macos-x86_64, r-oldrel-macos-arm64, r-oldrel-macos-x86_64