CRAN Package Check Results for Package BarBorGradient

Last updated on 2024-02-29 06:54:01 CET.

Flavor Version Tinstall Tcheck Ttotal Status Flags
r-devel-linux-x86_64-debian-clang 1.0.5 2.29 22.87 25.16 NOTE
r-devel-linux-x86_64-debian-gcc 1.0.5 1.88 17.75 19.63 NOTE
r-devel-linux-x86_64-fedora-clang 1.0.5 31.40 NOTE
r-devel-linux-x86_64-fedora-gcc 1.0.5 29.36 NOTE
r-devel-windows-x86_64 1.0.5 3.00 39.00 42.00 NOTE
r-patched-linux-x86_64 1.0.5 2.53 22.50 25.03 NOTE
r-release-linux-x86_64 1.0.5 2.32 22.42 24.74 NOTE
r-release-macos-arm64 1.0.5 16.00 NOTE
r-release-macos-x86_64 1.0.5 20.00 NOTE
r-release-windows-x86_64 1.0.5 4.00 38.00 42.00 NOTE
r-oldrel-macos-arm64 1.0.5 17.00 NOTE
r-oldrel-windows-x86_64 1.0.5 5.00 46.00 51.00 NOTE

Check Details

Version: 1.0.5
Check: LazyData
Result: NOTE 'LazyData' is specified without a 'data' directory Flavors: r-devel-linux-x86_64-debian-clang, r-devel-linux-x86_64-debian-gcc, r-devel-linux-x86_64-fedora-clang, r-devel-linux-x86_64-fedora-gcc, r-devel-windows-x86_64, r-patched-linux-x86_64, r-release-linux-x86_64, r-release-macos-arm64, r-release-macos-x86_64, r-release-windows-x86_64, r-oldrel-macos-arm64, r-oldrel-windows-x86_64