Last updated on 2023-03-25 05:50:26 CET.
Flavor | Version | Tinstall | Tcheck | Ttotal | Status | Flags |
---|---|---|---|---|---|---|
r-devel-linux-x86_64-debian-clang | 1.0.5 | 2.28 | 22.29 | 24.57 | NOTE | |
r-devel-linux-x86_64-debian-gcc | 1.0.5 | 1.66 | 17.75 | 19.41 | NOTE | |
r-devel-linux-x86_64-fedora-clang | 1.0.5 | 31.91 | NOTE | |||
r-devel-linux-x86_64-fedora-gcc | 1.0.5 | 29.42 | NOTE | |||
r-devel-windows-x86_64 | 1.0.5 | 45.00 | 48.00 | 93.00 | NOTE | |
r-patched-linux-x86_64 | 1.0.5 | 2.61 | 23.21 | 25.82 | NOTE | |
r-release-linux-x86_64 | 1.0.5 | 2.06 | 22.79 | 24.85 | NOTE | |
r-release-macos-arm64 | 1.0.5 | 15.00 | NOTE | |||
r-release-macos-x86_64 | 1.0.5 | 22.00 | NOTE | |||
r-release-windows-x86_64 | 1.0.5 | 5.00 | 46.00 | 51.00 | NOTE | |
r-oldrel-macos-arm64 | 1.0.5 | 20.00 | NOTE | |||
r-oldrel-macos-x86_64 | 1.0.5 | 25.00 | NOTE | |||
r-oldrel-windows-ix86+x86_64 | 1.0.5 | 5.00 | 39.00 | 44.00 | NOTE |
Version: 1.0.5
Check: LazyData
Result: NOTE
'LazyData' is specified without a 'data' directory
Flavors: r-devel-linux-x86_64-debian-clang, r-devel-linux-x86_64-debian-gcc, r-devel-linux-x86_64-fedora-clang, r-devel-linux-x86_64-fedora-gcc, r-devel-windows-x86_64, r-patched-linux-x86_64, r-release-linux-x86_64, r-release-macos-arm64, r-release-macos-x86_64, r-release-windows-x86_64, r-oldrel-macos-arm64, r-oldrel-macos-x86_64, r-oldrel-windows-ix86+x86_64