CRAN Package Check Results for Package BayesComm

Last updated on 2020-09-20 06:48:13 CEST.

Flavor Version Tinstall Tcheck Ttotal Status Flags
r-devel-linux-x86_64-debian-clang 0.1-2 47.42 30.32 77.74 OK
r-devel-linux-x86_64-debian-gcc 0.1-2 35.52 23.96 59.48 OK
r-devel-linux-x86_64-fedora-clang 0.1-2 115.03 NOTE
r-devel-linux-x86_64-fedora-gcc 0.1-2 105.09 NOTE
r-devel-windows-ix86+x86_64 0.1-2 108.00 78.00 186.00 OK
r-patched-linux-x86_64 0.1-2 36.96 30.09 67.05 OK
r-patched-solaris-x86 0.1-2 101.70 OK
r-release-linux-x86_64 0.1-2 37.39 30.33 67.72 OK
r-release-macos-x86_64 0.1-2 OK
r-release-windows-ix86+x86_64 0.1-2 117.00 60.00 177.00 OK
r-oldrel-macos-x86_64 0.1-2 OK
r-oldrel-windows-ix86+x86_64 0.1-2 74.00 69.00 143.00 OK

Check Details

Version: 0.1-2
Check: compiled code
Result: NOTE
    File ‘BayesComm/libs/BayesComm.so’:
     Found no calls to: ‘R_registerRoutines’, ‘R_useDynamicSymbols’
    
    It is good practice to register native routines and to disable symbol
    search.
    
    See ‘Writing portable packages’ in the ‘Writing R Extensions’ manual.
Flavors: r-devel-linux-x86_64-fedora-clang, r-devel-linux-x86_64-fedora-gcc