CRAN Package Check Results for Package BayesComm

Last updated on 2023-09-24 06:53:32 CEST.

Flavor Version Tinstall Tcheck Ttotal Status Flags
r-devel-linux-x86_64-debian-clang 0.1-2 48.20 35.19 83.39 NOTE
r-devel-linux-x86_64-debian-gcc 0.1-2 35.92 26.94 62.86 NOTE
r-devel-linux-x86_64-fedora-clang 0.1-2 122.73 NOTE
r-devel-linux-x86_64-fedora-gcc 0.1-2 120.99 NOTE
r-devel-windows-x86_64 0.1-2 39.00 69.00 108.00 NOTE
r-patched-linux-x86_64 0.1-2 50.15 34.17 84.32 NOTE
r-release-linux-x86_64 0.1-2 51.38 34.21 85.59 NOTE
r-release-macos-arm64 0.1-2 34.00 NOTE
r-release-macos-x86_64 0.1-2 50.00 NOTE
r-release-windows-x86_64 0.1-2 52.00 77.00 129.00 NOTE
r-oldrel-macos-arm64 0.1-2 39.00 OK
r-oldrel-macos-x86_64 0.1-2 44.00 OK
r-oldrel-windows-x86_64 0.1-2 49.00 74.00 123.00 OK

Check Details

Version: 0.1-2
Check: Rd files
Result: NOTE
    checkRd: (-1) BayesComm-package.Rd:33: Escaped LaTeX specials: \&
Flavors: r-devel-linux-x86_64-debian-clang, r-devel-linux-x86_64-debian-gcc, r-devel-linux-x86_64-fedora-clang, r-devel-linux-x86_64-fedora-gcc, r-devel-windows-x86_64, r-patched-linux-x86_64, r-release-linux-x86_64, r-release-macos-arm64, r-release-macos-x86_64, r-release-windows-x86_64

Version: 0.1-2
Check: compiled code
Result: NOTE
    File ‘BayesComm/libs/BayesComm.so’:
     Found no calls to: ‘R_registerRoutines’, ‘R_useDynamicSymbols’
    
    It is good practice to register native routines and to disable symbol
    search.
    
    See ‘Writing portable packages’ in the ‘Writing R Extensions’ manual.
Flavors: r-devel-linux-x86_64-fedora-clang, r-devel-linux-x86_64-fedora-gcc