Last updated on 2023-01-28 07:14:48 CET.
Flavor | Version | Tinstall | Tcheck | Ttotal | Status | Flags |
---|---|---|---|---|---|---|
r-devel-linux-x86_64-debian-clang | 0.1-2 | 38.60 | 34.38 | 72.98 | NOTE | |
r-devel-linux-x86_64-debian-gcc | 0.1-2 | 38.69 | 26.55 | 65.24 | NOTE | |
r-devel-linux-x86_64-fedora-clang | 0.1-2 | 128.73 | NOTE | |||
r-devel-linux-x86_64-fedora-gcc | 0.1-2 | 108.41 | NOTE | |||
r-devel-windows-x86_64 | 0.1-2 | 59.00 | 83.00 | 142.00 | NOTE | |
r-patched-linux-x86_64 | 0.1-2 | 35.20 | 34.48 | 69.68 | OK | |
r-release-linux-x86_64 | 0.1-2 | 39.32 | 34.00 | 73.32 | OK | |
r-release-macos-arm64 | 0.1-2 | 30.00 | OK | |||
r-release-macos-x86_64 | 0.1-2 | 44.00 | OK | |||
r-release-windows-x86_64 | 0.1-2 | 48.00 | 87.00 | 135.00 | OK | |
r-oldrel-macos-arm64 | 0.1-2 | 38.00 | OK | |||
r-oldrel-macos-x86_64 | 0.1-2 | 59.00 | OK | |||
r-oldrel-windows-ix86+x86_64 | 0.1-2 | 121.00 | 90.00 | 211.00 | OK |
Version: 0.1-2
Check: Rd files
Result: NOTE
checkRd: (-1) BayesComm-package.Rd:33: Escaped LaTeX specials: \&
Flavors: r-devel-linux-x86_64-debian-clang, r-devel-linux-x86_64-debian-gcc, r-devel-linux-x86_64-fedora-clang, r-devel-linux-x86_64-fedora-gcc, r-devel-windows-x86_64
Version: 0.1-2
Check: compiled code
Result: NOTE
File ‘BayesComm/libs/BayesComm.so’:
Found no calls to: ‘R_registerRoutines’, ‘R_useDynamicSymbols’
It is good practice to register native routines and to disable symbol
search.
See ‘Writing portable packages’ in the ‘Writing R Extensions’ manual.
Flavors: r-devel-linux-x86_64-fedora-clang, r-devel-linux-x86_64-fedora-gcc