CRAN Package Check Results for Package BayesLN

Last updated on 2022-09-27 07:50:37 CEST.

Flavor Version Tinstall Tcheck Ttotal Status Flags
r-devel-linux-x86_64-debian-clang 0.2.6 49.90 165.12 215.02 OK
r-devel-linux-x86_64-debian-gcc 0.2.6 40.07 128.49 168.56 OK
r-devel-linux-x86_64-fedora-clang 0.2.6 295.31 OK
r-devel-linux-x86_64-fedora-gcc 0.2.6 307.46 OK
r-devel-windows-x86_64 0.2.6 54.00 212.00 266.00 OK
r-patched-linux-x86_64 0.2.6 49.92 171.66 221.58 OK
r-release-linux-x86_64 0.2.6 40.33 169.07 209.40 OK
r-release-macos-arm64 0.2.6 86.00 NOTE
r-release-macos-x86_64 0.2.6 119.00 NOTE
r-release-windows-x86_64 0.2.6 60.00 201.00 261.00 OK
r-oldrel-macos-arm64 0.2.6 81.00 NOTE
r-oldrel-macos-x86_64 0.2.6 118.00 NOTE
r-oldrel-windows-ix86+x86_64 0.2.6 115.00 277.00 392.00 OK

Check Details

Version: 0.2.6
Check: installed package size
Result: NOTE
     installed size is 11.4Mb
     sub-directories of 1Mb or more:
     libs 11.0Mb
Flavors: r-release-macos-arm64, r-release-macos-x86_64, r-oldrel-macos-arm64, r-oldrel-macos-x86_64