CRAN Package Check Results for Package BayesRep

Last updated on 2024-06-13 06:57:55 CEST.

Flavor Version Tinstall Tcheck Ttotal Status Flags
r-devel-linux-x86_64-debian-clang 0.42.2 4.04 55.46 59.50 OK
r-devel-linux-x86_64-debian-gcc 0.42.2 2.55 39.27 41.82 NOTE
r-devel-linux-x86_64-fedora-clang 0.42.2 73.67 OK
r-devel-linux-x86_64-fedora-gcc 0.42.2 68.70 OK
r-devel-windows-x86_64 0.42.2 4.00 61.00 65.00 OK
r-patched-linux-x86_64 0.42.2 4.15 53.01 57.16 OK
r-release-linux-x86_64 0.42.2 2.38 53.00 55.38 OK
r-release-macos-arm64 0.42.2 22.00 OK
r-release-macos-x86_64 0.42.2 33.00 OK
r-release-windows-x86_64 0.42.2 4.00 64.00 68.00 OK
r-oldrel-macos-arm64 0.42.2 23.00 OK
r-oldrel-macos-x86_64 0.42.2 52.00 OK
r-oldrel-windows-x86_64 0.42.2 4.00 68.00 72.00 OK

Check Details

Version: 0.42.2
Check: package dependencies
Result: NOTE Package suggested but not available for checking: ‘roxygen2’ Flavor: r-devel-linux-x86_64-debian-gcc