CRAN Package Check Results for Package BayesSUR

Last updated on 2020-09-25 06:49:53 CEST.

Flavor Version Tinstall Tcheck Ttotal Status Flags
r-devel-linux-x86_64-debian-clang 1.2-2 216.56 98.38 314.94 OK
r-devel-linux-x86_64-debian-gcc 1.2-2 169.77 74.40 244.17 OK
r-devel-linux-x86_64-fedora-clang 1.2-2 443.55 NOTE
r-devel-linux-x86_64-fedora-gcc 1.2-2 480.23 OK
r-devel-windows-ix86+x86_64 1.2-2 452.00 199.00 651.00 NOTE
r-patched-linux-x86_64 1.2-2 171.60 93.70 265.30 OK
r-patched-solaris-x86 1.2-2 318.70 OK
r-release-linux-x86_64 1.2-2 178.69 92.16 270.85 OK
r-release-macos-x86_64 1.2-2 NOTE
r-release-windows-ix86+x86_64 1.2-2 391.00 211.00 602.00 NOTE
r-oldrel-macos-x86_64 1.2-2 NOTE
r-oldrel-windows-ix86+x86_64 1.2-2 413.00 195.00 608.00 NOTE

Check Details

Version: 1.2-2
Check: installed package size
Result: NOTE
     installed size is 18.9Mb
     sub-directories of 1Mb or more:
     data 1.5Mb
     libs 16.6Mb
Flavors: r-devel-linux-x86_64-fedora-clang, r-devel-windows-ix86+x86_64, r-release-macos-x86_64, r-release-windows-ix86+x86_64, r-oldrel-macos-x86_64, r-oldrel-windows-ix86+x86_64