Last updated on 2025-01-20 07:48:18 CET.
Flavor | Version | Tinstall | Tcheck | Ttotal | Status | Flags |
---|---|---|---|---|---|---|
r-devel-linux-x86_64-debian-clang | 0.1.5 | 575.94 | 175.33 | 751.27 | OK | |
r-devel-linux-x86_64-debian-gcc | 0.1.5 | 534.53 | 170.37 | 704.90 | OK | |
r-devel-linux-x86_64-fedora-clang | 0.1.5 | 1174.95 | NOTE | |||
r-devel-linux-x86_64-fedora-gcc | 0.1.5 | 1703.80 | NOTE | |||
r-devel-windows-x86_64 | 0.1.5 | 531.00 | 245.00 | 776.00 | OK | |
r-patched-linux-x86_64 | 0.1.5 | 560.22 | 225.60 | 785.82 | NOTE | |
r-release-linux-x86_64 | 0.1.5 | 700.60 | 227.66 | 928.26 | NOTE | |
r-release-macos-arm64 | 0.1.5 | 313.00 | NOTE | |||
r-release-macos-x86_64 | 0.1.5 | 410.00 | NOTE | |||
r-release-windows-x86_64 | 0.1.5 | 546.00 | 250.00 | 796.00 | NOTE | |
r-oldrel-macos-arm64 | 0.1.5 | 347.00 | NOTE | |||
r-oldrel-macos-x86_64 | 0.1.5 | 528.00 | NOTE | |||
r-oldrel-windows-x86_64 | 0.1.5 | 716.00 | 310.00 | 1026.00 | NOTE |
Version: 0.1.5
Check: dependencies in R code
Result: NOTE
Namespaces in Imports field not imported from:
‘RcppParallel’ ‘rstantools’
All declared Imports should be used.
Flavors: r-devel-linux-x86_64-fedora-clang, r-devel-linux-x86_64-fedora-gcc
Version: 0.1.5
Check: for GNU extensions in Makefiles
Result: NOTE
GNU make is a SystemRequirements.
Flavors: r-patched-linux-x86_64, r-release-linux-x86_64, r-release-macos-arm64, r-release-macos-x86_64, r-release-windows-x86_64, r-oldrel-macos-arm64, r-oldrel-macos-x86_64, r-oldrel-windows-x86_64
Version: 0.1.5
Check: installed package size
Result: NOTE
installed size is 96.9Mb
sub-directories of 1Mb or more:
libs 96.6Mb
Flavors: r-release-macos-arm64, r-release-macos-x86_64, r-release-windows-x86_64, r-oldrel-macos-arm64, r-oldrel-macos-x86_64, r-oldrel-windows-x86_64