CRAN Package Check Results for Package BayesValidate

Last updated on 2020-08-05 06:47:14 CEST.

Flavor Version Tinstall Tcheck Ttotal Status Flags
r-devel-linux-x86_64-debian-clang 0.0 1.79 18.82 20.61 NOTE
r-devel-linux-x86_64-debian-gcc 0.0 1.39 14.87 16.26 NOTE
r-devel-linux-x86_64-fedora-clang 0.0 33.87 NOTE
r-devel-linux-x86_64-fedora-gcc 0.0 24.08 NOTE
r-devel-windows-ix86+x86_64 0.0 6.00 35.00 41.00 NOTE
r-patched-linux-x86_64 0.0 1.65 18.69 20.34 NOTE
r-patched-solaris-x86 0.0 42.60 NOTE
r-release-linux-x86_64 0.0 1.59 18.75 20.34 NOTE
r-release-macos-x86_64 0.0 NOTE
r-release-windows-ix86+x86_64 0.0 4.00 27.00 31.00 NOTE
r-oldrel-macos-x86_64 0.0 NOTE
r-oldrel-windows-ix86+x86_64 0.0 4.00 39.00 43.00 NOTE

Check Details

Version: 0.0
Check: R code for possible problems
Result: NOTE
    validate: no visible binding for global variable 'qnorm'
    validate: no visible global function definition for 'pchisq'
    validate: no visible global function definition for 'qnorm'
    validate: no visible global function definition for 'axis'
    validate: no visible global function definition for 'points'
    validate: no visible global function definition for 'abline'
    Undefined global functions or variables:
     abline axis pchisq points qnorm
    Consider adding
     importFrom("graphics", "abline", "axis", "points")
     importFrom("stats", "pchisq", "qnorm")
    to your NAMESPACE file.
Flavors: r-devel-linux-x86_64-debian-clang, r-devel-linux-x86_64-debian-gcc, r-devel-linux-x86_64-fedora-clang, r-devel-linux-x86_64-fedora-gcc, r-devel-windows-ix86+x86_64, r-patched-linux-x86_64, r-patched-solaris-x86, r-release-linux-x86_64, r-release-macos-x86_64, r-release-windows-ix86+x86_64

Version: 0.0
Check: R code for possible problems
Result: NOTE
    validate: no visible binding for global variable ‘qnorm’
    validate: no visible global function definition for ‘pchisq’
    validate: no visible global function definition for ‘qnorm’
    validate: no visible global function definition for ‘plot’
    validate: no visible global function definition for ‘axis’
    validate: no visible global function definition for ‘points’
    validate: no visible global function definition for ‘abline’
    Undefined global functions or variables:
     abline axis pchisq plot points qnorm
    Consider adding
     importFrom("graphics", "abline", "axis", "plot", "points")
     importFrom("stats", "pchisq", "qnorm")
    to your NAMESPACE file.
Flavors: r-oldrel-macos-x86_64, r-oldrel-windows-ix86+x86_64