CRAN Package Check Results for Package BayesianPlatformDesignTimeTrend

Last updated on 2024-02-27 06:50:25 CET.

Flavor Version Tinstall Tcheck Ttotal Status Flags
r-devel-linux-x86_64-debian-clang 1.2.3 396.30 247.07 643.37 NOTE
r-devel-linux-x86_64-debian-gcc 1.2.3 352.27 200.74 553.01 NOTE
r-devel-linux-x86_64-fedora-clang 1.2.3 782.20 NOTE
r-devel-linux-x86_64-fedora-gcc 1.2.3 991.63 NOTE
r-devel-windows-x86_64 1.2.3 294.00 235.00 529.00 NOTE
r-patched-linux-x86_64 1.2.3 408.32 264.72 673.04 NOTE
r-release-linux-x86_64 1.2.3 339.96 264.33 604.29 NOTE
r-release-macos-arm64 1.2.3 142.00 NOTE
r-release-macos-x86_64 1.2.3 172.00 NOTE
r-release-windows-x86_64 1.2.3 287.00 291.00 578.00 NOTE
r-oldrel-macos-arm64 1.2.3 208.00 NOTE
r-oldrel-windows-x86_64 1.2.3 295.00 288.00 583.00 NOTE

Check Details

Version: 1.2.3
Check: for GNU extensions in Makefiles
Result: NOTE GNU make is a SystemRequirements. Flavors: r-devel-linux-x86_64-debian-clang, r-devel-linux-x86_64-debian-gcc, r-devel-linux-x86_64-fedora-clang, r-devel-linux-x86_64-fedora-gcc, r-devel-windows-x86_64, r-patched-linux-x86_64, r-release-linux-x86_64, r-release-macos-arm64, r-release-macos-x86_64, r-release-windows-x86_64, r-oldrel-macos-arm64, r-oldrel-windows-x86_64

Version: 1.2.3
Check: installed package size
Result: NOTE installed size is 8.0Mb sub-directories of 1Mb or more: data 1.3Mb help 1.9Mb libs 3.8Mb Flavors: r-devel-linux-x86_64-fedora-clang, r-devel-windows-x86_64, r-release-macos-arm64, r-release-macos-x86_64, r-release-windows-x86_64, r-oldrel-macos-arm64, r-oldrel-windows-x86_64