Last updated on 2025-01-22 07:50:19 CET.
Flavor | Version | Tinstall | Tcheck | Ttotal | Status | Flags |
---|---|---|---|---|---|---|
r-devel-linux-x86_64-debian-clang | 1.1.5 | 184.52 | 124.59 | 309.11 | OK | |
r-devel-linux-x86_64-debian-gcc | 1.1.5 | 165.29 | 98.75 | 264.04 | OK | |
r-devel-linux-x86_64-fedora-clang | 1.1.5 | 481.74 | OK | |||
r-devel-linux-x86_64-fedora-gcc | 1.1.5 | 606.04 | OK | |||
r-devel-windows-x86_64 | 1.1.5 | 161.00 | 163.00 | 324.00 | OK | |
r-patched-linux-x86_64 | 1.1.5 | 213.12 | 134.20 | 347.32 | OK | |
r-release-linux-x86_64 | 1.1.5 | 198.43 | 132.66 | 331.09 | OK | |
r-release-macos-arm64 | 1.1.5 | 133.00 | NOTE | |||
r-release-macos-x86_64 | 1.1.5 | 270.00 | NOTE | |||
r-release-windows-x86_64 | 1.1.5 | 164.00 | 169.00 | 333.00 | OK | |
r-oldrel-macos-arm64 | 1.1.5 | 125.00 | NOTE | |||
r-oldrel-macos-x86_64 | 1.1.5 | 230.00 | NOTE | |||
r-oldrel-windows-x86_64 | 1.1.5 | 230.00 | 197.00 | 427.00 | OK |
Version: 1.1.5
Check: installed package size
Result: NOTE
installed size is 62.8Mb
sub-directories of 1Mb or more:
libs 62.2Mb
Flavors: r-release-macos-arm64, r-release-macos-x86_64, r-oldrel-macos-arm64, r-oldrel-macos-x86_64
Version: 1.1.5
Check: for GNU extensions in Makefiles
Result: NOTE
GNU make is a SystemRequirements.
Flavors: r-release-macos-arm64, r-release-macos-x86_64, r-oldrel-macos-arm64, r-oldrel-macos-x86_64