Last updated on 2023-01-28 07:14:49 CET.
Flavor | Version | Tinstall | Tcheck | Ttotal | Status | Flags |
---|---|---|---|---|---|---|
r-devel-linux-x86_64-debian-clang | 1.1.2 | 94.75 | 340.90 | 435.65 | OK | |
r-devel-linux-x86_64-debian-gcc | 1.1.2 | 85.78 | 240.39 | 326.17 | NOTE | |
r-devel-linux-x86_64-fedora-clang | 1.1.2 | 576.48 | OK | |||
r-devel-linux-x86_64-fedora-gcc | 1.1.2 | 558.49 | NOTE | |||
r-devel-windows-x86_64 | 1.1.2 | 92.00 | 362.00 | 454.00 | OK | |
r-patched-linux-x86_64 | 1.1.2 | 90.77 | 322.09 | 412.86 | OK | |
r-release-linux-x86_64 | 1.1.2 | 89.69 | 319.54 | 409.23 | OK | |
r-release-macos-arm64 | 1.1.2 | 170.00 | NOTE | |||
r-release-macos-x86_64 | 1.1.2 | 176.00 | NOTE | |||
r-release-windows-x86_64 | 1.1.2 | 91.00 | 377.00 | 468.00 | OK | |
r-oldrel-macos-arm64 | 1.1.2 | 168.00 | NOTE | |||
r-oldrel-macos-x86_64 | 1.1.2 | 177.00 | NOTE | |||
r-oldrel-windows-ix86+x86_64 | 1.1.2 | 211.00 | 396.00 | 607.00 | OK |
Version: 1.1.2
Check: C++ specification
Result: NOTE
Specified C++11: please update to current default of C++17
Flavors: r-devel-linux-x86_64-debian-gcc, r-devel-linux-x86_64-fedora-gcc
Version: 1.1.2
Check: installed package size
Result: NOTE
installed size is 19.7Mb
sub-directories of 1Mb or more:
doc 1.1Mb
libs 18.1Mb
Flavors: r-release-macos-arm64, r-release-macos-x86_64, r-oldrel-macos-arm64, r-oldrel-macos-x86_64
Version: 1.1.2
Check: package dependencies
Result: NOTE
Package suggested but not available for checking: ‘expm’
Flavor: r-oldrel-macos-arm64