Last updated on 2023-12-10 06:50:19 CET.
Flavor | Version | Tinstall | Tcheck | Ttotal | Status | Flags |
---|---|---|---|---|---|---|
r-devel-linux-x86_64-debian-clang | 0.4 | 67.45 | 202.35 | 269.80 | NOTE | |
r-devel-linux-x86_64-debian-gcc | 0.4 | 48.23 | 149.27 | 197.50 | NOTE | |
r-devel-linux-x86_64-fedora-clang | 0.4 | 339.38 | NOTE | |||
r-devel-linux-x86_64-fedora-gcc | 0.4 | 346.22 | NOTE | |||
r-devel-windows-x86_64 | 0.4 | 51.00 | 184.00 | 235.00 | NOTE | |
r-patched-linux-x86_64 | 0.4 | 60.26 | 198.76 | 259.02 | NOTE | |
r-release-linux-x86_64 | 0.4 | 57.36 | 196.89 | 254.25 | NOTE | |
r-release-macos-arm64 | 0.4 | 89.00 | NOTE | |||
r-release-macos-x86_64 | 0.4 | 119.00 | NOTE | |||
r-release-windows-x86_64 | 0.4 | 65.00 | 214.00 | 279.00 | NOTE | |
r-oldrel-macos-arm64 | 0.4 | 83.00 | OK | |||
r-oldrel-macos-x86_64 | 0.4 | 111.00 | OK | |||
r-oldrel-windows-x86_64 | 0.4 | 64.00 | 218.00 | 282.00 | OK |
Version: 0.4
Check: Rd files
Result: NOTE
checkRd: (-1) CalcROC.Rd:47: Lost braces
47 | The accuracy of the classifier is the mean value of dQuote{(optSn, optSp)} for two-class problem and the mean value of \dQuote{(optSn, optSp,optS3)} for three-class problem.
| ^
Flavors: r-devel-linux-x86_64-debian-clang, r-devel-linux-x86_64-debian-gcc
Version: 0.4
Check: Rd \usage sections
Result: NOTE
S3 methods shown with full name in Rd file 'select.cfs.Rd':
‘select.cfs’
S3 methods shown with full name in Rd file 'select.fast.filter.Rd':
‘select.fast.filter’
S3 methods shown with full name in Rd file 'select.forward.Corr.Rd':
‘select.forward.Corr’
S3 methods shown with full name in Rd file 'select.forward.wrapper.Rd':
‘select.forward.wrapper’
S3 methods shown with full name in Rd file 'select.inf.chi2.Rd':
‘select.inf.chi2’
S3 methods shown with full name in Rd file 'select.inf.gain.Rd':
‘select.inf.gain’
S3 methods shown with full name in Rd file 'select.inf.symm.Rd':
‘select.inf.symm’
S3 methods shown with full name in Rd file 'select.process.Rd':
‘select.process’
S3 methods shown with full name in Rd file 'select.relief.Rd':
‘select.relief’
The \usage entries for S3 methods should use the \method markup and not
their full name.
See chapter ‘Writing R documentation files’ in the ‘Writing R
Extensions’ manual.
Flavors: r-devel-linux-x86_64-debian-clang, r-devel-linux-x86_64-debian-gcc, r-devel-linux-x86_64-fedora-clang, r-devel-linux-x86_64-fedora-gcc, r-devel-windows-x86_64
Version: 0.4
Check: Rd \usage sections
Result: NOTE
S3 methods shown with full name in documentation object 'select.cfs':
‘select.cfs’
S3 methods shown with full name in documentation object 'select.fast.filter':
‘select.fast.filter’
S3 methods shown with full name in documentation object 'select.forward.Corr':
‘select.forward.Corr’
S3 methods shown with full name in documentation object 'select.forward.wrapper':
‘select.forward.wrapper’
S3 methods shown with full name in documentation object 'select.inf.chi2':
‘select.inf.chi2’
S3 methods shown with full name in documentation object 'select.inf.gain':
‘select.inf.gain’
S3 methods shown with full name in documentation object 'select.inf.symm':
‘select.inf.symm’
S3 methods shown with full name in documentation object 'select.process':
‘select.process’
S3 methods shown with full name in documentation object 'select.relief':
‘select.relief’
The \usage entries for S3 methods should use the \method markup and not
their full name.
See chapter ‘Writing R documentation files’ in the ‘Writing R
Extensions’ manual.
Flavors: r-patched-linux-x86_64, r-release-linux-x86_64, r-release-macos-arm64, r-release-macos-x86_64, r-release-windows-x86_64