CRAN Package Check Results for Package BoSSA

Last updated on 2020-08-14 06:48:49 CEST.

Flavor Version Tinstall Tcheck Ttotal Status Flags
r-devel-linux-x86_64-debian-clang 3.6 12.34 156.41 168.75 NOTE
r-devel-linux-x86_64-debian-gcc 3.6 9.23 115.13 124.36 NOTE
r-devel-linux-x86_64-fedora-clang 3.6 207.23 NOTE
r-devel-linux-x86_64-fedora-gcc 3.6 205.39 NOTE
r-devel-windows-ix86+x86_64 3.6 31.00 279.00 310.00 OK
r-patched-linux-x86_64 3.6 9.56 151.90 161.46 NOTE
r-patched-solaris-x86 3.6 275.70 NOTE
r-release-linux-x86_64 3.6 9.79 152.04 161.83 NOTE
r-release-macos-x86_64 3.6 OK
r-release-windows-ix86+x86_64 3.6 28.00 235.00 263.00 WARN
r-oldrel-macos-x86_64 3.6 OK
r-oldrel-windows-ix86+x86_64 3.6 15.00 223.00 238.00 OK

Check Details

Version: 3.6
Check: for non-standard things in the check directory
Result: NOTE
    Found the following files/directories:
     'for_krona.txt' 'test.jplace'
Flavors: r-devel-linux-x86_64-debian-clang, r-devel-linux-x86_64-debian-gcc, r-devel-linux-x86_64-fedora-clang, r-devel-linux-x86_64-fedora-gcc, r-patched-linux-x86_64, r-patched-solaris-x86, r-release-linux-x86_64

Version: 3.6
Check: re-building of vignette outputs
Result: WARN
    Error(s) in re-building vignettes:
    --- re-building 'bossa-analysis.Rmd' using rmarkdown
    --- finished re-building 'bossa-analysis.Rmd'
    
    --- re-building 'bossa-refpkg.Rmd' using rmarkdown
    Quitting from lines 81-87 (bossa-refpkg.Rmd)
    Error: processing vignette 'bossa-refpkg.Rmd' failed with diagnostics:
    HTTP failure: 502, bad gateway. This error code is often returned when trying to download many records in a single request. Try using web history as described in the rentrez tutorial
    --- failed re-building 'bossa-refpkg.Rmd'
    
    --- re-building 'bossa-tree.Rmd' using rmarkdown
    --- finished re-building 'bossa-tree.Rmd'
    
    SUMMARY: processing the following file failed:
     'bossa-refpkg.Rmd'
    
    Error: Vignette re-building failed.
    Execution halted
Flavor: r-release-windows-ix86+x86_64