Last updated on 2023-04-01 07:10:33 CEST.
Flavor | Version | Tinstall | Tcheck | Ttotal | Status | Flags |
---|---|---|---|---|---|---|
r-devel-linux-x86_64-debian-clang | 0.32.1 | 25.44 | 292.12 | 317.56 | NOTE | |
r-devel-linux-x86_64-debian-gcc | 0.32.1 | 20.61 | 212.76 | 233.37 | NOTE | |
r-devel-linux-x86_64-fedora-clang | 0.32.1 | 389.40 | NOTE | |||
r-devel-linux-x86_64-fedora-gcc | 0.32.1 | 375.23 | NOTE | |||
r-devel-windows-x86_64 | 0.32.1 | 45.00 | 359.00 | 404.00 | NOTE | |
r-patched-linux-x86_64 | 0.32.1 | 26.82 | 271.38 | 298.20 | NOTE | |
r-release-linux-x86_64 | 0.32.1 | 16.02 | 275.43 | 291.45 | OK | |
r-release-macos-arm64 | 0.32.1 | 100.00 | NOTE | |||
r-release-macos-x86_64 | 0.32.1 | 183.00 | NOTE | |||
r-release-windows-x86_64 | 0.32.1 | 130.00 | 383.00 | 513.00 | OK | |
r-oldrel-macos-arm64 | 0.32.1 | 112.00 | NOTE | |||
r-oldrel-macos-x86_64 | 0.32.1 | 144.00 | NOTE | |||
r-oldrel-windows-ix86+x86_64 | 0.32.1 | 49.00 | 307.00 | 356.00 | OK |
Version: 0.32.1
Check: Rd files
Result: NOTE
checkRd: (-1) R2txtJG.Rd:90: Escaped LaTeX specials: \#
Flavors: r-devel-linux-x86_64-debian-clang, r-devel-linux-x86_64-debian-gcc, r-devel-linux-x86_64-fedora-clang, r-devel-linux-x86_64-fedora-gcc, r-devel-windows-x86_64, r-patched-linux-x86_64
Version: 0.32.1
Check: dependencies in R code
Result: NOTE
Namespace in Imports field not imported from: ‘mathjaxr’
All declared Imports should be used.
Flavors: r-devel-linux-x86_64-fedora-clang, r-devel-linux-x86_64-fedora-gcc, r-release-macos-arm64, r-release-macos-x86_64, r-oldrel-macos-arm64, r-oldrel-macos-x86_64