CRAN Package Check Results for Package BullsEyeR

Last updated on 2022-06-26 06:50:32 CEST.

Flavor Version Tinstall Tcheck Ttotal Status Flags
r-devel-linux-x86_64-debian-clang 0.2.0 9.60 76.61 86.21 NOTE
r-devel-linux-x86_64-debian-gcc 0.2.0 7.48 58.98 66.46 NOTE
r-devel-linux-x86_64-fedora-clang 0.2.0 117.23 NOTE
r-devel-linux-x86_64-fedora-gcc 0.2.0 112.30 NOTE
r-devel-windows-x86_64 0.2.0 16.00 96.00 112.00 NOTE
r-patched-linux-x86_64 0.2.0 6.45 73.15 79.60 NOTE
r-release-linux-x86_64 0.2.0 8.76 73.27 82.03 NOTE
r-release-macos-arm64 0.2.0 33.00 NOTE
r-release-macos-x86_64 0.2.0 47.00 NOTE
r-release-windows-x86_64 0.2.0 16.00 95.00 111.00 NOTE
r-oldrel-macos-arm64 0.2.0 37.00 NOTE
r-oldrel-macos-x86_64 0.2.0 63.00 NOTE
r-oldrel-windows-ix86+x86_64 0.2.0 19.00 91.00 110.00 NOTE

Check Details

Version: 0.2.0
Check: LazyData
Result: NOTE
     'LazyData' is specified without a 'data' directory
Flavors: r-devel-linux-x86_64-debian-clang, r-devel-linux-x86_64-debian-gcc, r-devel-linux-x86_64-fedora-clang, r-devel-linux-x86_64-fedora-gcc, r-devel-windows-x86_64, r-patched-linux-x86_64, r-release-linux-x86_64, r-release-macos-arm64, r-release-macos-x86_64, r-release-windows-x86_64, r-oldrel-macos-arm64, r-oldrel-macos-x86_64, r-oldrel-windows-ix86+x86_64

Version: 0.2.0
Check: Rd cross-references
Result: NOTE
    Undeclared package ‘ldatuning’ in Rd xrefs
Flavor: r-devel-linux-x86_64-fedora-clang