CRAN Package Check Results for Package BurStMisc

Last updated on 2022-01-17 06:53:10 CET.

Flavor Version Tinstall Tcheck Ttotal Status Flags
r-devel-linux-x86_64-debian-clang 1.1 2.34 34.01 36.35 NOTE
r-devel-linux-x86_64-debian-gcc 1.1 1.83 26.47 28.30 NOTE
r-devel-linux-x86_64-fedora-clang 1.1 46.66 NOTE
r-devel-linux-x86_64-fedora-gcc 1.1 34.22 NOTE
r-devel-windows-x86_64-new-UL 1.1 32.00 57.00 89.00 NOTE
r-devel-windows-x86_64-new-TK 1.1 NOTE
r-patched-linux-x86_64 1.1 2.88 32.91 35.79 NOTE
r-release-linux-x86_64 1.1 NOTE
r-release-macos-arm64 1.1 NOTE
r-release-macos-x86_64 1.1 NOTE
r-release-windows-ix86+x86_64 1.1 5.00 43.00 48.00 NOTE
r-oldrel-macos-x86_64 1.1 OK
r-oldrel-windows-ix86+x86_64 1.1 5.00 42.00 47.00 OK

Check Details

Version: 1.1
Check: LazyData
Result: NOTE
     'LazyData' is specified without a 'data' directory
Flavors: r-devel-linux-x86_64-debian-clang, r-devel-linux-x86_64-debian-gcc, r-devel-linux-x86_64-fedora-clang, r-devel-linux-x86_64-fedora-gcc, r-devel-windows-x86_64-new-UL, r-devel-windows-x86_64-new-TK, r-patched-linux-x86_64, r-release-linux-x86_64, r-release-macos-arm64, r-release-macos-x86_64, r-release-windows-ix86+x86_64

Version: 1.1
Check: Rd cross-references
Result: NOTE
    Undeclared packages ‘Hmisc’, ‘gtools’ in Rd xrefs
Flavor: r-devel-linux-x86_64-fedora-clang