CRAN Package Check Results for Package BurStMisc

Last updated on 2020-08-05 06:47:16 CEST.

Flavor Version Tinstall Tcheck Ttotal Status Flags
r-devel-linux-x86_64-debian-clang 1.1 2.80 23.35 26.15 OK
r-devel-linux-x86_64-debian-gcc 1.1 2.10 18.37 20.47 OK
r-devel-linux-x86_64-fedora-clang 1.1 39.88 NOTE
r-devel-linux-x86_64-fedora-gcc 1.1 30.47 OK
r-devel-windows-ix86+x86_64 1.1 7.00 36.00 43.00 OK
r-patched-linux-x86_64 1.1 2.74 23.39 26.13 OK
r-patched-solaris-x86 1.1 50.50 OK
r-release-linux-x86_64 1.1 2.71 23.24 25.95 OK
r-release-macos-x86_64 1.1 OK
r-release-windows-ix86+x86_64 1.1 7.00 48.00 55.00 OK
r-oldrel-macos-x86_64 1.1 OK
r-oldrel-windows-ix86+x86_64 1.1 5.00 46.00 51.00 OK

Check Details

Version: 1.1
Check: Rd cross-references
Result: NOTE
    Undeclared packages ‘Hmisc’, ‘gtools’ in Rd xrefs
Flavor: r-devel-linux-x86_64-fedora-clang