CRAN Package Check Results for Package BusinessDuration

Last updated on 2023-03-25 05:50:27 CET.

Flavor Version Tinstall Tcheck Ttotal Status Flags
r-devel-linux-x86_64-debian-clang 0.2.0 2.81 21.22 24.03 NOTE
r-devel-linux-x86_64-debian-gcc 0.2.0 1.97 16.75 18.72 NOTE
r-devel-linux-x86_64-fedora-clang 0.2.0 30.87 NOTE
r-devel-linux-x86_64-fedora-gcc 0.2.0 28.92 NOTE
r-devel-windows-x86_64 0.2.0 25.00 50.00 75.00 NOTE
r-patched-linux-x86_64 0.2.0 2.77 21.95 24.72 NOTE
r-release-linux-x86_64 0.2.0 2.52 21.47 23.99 NOTE
r-release-macos-arm64 0.2.0 14.00 NOTE
r-release-macos-x86_64 0.2.0 20.00 NOTE
r-release-windows-x86_64 0.2.0 16.00 49.00 65.00 NOTE
r-oldrel-macos-arm64 0.2.0 19.00 NOTE
r-oldrel-macos-x86_64 0.2.0 24.00 NOTE
r-oldrel-windows-ix86+x86_64 0.2.0 6.00 45.00 51.00 NOTE

Check Details

Version: 0.2.0
Check: LazyData
Result: NOTE
     'LazyData' is specified without a 'data' directory
Flavors: r-devel-linux-x86_64-debian-clang, r-devel-linux-x86_64-debian-gcc, r-devel-linux-x86_64-fedora-clang, r-devel-linux-x86_64-fedora-gcc, r-devel-windows-x86_64, r-patched-linux-x86_64, r-release-linux-x86_64, r-release-macos-arm64, r-release-macos-x86_64, r-release-windows-x86_64, r-oldrel-macos-arm64, r-oldrel-macos-x86_64, r-oldrel-windows-ix86+x86_64