CRAN Package Check Results for Package BusinessDuration

Last updated on 2024-02-29 06:54:02 CET.

Flavor Version Tinstall Tcheck Ttotal Status Flags
r-devel-linux-x86_64-debian-clang 0.2.0 2.63 21.30 23.93 NOTE
r-devel-linux-x86_64-debian-gcc 0.2.0 1.60 16.80 18.40 NOTE
r-devel-linux-x86_64-fedora-clang 0.2.0 30.16 NOTE
r-devel-linux-x86_64-fedora-gcc 0.2.0 28.24 NOTE
r-devel-windows-x86_64 0.2.0 3.00 38.00 41.00 NOTE
r-patched-linux-x86_64 0.2.0 1.83 21.16 22.99 NOTE
r-release-linux-x86_64 0.2.0 2.48 21.25 23.73 NOTE
r-release-macos-arm64 0.2.0 15.00 NOTE
r-release-macos-x86_64 0.2.0 19.00 NOTE
r-release-windows-x86_64 0.2.0 3.00 39.00 42.00 NOTE
r-oldrel-macos-arm64 0.2.0 13.00 NOTE
r-oldrel-windows-x86_64 0.2.0 4.00 42.00 46.00 NOTE

Check Details

Version: 0.2.0
Check: LazyData
Result: NOTE 'LazyData' is specified without a 'data' directory Flavors: r-devel-linux-x86_64-debian-clang, r-devel-linux-x86_64-debian-gcc, r-devel-linux-x86_64-fedora-clang, r-devel-linux-x86_64-fedora-gcc, r-devel-windows-x86_64, r-patched-linux-x86_64, r-release-linux-x86_64, r-release-macos-arm64, r-release-macos-x86_64, r-release-windows-x86_64, r-oldrel-macos-arm64, r-oldrel-windows-x86_64