Last updated on 2021-01-19 06:50:57 CET.
Flavor | Version | Tinstall | Tcheck | Ttotal | Status | Flags |
---|---|---|---|---|---|---|
r-devel-linux-x86_64-debian-clang | 1.1.0 | 2.71 | 43.50 | 46.21 | NOTE | |
r-devel-linux-x86_64-debian-gcc | 1.1.0 | 2.05 | 35.04 | 37.09 | NOTE | |
r-devel-linux-x86_64-fedora-clang | 1.1.0 | 66.63 | NOTE | |||
r-devel-linux-x86_64-fedora-gcc | 1.1.0 | 61.42 | NOTE | |||
r-devel-windows-ix86+x86_64 | 1.1.0 | 4.00 | 45.00 | 49.00 | NOTE | |
r-patched-linux-x86_64 | 1.1.0 | 2.80 | 45.53 | 48.33 | NOTE | |
r-patched-solaris-x86 | 1.1.0 | 82.90 | NOTE | |||
r-release-linux-x86_64 | 1.1.0 | 2.79 | 46.03 | 48.82 | NOTE | |
r-release-macos-x86_64 | 1.1.0 | NOTE | ||||
r-release-windows-ix86+x86_64 | 1.1.0 | 5.00 | 62.00 | 67.00 | NOTE | |
r-oldrel-macos-x86_64 | 1.1.0 | NOTE | ||||
r-oldrel-windows-ix86+x86_64 | 1.1.0 | 6.00 | 68.00 | 74.00 | NOTE |
Version: 1.1.0
Check: DESCRIPTION meta-information
Result: NOTE
Malformed Title field: should not end in a period.
Flavors: r-devel-linux-x86_64-debian-clang, r-devel-linux-x86_64-debian-gcc, r-devel-linux-x86_64-fedora-clang, r-devel-linux-x86_64-fedora-gcc, r-devel-windows-ix86+x86_64, r-patched-linux-x86_64, r-patched-solaris-x86, r-release-linux-x86_64, r-release-macos-x86_64, r-release-windows-ix86+x86_64, r-oldrel-macos-x86_64, r-oldrel-windows-ix86+x86_64
Version: 1.1.0
Check: R code for possible problems
Result: NOTE
Sub.pair: no visible global function definition for 'qnorm'
as.record: no visible global function definition for 'capture.output'
estN: no visible global function definition for 'sd'
estN: no visible global function definition for 'qnorm'
estN.bootstrap: no visible global function definition for 'runif'
Undefined global functions or variables:
capture.output qnorm runif sd
Consider adding
importFrom("stats", "qnorm", "runif", "sd")
importFrom("utils", "capture.output")
to your NAMESPACE file.
Flavors: r-devel-linux-x86_64-debian-clang, r-devel-linux-x86_64-debian-gcc, r-devel-linux-x86_64-fedora-clang, r-devel-linux-x86_64-fedora-gcc, r-devel-windows-ix86+x86_64, r-patched-linux-x86_64, r-patched-solaris-x86, r-release-linux-x86_64, r-release-macos-x86_64, r-release-windows-ix86+x86_64, r-oldrel-macos-x86_64, r-oldrel-windows-ix86+x86_64