CRAN Package Check Results for Package CARS

Last updated on 2020-10-26 05:46:37 CET.

Flavor Version Tinstall Tcheck Ttotal Status Flags
r-devel-linux-x86_64-debian-clang 0.2.2 9.39 345.00 354.39 NOTE
r-devel-linux-x86_64-debian-gcc 0.2.2 6.59 237.91 244.50 NOTE
r-devel-linux-x86_64-fedora-clang 0.2.2 419.32 OK
r-devel-linux-x86_64-fedora-gcc 0.2.2 444.90 OK
r-devel-windows-ix86+x86_64 0.2.2 19.00 555.00 574.00 NOTE
r-patched-linux-x86_64 0.2.2 8.51 337.20 345.71 NOTE
r-patched-solaris-x86 0.2.2 781.30 OK
r-release-linux-x86_64 0.2.2 7.94 332.95 340.89 NOTE
r-release-macos-x86_64 0.2.2 OK
r-release-windows-ix86+x86_64 0.2.2 14.00 428.00 442.00 NOTE
r-oldrel-macos-x86_64 0.2.2 OK
r-oldrel-windows-ix86+x86_64 0.2.2 16.00 520.00 536.00 OK

Check Details

Version: 0.2.2
Check: package vignettes
Result: NOTE
    Package vignette with placeholder title 'Vignette Title':
     'Vignette.Rmd'
Flavors: r-devel-linux-x86_64-debian-clang, r-devel-linux-x86_64-debian-gcc, r-devel-windows-ix86+x86_64, r-patched-linux-x86_64, r-release-linux-x86_64, r-release-windows-ix86+x86_64