CRAN Package Check Results for Package CATT

Last updated on 2022-08-17 06:51:12 CEST.

Flavor Version Tinstall Tcheck Ttotal Status Flags
r-devel-linux-x86_64-debian-clang 2.0 2.12 20.94 23.06 NOTE
r-devel-linux-x86_64-debian-gcc 2.0 NOTE
r-devel-linux-x86_64-fedora-clang 2.0 38.70 NOTE
r-devel-linux-x86_64-fedora-gcc 2.0 38.60 NOTE
r-devel-windows-x86_64 2.0 9.00 48.00 57.00 NOTE
r-patched-linux-x86_64 2.0 2.13 20.49 22.62 NOTE
r-release-linux-x86_64 2.0 2.07 20.83 22.90 NOTE
r-release-macos-arm64 2.0 16.00 NOTE
r-release-macos-x86_64 2.0 23.00 NOTE
r-release-windows-x86_64 2.0 6.00 45.00 51.00 NOTE
r-oldrel-macos-arm64 2.0 24.00 NOTE
r-oldrel-macos-x86_64 2.0 25.00 NOTE
r-oldrel-windows-ix86+x86_64 2.0 5.00 39.00 44.00 NOTE

Check Details

Version: 2.0
Check: LazyData
Result: NOTE
     'LazyData' is specified without a 'data' directory
Flavors: r-devel-linux-x86_64-debian-clang, r-devel-linux-x86_64-debian-gcc, r-devel-linux-x86_64-fedora-clang, r-devel-linux-x86_64-fedora-gcc, r-devel-windows-x86_64, r-patched-linux-x86_64, r-release-linux-x86_64, r-release-macos-arm64, r-release-macos-x86_64, r-release-windows-x86_64, r-oldrel-macos-arm64, r-oldrel-macos-x86_64, r-oldrel-windows-ix86+x86_64